{"id":1685,"date":"2011-10-21T20:22:17","date_gmt":"2011-10-21T13:22:17","guid":{"rendered":"http:\/\/banbientan.wordpress.com\/?page_id=1685"},"modified":"2011-10-21T20:22:17","modified_gmt":"2011-10-21T13:22:17","slug":"bien-tan-chf100","status":"publish","type":"page","link":"https:\/\/hunglong.banbientan.com\/?page_id=1685","title":{"rendered":"CHF100"},"content":{"rendered":"<p><span style=\"color: #009900; font-size: medium;\"><span style=\"color: #006600;\"><a href=\"https:\/\/banbientan.com\/bien-tan-invt-chf\/\" target=\"_blank\" rel=\"noopener\">Bi\u1ebfn t\u1ea7n INVT <\/a>CHF100 Universal Inverter<a href=\"https:\/\/banbientan.com\/wp-content\/uploads\/2011\/09\/CHF.jpg\"><img loading=\"lazy\" decoding=\"async\" class=\"alignright size-medium wp-image-4567\" title=\"CHF\" src=\"https:\/\/banbientan.com\/wp-content\/uploads\/2011\/09\/CHF-165x300.jpg\" alt=\"\" width=\"165\" height=\"300\" \/><\/a><\/span><\/span><br \/>\n<strong>T\u00e0i li\u1ec7u\u00a0<a href=\"https:\/\/banbientan.com\/wp-content\/uploads\/2011\/10\/CHF100A-Universal-inverter-manual.pdf\">CHF100A Universal inverter manual<\/a><\/strong><br \/>\n0.75kW ~ 2000kW<br \/>\n220V\u00a0\/\u00a0230V\u00a0\u00b1 15%<br \/>\n&#8211; \u0110i\u1ec7n \u00e1p Ng\u00f5 v\u00e0o:\u00a0\u00a0 380\/220V\u00b115%<br \/>\n&#8211; T\u1ea7n s\u1ed1 Ng\u00f5 v\u00e0o:\u00a0\u00a0 \u00a0\u00a0\u00a0\u00a0\u00a0\u00a0\u00a0\u00a0\u00a0\u00a0 47~63Hz<br \/>\n&#8211; \u0110i\u1ec7n \u00e1p Ng\u00f5 ra:\u00a0\u00a0\u00a0 0~m\u1ee9c \u0111i\u1ec7n \u00e1p ng\u00f5 v\u00e0o<br \/>\n&#8211; T\u1ea7n s\u1ed1 Ng\u00f5 ra:\u00a0 \u00a0\u00a0\u00a0\u00a0\u00a0\u00a0\u00a0\u00a0\u00a0\u00a0\u00a0\u00a0\u00a0\u00a0 0~600Hz<br \/>\n<strong>M\u00f4 T\u1ea3 S\u1ea3n Ph\u1ea9m:<\/strong><br \/>\n\u25cf\u00a0Ng\u00f5 v\u00e0o v\u00e0 ng\u00f5 ra:<br \/>\n&#8211; \u0110i\u1ec7n \u00e1p Ng\u00f5 v\u00e0o:\u00a0\u00a0 380\/220V\u00b115%<br \/>\n&#8211; T\u1ea7n s\u1ed1 Ng\u00f5 v\u00e0o:\u00a0\u00a0 \u00a0\u00a0\u00a0\u00a0\u00a0\u00a0\u00a0\u00a0\u00a0\u00a0 47~63Hz<br \/>\n&#8211; \u0110i\u1ec7n \u00e1p Ng\u00f5 ra:\u00a0\u00a0\u00a0 0~m\u1ee9c \u0111i\u1ec7n \u00e1p ng\u00f5 v\u00e0o<br \/>\n&#8211; T\u1ea7n s\u1ed1 Ng\u00f5 ra:\u00a0 \u00a0\u00a0\u00a0\u00a0\u00a0\u00a0\u00a0\u00a0\u00a0\u00a0\u00a0\u00a0\u00a0\u00a0 0~600Hz<br \/>\n<strong>\u25cf\u00a0Ch\u1ee9c n\u0103ng \u0111i\u1ec1u khi\u1ec3n ch\u00ednh:<\/strong><br \/>\n&#8211; Ch\u1ebf \u0111\u1ed9 \u0111i\u1ec1u khi\u1ec3n : \u0111i\u1ec1u khi\u1ec3n V\/F.<br \/>\n&#8211; Kh\u1ea3 n\u0103ng qu\u00e1 t\u1ea3i: 60s v\u1edbi 150% c\u00f4ng su\u1ea5t, 10s v\u1edbi 180% c\u00f4ng su\u1ea5t.<br \/>\n&#8211; \u0110\u1ed9 ph\u00e2n gi\u1ea3i \u0111i\u1ec1u ch\u1ec9nh t\u1ed1c \u0111\u1ed9: 1:100.<br \/>\n&#8211; T\u1ea7n s\u1ed1 s\u00f3ng mang: 0.5kHz ~15.0kHz.<br \/>\n&#8211; T\u1ea7n s\u1ed1 \u0111\u1eb7t: B\u00e0n ph\u00edm, Ng\u00f5 v\u00e0o analog, ng\u00f5 v\u00e0o xung HDI, truy\u1ec1n th\u00f4ng, \u0111a c\u1ea5p t\u1ed1c \u0111\u1ed9, simple PLC v\u00e0 PID. C\u00f3 th\u1ec3 th\u1ef1c hi\u1ec7n k\u1ebft h\u1ee3p gi\u1eefa nhi\u1ec1u ng\u00f5 v\u00e0o v\u00e0 chuy\u1ec3n \u0111\u1ed5i gi\u1eefa c\u00e1c ng\u00f5 v\u00e0o kh\u00e1c nhau.<br \/>\n&#8211; Ch\u1ee9c n\u0103ng \u0111i\u1ec1u khi\u1ec3n PID<br \/>\n&#8211; Simple PLC, Ch\u1ee9c n\u0103ng \u0111a c\u1ea5p t\u1ed1c \u0111\u1ed9: c\u00f3 16 c\u1ea5p t\u1ed1c \u0111\u1ed9 \u0111\u1eb7t tr\u01b0\u1edbc.<br \/>\n&#8211; Ch\u1ee9c n\u0103ng \u0111i\u1ec1u khi\u1ec3n zigzag t\u1ed1c \u0111\u1ed9<br \/>\n&#8211;\u00a0Ch\u1ee9c n\u0103ng \u0111i\u1ec1u khi\u1ec3n theo Chi\u1ec1u d\u00e0i v\u00e0 Th\u1eddi gian.<br \/>\n&#8211;\u00a0Kh\u00f4ng ng\u1eebng ho\u1ea1t \u0111\u1ed9ng khi m\u1ea5t \u0111i\u1ec7n t\u1ea1m th\u1eddi.<br \/>\n&#8211;\u00a0Ch\u1ee9c n\u0103ng d\u00f2 t\u1ed1c \u0111\u1ed9: kh\u1edfi \u0111\u1ed9ng \u00eam \u0111\u1ed1i v\u1edbi \u0111\u1ed9ng c\u01a1 \u0111ang c\u00f2n quay.<br \/>\n&#8211; Ph\u00edm QUICK\/JOG: l\u00e0 ph\u00edm t\u1eaft \u0111\u01b0\u1ee3c \u0111\u1ecbnh ngh\u0129a b\u1edfi ng\u01b0\u1eddi s\u1eed d\u1ee5ng.<br \/>\n&#8211;\u00a0Ch\u1ee9c n\u0103ng t\u1ef1 \u1ed5n \u00e1p &#8211; Automatic Voltage Regulation (AVR):<br \/>\nT\u1ef1 \u0111\u1ed9ng \u1ed5n \u0111\u1ecbnh \u0111i\u1ec7n \u00e1p ng\u00f5 ra khi \u0111i\u1ec7n \u00e1p ngu\u1ed3n c\u1ea5p dao \u0111\u1ed9ng b\u1ea5t th\u01b0\u1eddng.<br \/>\n&#8211; Ch\u1ee9c n\u0103ng b\u1ea3o v\u1ec7 l\u1ed7i:<br \/>\nB\u1ea3o v\u1ec7 khi x\u1ea3y ra c\u00e1c s\u1ef1 c\u1ed1 nh\u01b0 l\u00e0 qu\u00e1 d\u00f2ng, \u00e1p cao, d\u01b0\u1edbi \u00e1p, qu\u00e1 nhi\u1ec7t, m\u1ea5t pha, \u00a0l\u1ec7ch pha, \u0111\u1ee9t d\u00e2y ng\u00f5 ra, qu\u00e1 t\u1ea3i v.v\u2026<br \/>\n<strong>\u25cf\u00a0\u0110\u1eb7c \u0111i\u1ec3m<\/strong> I\/O (t\u1ea5t c\u1ea3 c\u00e1c ng\u00f5 v\u00e0o\/ra \u0111\u1ec1u c\u00f3 th\u1ec3 l\u1eadp tr\u00ecnh \u0111\u01b0\u1ee3c):<br \/>\n&#8211; Ng\u00f5 v\u00e0o Digital: C\u00f3 4 ng\u00f5 v\u00e0o s\u1ed1 nh\u1eadn gi\u00e1 tr\u1ecb ON \u2013 OFF, v\u00e0 m\u1ed9t ng\u00f5 v\u00e0o nh\u1eadn xung t\u1ea7n s\u1ed1 cao (0~50.00 kHz).<br \/>\n&#8211; Ng\u00f5 v\u00e0o Analog: C\u1ed5ng AI1 c\u00f3 th\u1ec3 nh\u1eadn t\u00edn hi\u1ec7u v\u00e0o t\u1eeb 0 ~10V, ng\u00f5 AI2 c\u00f3 th\u1ec3 nh\u1eadn t\u00edn hi\u1ec7u v\u00e0o t\u1eeb 0 ~10V ho\u1eb7c 0~20mA.<br \/>\n&#8211; Ng\u00f5 ra colector h\u1edf: 1 ng\u00f5 (ng\u00f5 ra ON \u2013 OFF ho\u1eb7c ng\u00f5 ra xung vu\u00f4ng c\u00f3 t\u1ea7n s\u1ed1 cao 0~50.00 kHz).<br \/>\n&#8211; Ng\u00f5 ra Relay: c\u00f3 2 ng\u00f5 (1 ng\u00f5 \u0111\u1ed1i v\u1edbi Bi\u1ebfn t\u1ea7n t\u1eeb 2.2kW tr\u1edf xu\u1ed1ng)<br \/>\n&#8211; Ng\u00f5 raAnalog: cung c\u1ea5p 1 ng\u00f5 ra, c\u00f3 t\u00edn hi\u1ec7u t\u1eeb 0\/4~20 mA ho\u1eb7c 0~10 V, t\u00f9y ch\u1ecdn.<a href=\"http:\/\/banbientan.files.wordpress.com\/2011\/10\/chf100.pdf\">\u00a0<\/a><\/p>\n<table style=\"width: 445px;\" border=\"1\" cellspacing=\"0\" cellpadding=\"0\">\n<tbody>\n<tr>\n<td colspan=\"4\" valign=\"bottom\" nowrap=\"nowrap\" width=\"445\">Model 3AC 380V -15%~15%<\/td>\n<\/tr>\n<tr>\n<td valign=\"bottom\" nowrap=\"nowrap\" width=\"181\"><\/td>\n<td valign=\"bottom\" nowrap=\"nowrap\" width=\"84\">C\u00f4ng su\u1ea5t<\/td>\n<td valign=\"bottom\" nowrap=\"nowrap\" width=\"84\">D\u00f2ng v\u00e0o (A)<\/td>\n<td valign=\"bottom\" nowrap=\"nowrap\" width=\"96\">D\u00f2ng ra (A)<\/td>\n<\/tr>\n<tr>\n<td valign=\"bottom\" nowrap=\"nowrap\" width=\"181\">CHF100-0R7G-4<\/td>\n<td valign=\"bottom\" nowrap=\"nowrap\" width=\"84\">\u00a00.75<\/td>\n<td valign=\"bottom\" nowrap=\"nowrap\" width=\"84\">3.4<\/td>\n<td valign=\"bottom\" nowrap=\"nowrap\" width=\"96\">2.5<\/td>\n<\/tr>\n<tr>\n<td valign=\"bottom\" nowrap=\"nowrap\" width=\"181\">CHF100-1R5G-4<\/td>\n<td valign=\"bottom\" nowrap=\"nowrap\" width=\"84\">\u00a01.5<\/td>\n<td valign=\"bottom\" nowrap=\"nowrap\" width=\"84\">\u00a05.0<\/td>\n<td valign=\"bottom\" nowrap=\"nowrap\" width=\"96\">\u00a03.7<\/td>\n<\/tr>\n<tr>\n<td valign=\"bottom\" nowrap=\"nowrap\" width=\"181\">CHF100-2R2G-4<\/td>\n<td valign=\"bottom\" nowrap=\"nowrap\" width=\"84\">\u00a02.2<\/td>\n<td valign=\"bottom\" nowrap=\"nowrap\" width=\"84\">\u00a05.8<\/td>\n<td valign=\"bottom\" nowrap=\"nowrap\" width=\"96\">5<\/td>\n<\/tr>\n<tr>\n<td valign=\"bottom\" nowrap=\"nowrap\" width=\"181\">CHF100-004G\/5R5P-4<\/td>\n<td valign=\"bottom\" nowrap=\"nowrap\" width=\"84\">4.0\/5.5<\/td>\n<td valign=\"bottom\" nowrap=\"nowrap\" width=\"84\">\u00a010\/15<\/td>\n<td valign=\"bottom\" nowrap=\"nowrap\" width=\"96\">\u00a09\/13<\/td>\n<\/tr>\n<tr>\n<td valign=\"bottom\" nowrap=\"nowrap\" width=\"181\">CHF100-5R5G\/7R5P-4<\/td>\n<td valign=\"bottom\" nowrap=\"nowrap\" width=\"84\">5.5\/7.5<\/td>\n<td valign=\"bottom\" nowrap=\"nowrap\" width=\"84\">\u00a015\/20<\/td>\n<td valign=\"bottom\" nowrap=\"nowrap\" width=\"96\">\u00a013\/17<\/td>\n<\/tr>\n<tr>\n<td valign=\"bottom\" nowrap=\"nowrap\" width=\"181\">CHF100-7R5G\/011P-4<\/td>\n<td valign=\"bottom\" nowrap=\"nowrap\" width=\"84\">7.5\/11<\/td>\n<td valign=\"bottom\" nowrap=\"nowrap\" width=\"84\">\u00a020\/26<\/td>\n<td valign=\"bottom\" nowrap=\"nowrap\" width=\"96\">\u00a017\/25<\/td>\n<\/tr>\n<tr>\n<td valign=\"bottom\" nowrap=\"nowrap\" width=\"181\">CHF100-011G\/015P-4<\/td>\n<td valign=\"bottom\" nowrap=\"nowrap\" width=\"84\">42309<\/td>\n<td valign=\"bottom\" nowrap=\"nowrap\" width=\"84\">\u00a026\/35<\/td>\n<td valign=\"bottom\" nowrap=\"nowrap\" width=\"96\">\u00a025\/32<\/td>\n<\/tr>\n<tr>\n<td valign=\"bottom\" nowrap=\"nowrap\" width=\"181\">CHF100-015G\/018P-4<\/td>\n<td valign=\"bottom\" nowrap=\"nowrap\" width=\"84\">15\/18.5<\/td>\n<td valign=\"bottom\" nowrap=\"nowrap\" width=\"84\">\u00a035\/38<\/td>\n<td valign=\"bottom\" nowrap=\"nowrap\" width=\"96\">\u00a032\/37<\/td>\n<\/tr>\n<tr>\n<td valign=\"bottom\" nowrap=\"nowrap\" width=\"181\">CHF100-018G\/022P-4<\/td>\n<td valign=\"bottom\" nowrap=\"nowrap\" width=\"84\">18\/22<\/td>\n<td valign=\"bottom\" nowrap=\"nowrap\" width=\"84\">\u00a038\/46<\/td>\n<td valign=\"bottom\" nowrap=\"nowrap\" width=\"96\">\u00a037\/45<\/td>\n<\/tr>\n<tr>\n<td valign=\"bottom\" nowrap=\"nowrap\" width=\"181\">CHF100-022G\/030P-4<\/td>\n<td valign=\"bottom\" nowrap=\"nowrap\" width=\"84\">22\/30<\/td>\n<td valign=\"bottom\" nowrap=\"nowrap\" width=\"84\">\u00a046\/62<\/td>\n<td valign=\"bottom\" nowrap=\"nowrap\" width=\"96\">\u00a045\/60<\/td>\n<\/tr>\n<tr>\n<td valign=\"bottom\" nowrap=\"nowrap\" width=\"181\">CHF100-030G\/037P-4<\/td>\n<td valign=\"bottom\" nowrap=\"nowrap\" width=\"84\">30\/37<\/td>\n<td valign=\"bottom\" nowrap=\"nowrap\" width=\"84\">\u00a062\/76<\/td>\n<td valign=\"bottom\" nowrap=\"nowrap\" width=\"96\">\u00a060\/75<\/td>\n<\/tr>\n<tr>\n<td valign=\"bottom\" nowrap=\"nowrap\" width=\"181\">CHF100-037G\/045P-4<\/td>\n<td valign=\"bottom\" nowrap=\"nowrap\" width=\"84\">37\/45<\/td>\n<td valign=\"bottom\" nowrap=\"nowrap\" width=\"84\">\u00a076\/90<\/td>\n<td valign=\"bottom\" nowrap=\"nowrap\" width=\"96\">\u00a075\/90<\/td>\n<\/tr>\n<tr>\n<td valign=\"bottom\" nowrap=\"nowrap\" width=\"181\">CHF100-045G\/055P-4<\/td>\n<td valign=\"bottom\" nowrap=\"nowrap\" width=\"84\">45\/55<\/td>\n<td valign=\"bottom\" nowrap=\"nowrap\" width=\"84\">\u00a090\/105<\/td>\n<td valign=\"bottom\" nowrap=\"nowrap\" width=\"96\">\u00a090\/110<\/td>\n<\/tr>\n<tr>\n<td valign=\"bottom\" nowrap=\"nowrap\" width=\"181\">CHF100-055G\/075P-4<\/td>\n<td valign=\"bottom\" nowrap=\"nowrap\" width=\"84\">55\/75<\/td>\n<td valign=\"bottom\" nowrap=\"nowrap\" width=\"84\">105\/ 140<\/td>\n<td valign=\"bottom\" nowrap=\"nowrap\" width=\"96\">110\/ 150<\/td>\n<\/tr>\n<tr>\n<td valign=\"bottom\" nowrap=\"nowrap\" width=\"181\">CHF100-075G\/090P-4<\/td>\n<td valign=\"bottom\" nowrap=\"nowrap\" width=\"84\">75\/90<\/td>\n<td valign=\"bottom\" nowrap=\"nowrap\" width=\"84\">140\/ 160<\/td>\n<td valign=\"bottom\" nowrap=\"nowrap\" width=\"96\">150\/ 176<\/td>\n<\/tr>\n<tr>\n<td valign=\"bottom\" nowrap=\"nowrap\" width=\"181\">CHF100-090G\/110P-4<\/td>\n<td valign=\"bottom\" nowrap=\"nowrap\" width=\"84\">90\/110<\/td>\n<td valign=\"bottom\" nowrap=\"nowrap\" width=\"84\">160\/ 210<\/td>\n<td valign=\"bottom\" nowrap=\"nowrap\" width=\"96\">176\/ 210<\/td>\n<\/tr>\n<tr>\n<td valign=\"bottom\" nowrap=\"nowrap\" width=\"181\">CHF100-110G\/132P-4<\/td>\n<td valign=\"bottom\" nowrap=\"nowrap\" width=\"84\">110\/132<\/td>\n<td valign=\"bottom\" nowrap=\"nowrap\" width=\"84\">210\/ 240<\/td>\n<td valign=\"bottom\" nowrap=\"nowrap\" width=\"96\">210\/ 250<\/td>\n<\/tr>\n<\/tbody>\n<\/table>\n","protected":false},"excerpt":{"rendered":"<p>Bi\u1ebfn t\u1ea7n INVT CHF100 Universal Inverter T\u00e0i li\u1ec7u\u00a0CHF100A Universal inverter manual 0.75kW ~ 2000kW 220V\u00a0\/\u00a0230V\u00a0\u00b1 15% &#8211; \u0110i\u1ec7n \u00e1p Ng\u00f5 v\u00e0o:\u00a0\u00a0 380\/220V\u00b115% &#8211; T\u1ea7n s\u1ed1 Ng\u00f5 v\u00e0o:\u00a0\u00a0 \u00a0\u00a0\u00a0\u00a0\u00a0\u00a0\u00a0\u00a0\u00a0\u00a0 47~63Hz &#8211; \u0110i\u1ec7n \u00e1p Ng\u00f5 ra:\u00a0\u00a0\u00a0 0~m\u1ee9c \u0111i\u1ec7n \u00e1p ng\u00f5 v\u00e0o &#8211; T\u1ea7n s\u1ed1 Ng\u00f5 ra:\u00a0 \u00a0\u00a0\u00a0\u00a0\u00a0\u00a0\u00a0\u00a0\u00a0\u00a0\u00a0\u00a0\u00a0\u00a0 0~600Hz M\u00f4 T\u1ea3 S\u1ea3n Ph\u1ea9m: \u25cf\u00a0Ng\u00f5 v\u00e0o v\u00e0 ng\u00f5 ra: [&hellip;]<\/p>\n","protected":false},"author":2,"featured_media":150,"parent":81,"menu_order":1,"comment_status":"open","ping_status":"open","template":"","meta":{"footnotes":""},"class_list":["post-1685","page","type-page","status-publish","has-post-thumbnail","hentry"],"_links":{"self":[{"href":"https:\/\/hunglong.banbientan.com\/index.php?rest_route=\/wp\/v2\/pages\/1685","targetHints":{"allow":["GET"]}}],"collection":[{"href":"https:\/\/hunglong.banbientan.com\/index.php?rest_route=\/wp\/v2\/pages"}],"about":[{"href":"https:\/\/hunglong.banbientan.com\/index.php?rest_route=\/wp\/v2\/types\/page"}],"author":[{"embeddable":true,"href":"https:\/\/hunglong.banbientan.com\/index.php?rest_route=\/wp\/v2\/users\/2"}],"replies":[{"embeddable":true,"href":"https:\/\/hunglong.banbientan.com\/index.php?rest_route=%2Fwp%2Fv2%2Fcomments&post=1685"}],"version-history":[{"count":0,"href":"https:\/\/hunglong.banbientan.com\/index.php?rest_route=\/wp\/v2\/pages\/1685\/revisions"}],"up":[{"embeddable":true,"href":"https:\/\/hunglong.banbientan.com\/index.php?rest_route=\/wp\/v2\/pages\/81"}],"wp:featuredmedia":[{"embeddable":true,"href":"https:\/\/hunglong.banbientan.com\/index.php?rest_route=\/"}],"wp:attachment":[{"href":"https:\/\/hunglong.banbientan.com\/index.php?rest_route=%2Fwp%2Fv2%2Fmedia&parent=1685"}],"curies":[{"name":"wp","href":"https:\/\/api.w.org\/{rel}","templated":true}]}}