{"id":17042,"date":"2014-04-02T14:55:12","date_gmt":"2014-04-02T07:55:12","guid":{"rendered":"https:\/\/banbientan.com\/?page_id=17042"},"modified":"2014-04-02T14:55:12","modified_gmt":"2014-04-02T07:55:12","slug":"unidrive-m800","status":"publish","type":"page","link":"https:\/\/hunglong.banbientan.com\/?page_id=17042","title":{"rendered":"Unidrive M800"},"content":{"rendered":"<p class=\"x9-rb12-body-text\" style=\"color: #09286a;\"><span style=\"color: #003366;\">B\u1ed9\u00a0<strong><a href=\"https:\/\/banbientan.com\/bien-tan-cac-loai\/\" target=\"_blank\" rel=\"noopener\">bi\u1ebfn t\u1ea7n<\/a><\/strong>\u00a0AC Unidrive M800- T\u00edch h\u1ee3p s\u1eb5n \u0111i\u1ec1u khi\u1ec3n chuy\u1ec3n \u0111\u1ed9ng v\u1ecb tr\u00ed c\u1ea5p cao, t\u00ednh n\u0103ng tuy\u1ec7t h\u1ea3o<\/span><\/p>\n<p class=\"x9-rb12-body-text\" style=\"color: #09286a;\"><a href=\"https:\/\/banbientan.com\/wp-content\/uploads\/2014\/04\/M800_face_1mb.jpg\"><img loading=\"lazy\" decoding=\"async\" class=\"alignright wp-image-17235\" src=\"https:\/\/banbientan.com\/wp-content\/uploads\/2014\/04\/M800_face_1mb.jpg\" alt=\"Unidrive M800\" width=\"248\" height=\"330\" \/><\/a><\/p>\n<p class=\"x9-rb12-body-text\" style=\"color: #09286a;\"><a href=\"https:\/\/banbientan.com\/wp-content\/uploads\/2021\/10\/UNIDRIVE-M800.pdf\">Catalog ti\u1ebfng vi\u1ec7t UNIDRIVE-M800<\/a><\/p>\n<p class=\"x9-rb12-body-text\" style=\"color: #09286a;\"><span style=\"color: #003366;\">0.25-1.2 MW (0.5-1600 HP)<\/span><\/p>\n<p class=\"x9-rb12-body-text\" style=\"color: #09286a;\"><span style=\"color: #003366;\">100V \/ 200V \/ 400V \/ 575V\/ 690V<\/span><\/p>\n<p class=\"x9-rb12-body-text\" style=\"color: #09286a;\"><span style=\"color: green;\">\u00b7\u00a0\u00a0\u00a0\u00a0\u00a0\u00a0\u00a0<\/span><span style=\"color: #003366;\">M800 t\u00edch h\u1ee3p s\u1eb5n b\u1ed9 \u0111\u1ed3ng s\u1eed l\u00fd m\u1ea1nh m\u1ebd d\u00e0nh cho \u0111i\u1ec1u khi\u1ec3n m\u00e1y tr\u00ean n\u1ec1n CODESYS ti\u00ean ti\u1ebfn.<\/span><\/p>\n<p class=\"x9-rb12-body-text\" style=\"color: #09286a;\"><span style=\"color: #003366;\">M800 cung c\u1ea5p \u0111i\u1ec1u khi\u1ec3n chuy\u1ec3n \u0111\u1ed9ng v\u1ecb tr\u00ed ti\u00ean ti\u1ebfn, m\u1ea1nh m\u1ebd nh\u1ea5t c\u1ee7a ch\u00fang t\u00f4i, \u0111\u1ed3ng b\u1ed9 gi\u1eefa c\u00e1c b\u1ed9 \u0111i\u1ec1u khi\u1ec3n theo th\u1eddi gian th\u1ef1c, \u0111\u1ea7u v\u00e0o\/ ra t\u00edn hi\u1ec7u s\u1ed1 t\u1ed1c \u0111\u1ed9 cao v\u00e0 t\u00ednh n\u0103ng an to\u00e0n t\u00edch h\u1ee3p s\u1eb5n, gi\u1ea3m \u0111\u00e1ng k\u1ec3 nhu c\u1ea7u g\u1eafn th\u00eam c\u00e1c linh ph\u1ee5 ki\u1ec7n ngo\u00e0i \u0111\u1eaft ti\u1ec1n. C\u00e1c ch\u01b0\u01a1ng tr\u00ecnh \u1ee9ng d\u1ee5ng to\u00e0n di\u1ec7n, vi\u1ebft tr\u1ef1c quan s\u1eed d\u1ee5ng m\u00f4i tr\u01b0\u1eddng CODESYS ti\u00eau chu\u1ea9n c\u00f4ng nghi\u1ec7p \u0111\u1ec3 t\u1ea1o ra m\u00e1y m\u00f3c n\u0103ng su\u1ea5t v\u00e0 \u0111\u1ed9 linh ho\u1ea1t cao nhanh nh\u1ea5t<\/span><\/p>\n<p class=\"x9-rb12-body-text\"><span class=\"ms-rtecustom-bodytext\"><b><span style=\"color: #003366;\">N\u0103ng su\u1ea5t t\u1ed1i cao nh\u1edd v\u00e0o k\u1ebft n\u1ed1i m\u1ea1ng, t\u00edch h\u1ee3p \u0111i\u1ec1u khi\u1ec3n chuy\u1ec3n \u0111\u1ed9ng v\u1ecb tr\u00ed v\u00e0 t\u1ef1 \u0111\u1ed9ng h\u00f3a.<\/span><\/b><\/span><\/p>\n<p class=\"x9-rb12-body-text\"><span class=\"ms-rtecustom-bodytext\"><span style=\"color: green;\">\u00b7\u00a0\u00a0\u00a0\u00a0\u00a0\u00a0\u00a0<\/span><\/span><span class=\"ms-rtecustom-bodytext\"><span style=\"color: #003366;\">T\u00edch h\u1ee3p s\u1eb5n b\u1ed9 \u0111\u1ed3ng x\u1eed l\u00fd\u00a0 MC d\u1ef1a tr\u00ean b\u1ed9 \u0111i\u1ec1u khi\u1ec3n m\u00e1y, kh\u1ea3 n\u0103ng \u0111i\u1ec1u khi\u1ec3n to\u00e0n b\u1ed9 m\u00e1y.<\/span><\/span><\/p>\n<p class=\"x9-rb12-body-text\"><span class=\"ms-rtecustom-bodytext\"><span style=\"color: green;\">\u00b7\u00a0\u00a0\u00a0\u00a0\u00a0\u00a0\u00a0<\/span><\/span><span class=\"ms-rtecustom-bodytext\"><span style=\"color: #003366;\">C\u1ea5u h\u00ecnh b\u1ed9 \u0111i\u1ec1u khi\u1ec3n m\u00e1y MC s\u1eed d\u1ee5ng ng\u00f4n ng\u1eef l\u1eadp tr\u00ecnh theo chu\u1ea9n IEC 61131-3 ti\u00eau chu\u1ea9n c\u00f4ng nghi\u1ec7p v\u1edbi m\u00f4i tr\u01b0\u1eddng l\u1eadp tr\u00ecnh CODESYS.<\/span><\/span><\/p>\n<p class=\"x9-rb12-body-text\"><span class=\"ms-rtecustom-bodytext\"><span style=\"color: green;\">\u00b7\u00a0\u00a0\u00a0\u00a0\u00a0\u00a0\u00a0<\/span><\/span><span class=\"ms-rtecustom-bodytext\"><span style=\"color: #003366;\">M\u00f4 \u0111un g\u1eafn th\u00eam MCi t\u0103ng c\u01b0\u1eddng \u0111a x\u1eed l\u00fd, cho kh\u1ea3 n\u0103ng \u0111i\u1ec1u khi\u1ec3n m\u00e1y m\u00f3c nhi\u1ec1u h\u01a1n.<\/span><\/span><\/p>\n<p class=\"x9-rb12-body-text\"><span class=\"ms-rtecustom-bodytext\"><span style=\"color: green;\">\u00b7\u00a0\u00a0\u00a0\u00a0\u00a0\u00a0\u00a0<\/span><\/span><span class=\"ms-rtecustom-bodytext\"><span style=\"color: #003366;\">\u0110\u1ea1t \u0111\u01b0\u1ee3c t\u00ednh n\u0103ng ti\u00ean ti\u1ebfn m\u00e0 kh\u00f4ng c\u1ea7n n\u1ed7 l\u1ef1c nh\u1edd v\u00e0o vi\u1ec7c ti\u1ebfp c\u1eadn to\u00e0n di\u1ec7n th\u01b0 vi\u1ec7n cho b\u1ed9 \u0111i\u1ec1u khi\u1ec3n v\u00e0 c\u00e1c \u1ee9ng d\u1ee5ng v\u00e0 c\u00e1c kh\u1ed1i ch\u1ee9c n\u0103ng \u0111i\u1ec1u khi\u1ec3n m\u00e1y.<\/span><\/span><\/p>\n<p class=\"x9-rb12-body-text\"><span class=\"ms-rtecustom-bodytext\"><b><span style=\"color: #003366;\">K\u1ebft n\u1ed1i Ethernet v\u1edbi \u0111\u1ed3ng b\u1ed9 m\u1ea1ng IEEE 1588 V2.<\/span><\/b><\/span><\/p>\n<p class=\"x9-rb12-body-text\"><span style=\"color: green;\">\u00b7\u00a0\u00a0\u00a0\u00a0\u00a0\u00a0\u00a0<\/span><span style=\"color: #003366;\">Ph\u1ea7n c\u1ee9ng theo chu\u1ea9n IEEE\u00a0 1588 V2 cho \u0111\u1ed9 ch\u00ednh x\u00e1c \u0111\u1ed3ng b\u1ed9 l\u1edbn nh\u1ea5t.<\/span><\/p>\n<p class=\"x9-rb12-body-text\"><span style=\"color: green;\">\u00b7\u00a0\u00a0\u00a0\u00a0\u00a0\u00a0\u00a0<\/span><span style=\"color: #003366;\">Hai c\u1ed5ng Ethernet t\u00edch h\u1ee3p d\u1ec5 d\u00e0ng cho vi\u1ec7c k\u1ebft n\u1ed1i.<\/span><\/p>\n<p class=\"x9-rb12-body-text\"><span style=\"color: green;\">\u00b7\u00a0\u00a0\u00a0\u00a0\u00a0\u00a0\u00a0<\/span><span style=\"color: #003366;\">T\u00edch h\u1ee3p v\u1edbi c\u00e1c c\u1ed5ng \u0111\u1ea7u v\u00e0o\/ ra ngo\u00e0i v\u00e0 \u0111i\u1ec1u khi\u1ec3n c\u1ee7a c\u00e1c b\u1ed9 \u0111i\u1ec1u khi\u1ec3n kh\u00f4ng th\u00f4ng minh.<\/span><\/p>\n<p class=\"x9-rb12-body-text\"><span style=\"color: #003366;\">\u00a0<\/span><\/p>\n<p class=\"x9-rb12-body-text\"><b><span style=\"color: #003366;\">T\u1ed1i \u0111a n\u0103ng su\u1ea5t m\u00e1y nh\u1edd v\u00e0o \u0111\u00e1p \u1ee9ng m\u1ea1nh m\u1ebd, ch\u00ednh x\u00e1c t\u1ea1i tr\u1ee5c cho b\u1ea5t k\u1ef3 c\u00f4ng ngh\u1ec7 \u0111\u1ed9ng c\u01a1.<\/span><\/b><\/p>\n<p class=\"x9-rb12-body-text\"><span style=\"color: green;\">\u00b7\u00a0\u00a0\u00a0\u00a0\u00a0\u00a0\u00a0<\/span><span style=\"color: #003366;\">Thu\u1eadt to\u00e1n \u0111i\u1ec1u khi\u1ec3n \u0111\u1ed9ng c\u01a1 b\u0103ng th\u00f4ng r\u1ed9ng cho \u0111\u1ed9ng c\u01a1 c\u1ea3m \u1ee9ng v\u00f2ng k\u00edn v\u00e0 h\u1edf, \u0111\u1ed9ng c\u01a1 t\u1eeb tr\u1edf \u0111\u1ed3ng b\u1ed9 (Synchoronous reluctance) v\u00e0 \u0111\u1ed9ng c\u01a1 nam ch\u00e2m v\u0129nh c\u1eedu v\u1edbi b\u0103ng th\u00f4ng v\u00f2ng d\u00f2ng \u0111i\u1ec7n l\u00ean \u0111\u1ebfn 3,300Hz v\u00e0 b\u0103ng th\u00f4ng v\u00f2ng t\u1ed1c \u0111\u1ed9 l\u00ean \u0111\u1ebfn 250Hz.<\/span><\/p>\n<p class=\"x9-rb12-body-text\"><span style=\"color: green;\">\u00b7\u00a0\u00a0\u00a0\u00a0\u00a0\u00a0\u00a0<\/span><span style=\"color: #003366;\">3 c\u1ed5ng b\u1ed9 m\u00e3 h\u00f3a c\u1ea5p cao linh ho\u1ea1t , cho b\u1ed9 m\u00e3 h\u00f3a ph\u1ea3n h\u1ed3i, b\u1ed9 m\u00e3 h\u00f3a tham chi\u1ebfu v\u00e0 m\u00f4 ph\u1ecfng \u0111\u1ea7u ra b\u1ed9 m\u00e3 h\u00f3a. \u0110\u1ea7u v\u00e0o c\u00f3 th\u1ec3 nh\u1eadn nhi\u1ec1u ch\u1ee7ng lo\u1ea1i thi\u1ebft b\u1ecb ph\u1ea3n h\u1ed3i , t\u1eeb Resolver \u0111\u1ebfn b\u1ed9 m\u00e3 h\u00f3a c\u00f3 \u0111\u1ed9 ph\u00e2n gi\u1ea3i cao.<\/span><\/p>\n<p class=\"x9-rb12-body-text\"><span style=\"color: #003366;\">\u00a0<\/span><\/p>\n<p class=\"x9-rb12-body-text\"><b><span style=\"color: #003366;\">T\u1ed1i \u0111a n\u0103ng su\u1ea5t trong khi v\u1eabn b\u1ea3o v\u1ec7 cho ng\u01b0\u1eddi v\u00e0 m\u00e1y m\u00f3c v\u00e0 d\u1ec5 d\u00e0ng \u0111\u00e1p \u1ee9ng c\u00e1c y\u00eau c\u1ea7u an to\u00e0n cho m\u00e1y\u00a0<\/span><\/b><span style=\"color: #003366;\">m\u00f3c.<\/span><\/p>\n<p class=\"x9-rb12-body-text\"><span style=\"color: green;\">\u00b7\u00a0\u00a0\u00a0\u00a0\u00a0\u00a0\u00a0<\/span><span style=\"color: #003366;\">T\u00edch h\u1ee3p h\u1ec7 th\u1ed1ng an to\u00e0n v\u1edbi 2 c\u1ed5ng \u201c ng\u1eaft an to\u00e0n momen\u201d (STO), gi\u1ea3m s\u1eed d\u1ee5ng thi\u1ebft b\u1ecb b\u00ean ngo\u00e0i.<\/span><\/p>\n<p class=\"x9-rb12-body-text\"><span style=\"color: green;\">\u00b7\u00a0\u00a0\u00a0\u00a0\u00a0\u00a0\u00a0<\/span><span style=\"color: #003366;\">Ti\u00eau chau63n an to\u00e1n c\u1ea5p cao * \u0111\u00e1p \u1ee9ng c\u00e1c ch\u1ee9c n\u0103ng an to\u00e0n ti\u00eau chu\u1ea9n IEC 61800-2, bao g\u1ed3m nhi\u1ec1u ch\u1ee9c n\u0103ng nh\u01b0 \u201c ng\u00e1t an to\u00e0n momen\u201d (STO), D\u1eebng an to\u00e0n 1 v\u00e0 2 (Safe stop 1 &amp;2), T\u1ed1 \u0111\u1ed9 gi\u1edbi h\u1ea1n an to\u00e0n, v\u1ecb tr\u00ed gi\u1edbi h\u1ea1n an to\u00e0n vvv.<\/span><\/p>\n<p class=\"x9-rb12-body-text\"><span style=\"color: #003366;\">\u00a0<\/span><\/p>\n<p class=\"x9-rb12-body-text\"><span style=\"color: #003366;\">* S\u1ebd xu\u1ea5t hi\u1ec7n trong t\u01b0\u01a1ng lai.<\/span><\/p>\n<p class=\"x9-rb12-body-text\"><b><span style=\"color: #003366;\">C\u00e1c \u1ee9ng d\u1ee5ng ti\u00eau bi\u1ec3u<\/span><\/b><\/p>\n<p class=\"x9-rb12-body-text\"><span style=\"color: green;\">\u00b7\u00a0\u00a0\u00a0\u00a0\u00a0\u00a0\u00a0<\/span><span style=\"color: #003366;\">\u0110i\u1ec1u khi\u1ec3n t\u1ed1c \u0111\u1ed9 v\u00e0 v\u1ecb tr\u00ed v\u1edbi c\u00e1c ch\u01b0\u01a1ng tr\u00ecnh c\u00f3 s\u1eb5n d\u00e0nh cho \u0111i\u1ec1u khi\u1ec3n t\u1ef7 l\u1ec7 v\u00e0 h\u1ed9p s\u1ed1, cu\u1ed9n, \u0111i\u1ec1u khi\u1ec3n l\u1ef1c c\u0103ng, c\u1eaft kim lo\u1ea1i, c\u1eaft bay, c\u1eaft quay tr\u00f2n, ki\u1ec3m tra, in \u1ea5n, m\u00e1y \u0111\u00f3ng g\u00f3i, d\u1ec7t, m\u00e1y ch\u1ebf bi\u1ebfn g\u1ed7, m\u00e1y s\u1ea3n xu\u1ea5t l\u1ed1p.<\/span><\/p>\n<p><strong>C\u00e1c th\u00f4ng s\u1ed1 ch\u00ednh<\/strong><\/p>\n<ul>\n<li>C\u00f4ng su\u1ea5t \u0111\u1ecbnh m\u1ee9c t\u1ea3i n\u1eb7ng : 0.25-1.2MW (0.33-1600 hp)<\/li>\n<li>Ngu\u1ed3n c\u1ea5p :\u00a0 3 pha<\/li>\n<\/ul>\n<p><strong>T\u00ednh n\u0103ng ti\u00eau chu\u1ea9n<\/strong><br \/>\nTh\u00f4ng minh :<\/p>\n<ul>\n<li>M800- T\u00edch h\u1ee3p b\u1ed9 \u0111i\u1ec1u khi\u1ec3n m\u00e1y MCi200.<\/li>\n<li>M810- T\u00edch h\u1ee3p b\u1ed9 \u0111i\u1ec1u khi\u1ec3n m\u00e1y MCi210<\/li>\n<\/ul>\n<p>Truy\u1ec1n th\u00f4ng t\u00edch h\u1ee3p s\u1eb5n :<\/p>\n<ul>\n<li>Ethernet.<\/li>\n<\/ul>\n<p>Ph\u1ea3n h\u1ed3i :<\/p>\n<ul>\n<li>2 \u0111\u1ea7u v\u00e0o cho b\u1ed9 m\u00e3 h\u00f3a (encoder).<\/li>\n<li>1 \u0111\u1ea7u ra m\u00f4 ph\u1ecfng b\u1ed9 m\u00e3 h\u00f3a.<\/li>\n<\/ul>\n<p>An to\u00e0n m\u00e1y m\u00f3c :<\/p>\n<ul>\n<li>2 c\u1ed5ng \u201c Ng\u1eaft momen an to\u00e0n\u201d (STO)<\/li>\n<\/ul>\n<p>B\u00e0n ph\u00edm :<\/p>\n<ul>\n<li>Kh\u00f4ng k\u00e8m b\u00e0n ph\u00edm.<\/li>\n<\/ul>\n<p>S\u1ed1 khe c\u1eafm cho ph\u1ea7n t\u00f9y ch\u1ecdn :<\/p>\n<ul>\n<li>2.<\/li>\n<\/ul>\n<p>Sao ch\u00e9p th\u00f4ng s\u1ed1:<\/p>\n<ul>\n<li>M\u00e1y t\u00ednh<\/li>\n<li>Th\u1ebb\u00a0SD.<\/li>\n<\/ul>\n<table>\n<tbody>\n<tr>\n<td colspan=\"2\" width=\"328\"><strong>\u0110I\u1ec6N \u00c1P \u0110\u1ecaNH M\u1ee8C<\/strong><\/td>\n<\/tr>\n<tr>\n<td width=\"259\">200 V (200 V &#8211; 240 V \u00b1 10%)<\/td>\n<td width=\"69\">\u221a<\/td>\n<\/tr>\n<tr>\n<td width=\"259\">400 V (380 V &#8211; 480 V \u00b1 10%)<\/td>\n<td width=\"69\">\u221a<\/td>\n<\/tr>\n<tr>\n<td width=\"259\">575 V (500 V &#8211; 575 V \u00b1 10%)<\/td>\n<td width=\"69\">\u221a<\/td>\n<\/tr>\n<tr>\n<td width=\"259\">690 V (500 V &#8211; 690 V \u00b1 10%)<\/td>\n<td width=\"69\">\u221a<\/td>\n<\/tr>\n<\/tbody>\n<\/table>\n<table>\n<tbody>\n<tr>\n<td colspan=\"2\" width=\"506\"><strong>CH\u1ebe \u0110\u1ed8 \u0110I\u1ec0U KHI\u1ec2N<\/strong><\/td>\n<\/tr>\n<tr>\n<td width=\"449\">\u0110i\u1ec1u khi\u1ec3n d\u1ea1ng V\/F hay vector v\u00f2ng h\u1edf cho \u0111\u1ed9ng c\u01a1 c\u1ea3m \u1ee9ng<\/td>\n<td width=\"57\">\u221a<\/td>\n<\/tr>\n<tr>\n<td width=\"449\">\u0110i\u1ec1u khi\u1ec3n t\u1eeb th\u00f4ng roto v\u00f2ng h\u1edf cho \u0111\u1ed9ng c\u01a1 c\u1ea3m \u1ee9ng (RFC-A)<\/td>\n<td width=\"57\">\u221a<\/td>\n<\/tr>\n<tr>\n<td width=\"449\">\u0110i\u1ec1u khi\u1ec3n v\u00f2ng h\u1edf cho \u0111\u1ed9ng c\u01a1 nam ch\u00e2m v\u0129nh c\u1eedu (RFC-S)<\/td>\n<td width=\"57\">\u221a<\/td>\n<\/tr>\n<tr>\n<td width=\"449\">\u0110i\u1ec1u khi\u1ec3n t\u1eeb th\u00f4ng roto v\u00f2ng k\u00edn cho \u0111\u1ed9ng c\u01a1 c\u1ea3m \u1ee9ng (RFC-A)<\/td>\n<td width=\"57\">\u221a<\/td>\n<\/tr>\n<tr>\n<td width=\"449\">\u0110i\u1ec1u khi\u1ec3n v\u00f2ng k\u00edn cho \u0111\u1ed9ng c\u01a1 nam ch\u00e2m v\u0129nh c\u1eedu (RFC-S)<\/td>\n<td width=\"57\">\u221a<\/td>\n<\/tr>\n<tr>\n<td width=\"449\">\u0110\u1ea7u v\u00e0o ch\u1ee7 \u0111\u1ed9ng (AFE), b\u1ed9 chuy\u1ec3n \u0111\u1ed5i ch\u1ea5t l\u01b0\u1ee3ng ngu\u1ed3n- h\u00e3m t\u00e1i sinh<\/td>\n<td width=\"57\">\u221a<\/td>\n<\/tr>\n<\/tbody>\n<\/table>\n<table>\n<tbody>\n<tr>\n<td rowspan=\"2\" width=\"116\"><strong>K\u00cdCH C\u1ee0<\/strong><\/td>\n<td colspan=\"2\" width=\"367\"><strong>K\u00cdCH TH\u01af\u1edaC<\/strong><\/td>\n<\/tr>\n<tr>\n<td width=\"189\"><strong>mm<\/strong><\/td>\n<td width=\"178\">inch<\/td>\n<\/tr>\n<tr>\n<td width=\"116\">3<\/td>\n<td width=\"189\">379 x 83 x 200<\/td>\n<td width=\"178\">14.9 x 3.3 x 7.9<\/td>\n<\/tr>\n<tr>\n<td width=\"116\">4<\/td>\n<td width=\"189\">379 x 123.5 x 200<\/td>\n<td width=\"178\">14.9 x 4.9 x 7.9<\/td>\n<\/tr>\n<tr>\n<td width=\"116\">5<\/td>\n<td width=\"189\">379 x 141 x 200<\/td>\n<td width=\"178\">14.9 x 5.6 x 7.9<\/td>\n<\/tr>\n<tr>\n<td width=\"116\">6<\/td>\n<td width=\"189\">379 x 210 x 227<\/td>\n<td width=\"178\">14.9 x 8.3 x 8.9<\/td>\n<\/tr>\n<tr>\n<td width=\"116\">7<\/td>\n<td width=\"189\">548 x 270 x 280<\/td>\n<td width=\"178\">21.6 x 10.6 x 11.0<\/td>\n<\/tr>\n<tr>\n<td width=\"116\">8<\/td>\n<td width=\"189\">785 x 310 x 290<\/td>\n<td width=\"178\">30.9 x 12.2 x 11.4<\/td>\n<\/tr>\n<tr>\n<td width=\"116\">9<\/td>\n<td width=\"189\">940 x 310 x 290<\/td>\n<td width=\"178\">37 x 12.2 x 11.4<\/td>\n<\/tr>\n<tr>\n<td width=\"116\">10<\/td>\n<td width=\"189\">1054 x 310 x 290<\/td>\n<td width=\"178\">41.5 x 12.2 x 11.4<\/td>\n<\/tr>\n<tr>\n<td width=\"116\">10<\/td>\n<td width=\"189\">Rectifier (ch\u1ec9nh l\u01b0u)400 x 310 x 290<br \/>\nInverter (ngh\u1ecbch l\u01b0u)<br \/>\n730 x 310 x 290<\/td>\n<td width=\"178\">Rectifier (ch\u1ec9nh l\u01b0u)15.8 x 12.2 x 11.4<br \/>\nInverter (ngh\u1ecbch l\u01b0u)<br \/>\n28.7 x 12.2 x 11.4<\/td>\n<\/tr>\n<tr>\n<td width=\"116\">11<\/td>\n<td width=\"189\">1410 x 310 x 290<\/td>\n<td width=\"178\">55.5 x 12.2 x 11.4<\/td>\n<\/tr>\n<tr>\n<td width=\"116\">11<\/td>\n<td width=\"189\">Rectifier (ch\u1ec9nh l\u01b0u)570 x 310 x 290<br \/>\nInverter (ngh\u1ecbch l\u01b0u)<br \/>\n880 x 310 x 290<\/td>\n<td width=\"178\">Rectifier (ch\u1ec9nh l\u01b0u)22.4 x 12.2 x 13.9<br \/>\nInverter (ngh\u1ecbch l\u01b0u)<br \/>\n34.7 x 12.2 x 11.4<\/td>\n<\/tr>\n<\/tbody>\n<\/table>\n","protected":false},"excerpt":{"rendered":"<p>B\u1ed9\u00a0bi\u1ebfn t\u1ea7n\u00a0AC Unidrive M800- T\u00edch h\u1ee3p s\u1eb5n \u0111i\u1ec1u khi\u1ec3n chuy\u1ec3n \u0111\u1ed9ng v\u1ecb tr\u00ed c\u1ea5p cao, t\u00ednh n\u0103ng tuy\u1ec7t h\u1ea3o Catalog ti\u1ebfng vi\u1ec7t UNIDRIVE-M800 0.25-1.2 MW (0.5-1600 HP) 100V \/ 200V \/ 400V \/ 575V\/ 690V \u00b7\u00a0\u00a0\u00a0\u00a0\u00a0\u00a0\u00a0M800 t\u00edch h\u1ee3p s\u1eb5n b\u1ed9 \u0111\u1ed3ng s\u1eed l\u00fd m\u1ea1nh m\u1ebd d\u00e0nh cho \u0111i\u1ec1u khi\u1ec3n m\u00e1y tr\u00ean n\u1ec1n CODESYS ti\u00ean ti\u1ebfn. [&hellip;]<\/p>\n","protected":false},"author":2,"featured_media":0,"parent":17012,"menu_order":8,"comment_status":"closed","ping_status":"closed","template":"","meta":{"footnotes":""},"class_list":["post-17042","page","type-page","status-publish","hentry"],"_links":{"self":[{"href":"https:\/\/hunglong.banbientan.com\/index.php?rest_route=\/wp\/v2\/pages\/17042","targetHints":{"allow":["GET"]}}],"collection":[{"href":"https:\/\/hunglong.banbientan.com\/index.php?rest_route=\/wp\/v2\/pages"}],"about":[{"href":"https:\/\/hunglong.banbientan.com\/index.php?rest_route=\/wp\/v2\/types\/page"}],"author":[{"embeddable":true,"href":"https:\/\/hunglong.banbientan.com\/index.php?rest_route=\/wp\/v2\/users\/2"}],"replies":[{"embeddable":true,"href":"https:\/\/hunglong.banbientan.com\/index.php?rest_route=%2Fwp%2Fv2%2Fcomments&post=17042"}],"version-history":[{"count":0,"href":"https:\/\/hunglong.banbientan.com\/index.php?rest_route=\/wp\/v2\/pages\/17042\/revisions"}],"up":[{"embeddable":true,"href":"https:\/\/hunglong.banbientan.com\/index.php?rest_route=\/wp\/v2\/pages\/17012"}],"wp:attachment":[{"href":"https:\/\/hunglong.banbientan.com\/index.php?rest_route=%2Fwp%2Fv2%2Fmedia&parent=17042"}],"curies":[{"name":"wp","href":"https:\/\/api.w.org\/{rel}","templated":true}]}}