{"id":26475,"date":"2021-11-29T11:31:35","date_gmt":"2021-11-29T04:31:35","guid":{"rendered":"https:\/\/banbientan.com\/?page_id=26475"},"modified":"2021-11-29T11:31:35","modified_gmt":"2021-11-29T04:31:35","slug":"chinh-sach-bao-hanh-doi-tra-va-hoan-tien","status":"publish","type":"page","link":"https:\/\/hunglong.banbientan.com\/?page_id=26475","title":{"rendered":"Ch\u00ednh s\u00e1ch b\u1ea3o h\u00e0nh \u0111\u1ed5i tr\u1ea3 v\u00e0 ho\u00e0n ti\u1ec1n"},"content":{"rendered":"<h2>B\u1ea3o H\u00e0nh:<\/h2>\n<p>T\u00f9y theo t\u1eebng h\u00e3ng m\u00e0 ch\u00fang t\u00f4i c\u00f3 ch\u00ednh s\u00e1ch b\u1ea3o h\u00e0nh kh\u00e1c nhau<\/p>\n<h2>Ch\u00ednh s\u00e1ch \u0111\u1ed5i tr\u1ea3 h\u00e0ng<\/h2>\n<p>Qu\u00fd kh\u00e1ch c\u00f3 th\u1ec3 th\u1ef1c hi\u1ec7n \u0111\u1ed5i tr\u1ea3 h\u00e0ng mi\u1ec5n ph\u00ed trong v\u00f2ng 03 ng\u00e0y k\u1ec3 t\u1eeb ng\u00e0y nh\u1eadn h\u00e0ng cho c\u00e1c s\u1ea3n ph\u1ea9m \u0111\u1eb7t mua t\u1ea1i https:\/\/banbientan.com\/ C\u00e1c s\u1ea3n ph\u1ea9m th\u1ef1c hi\u1ec7n \u0111\u1ed5i tr\u1ea3 ph\u1ea3i l\u00e0 s\u1ea3n ph\u1ea9m kh\u00f4ng n\u1eb1m trong danh m\u1ee5c h\u1ea1n ch\u1ebf \u0111\u1ed5i tr\u1ea3, kh\u00f4ng c\u00f3 d\u1ea5u hi\u1ec7u \u0111\u00e3 qua s\u1eed d\u1ee5ng v\u00e0 c\u00f2n nguy\u00ean tem, m\u00e1c, nguy\u00ean \u0111ai ki\u1ec7n ban \u0111\u1ea7u (tr\u1eeb tr\u01b0\u1eddng h\u1ee3p s\u1ea3n ph\u1ea9m b\u1ecb l\u1ed7i ho\u1eb7c h\u01b0 h\u1ea1i trong qu\u00e1 tr\u00ecnh v\u1eadn chuy\u1ec3n). Ngo\u00e0i ra, \u0111\u1ec3 th\u1ef1c hi\u1ec7n \u0111\u1ed5i tr\u1ea3, kh\u00e1ch h\u00e0ng ph\u1ea3i c\u00f2n gi\u1eef h\u00f3a \u0111\u01a1n mua h\u00e0ng t\u1ea1i https:\/\/banbientan.com<br \/>\nQuy tr\u00ecnh \u0111\u1ed5i tr\u1ea3 h\u00e0ng \u0111\u01b0\u1ee3c th\u1ef1c hi\u1ec7n khi ki\u1ec7n h\u00e0ng \u0111\u01b0\u1ee3c ho\u00e0n v\u1ec1 t\u1ea1i kho h\u00e0ng c\u1ee7a C\u00f4ng ty. Ch\u00fang t\u00f4i s\u1ebd th\u1ef1c hi\u1ec7n c\u00e1c b\u01b0\u1edbc ti\u1ebfp theo \u0111\u1ec3 ki\u1ec3m tra ch\u1ea5t l\u01b0\u1ee3ng s\u1ea3n ph\u1ea9m v\u00e0 ti\u1ebfn h\u00e0nh \u0111\u1ed5i\/tr\u1ea3 h\u00e0ng ho\u1eb7c ho\u00e0n ti\u1ec1n theo y\u00eau c\u1ea7u c\u1ee7a qu\u00fd kh\u00e1ch v\u00e0 theo quy \u0111\u1ecbnh t\u1ea1i m\u1ee5c II thu\u1ed9c ch\u00ednh s\u00e1ch n\u00e0y.M\u1ed9t s\u1ed1 \u0111i\u1ec1u ki\u1ec7n quy \u0111\u1ecbnh v\u1ec1 \u0111\u1ed5i tr\u1ea3 h\u00e0ng, qu\u00fd kh\u00e1ch vui l\u00f2ng tham kh\u1ea3o th\u00f4ng tin chi ti\u1ebft b\u00ean d\u01b0\u1edbi:<br \/>\n<strong>1. C\u00e1c tr\u01b0\u1eddng h\u1ee3p \u0111\u01b0\u1ee3c quy\u1ec1n \u0111\u1ed5i\/tr\u1ea3<\/strong><br \/>\na. \u0110\u1ed5i tr\u1ea3 theo nhu c\u1ea7u kh\u00e1ch h\u00e0ng (\u0111\u1ed5i tr\u1ea3 h\u00e0ng v\u00ec kh\u00f4ng \u01b0ng \u00fd)<br \/>\nT\u1ea5t c\u1ea3 m\u1eb7t h\u00e0ng mua t\u1eeb https:\/\/banbientan.com\/\u00a0 v\u00e0 kh\u00f4ng n\u1eb1m trong danh m\u1ee5c h\u1ea1n ch\u1ebf b\u00ean d\u01b0\u1edbi \u0111\u1ec1u c\u00f3 th\u1ec3 ho\u00e0n tr\u1ea3 trong v\u00f2ng 03 ng\u00e0y k\u1ec3 t\u1eeb ng\u00e0y nh\u1eadn h\u00e0ng ( tr\u1eeb khi c\u00f3 quy \u0111\u1ecbnh g\u00ec kh\u00e1c). Ch\u00fang t\u00f4i ch\u1ec9 ch\u1ea5p nh\u1eadn \u0111\u1ed5i tr\u1ea3 cho c\u00e1c s\u1ea3n ph\u1ea9m c\u00f2n nguy\u00ean \u0111i\u1ec1u ki\u1ec7n ban \u0111\u1ea7u, c\u00f2n h\u00f3a \u0111\u01a1n mua h\u00e0ng t\u1ea1i https:\/\/banbientan.com &amp; s\u1ea3n ph\u1ea9m ch\u01b0a qua s\u1eed d\u1ee5ng, bao g\u1ed3m v\u00e0 :<br \/>\n\u2013 C\u00f2n nguy\u00ean \u0111\u00f3ng g\u00f3i v\u00e0 bao b\u00ec kh\u00f4ng b\u1ecb m\u00f3p r\u00e1ch<br \/>\n\u2013 \u0110\u1ea7y \u0111\u1ee7 c\u00e1c b\u1ed9 ph\u1eadn, chi ti\u1ebft, ph\u1ee5 ki\u1ec7n.<br \/>\n\u2013 Tem\/ phi\u1ebfu b\u1ea3o h\u00e0nh, tem th\u01b0\u01a1ng hi\u1ec7u, h\u01b0\u1edbng d\u1eabn k\u1ef9 thu\u1eadt v\u00e0 c\u00e1c qu\u00e0 t\u1eb7ng k\u00e8m theo (n\u1ebfu c\u00f3) v.v\u2026 ph\u1ea3i c\u00f2n \u0111\u1ea7y \u0111\u1ee7 v\u00e0 nguy\u00ean v\u1eb9n<br \/>\n\u2013 Kh\u00f4ng c\u00f3 d\u1eef li\u1ec7u trong s\u1ea3n ph\u1ea9m c\u00f3 thi\u1ebft b\u1ecb l\u01b0u tr\u1eef.<br \/>\n\u2013 Kh\u00f4ng b\u1ecb d\u01a1 b\u1ea9n, tr\u1ea7y x\u01b0\u1edbc, b\u1ec3 v\u1ee1, h\u01b0 h\u1ecfng, c\u00f3 m\u00f9i l\u1ea1 ho\u1eb7c c\u00f3 d\u1ea5u hi\u1ec7u \u0111\u00e3 qua gi\u1eb7t t\u1ea9y ho\u1eb7c qua s\u1eed d\u1ee5ng<br \/>\n\u2013 Danh m\u1ee5c h\u1ea1n ch\u1ebf (s\u1ea3n ph\u1ea9m kh\u00f4ng \u00e1p d\u1ee5ng \u0111\u1ed5i tr\u1ea3): S\u1ea3n ph\u1ea9m kh\u00e1c H\u00e0ng mua t\u1ea1i c\u00e1c s\u1ef1 ki\u1ec7n offline, h\u00e0ng thanh l\u00fd, ch\u01b0\u01a1ng tr\u00ecnh gi\u1ea3m gi\u00e1, khuy\u1ebfn m\u00e3i c\u00f3 th\u1eddi h\u1ea1n\u2026<br \/>\nb. \u0110\u1ed5i tr\u1ea3 kh\u00f4ng v\u00ec l\u00fd do ch\u1ee7 quan t\u1eeb kh\u00e1ch h\u00e0ng<br \/>\nH\u00e0ng giao b\u1ecb b\u1ec3 v\u1ee1, sai n\u1ed9i dung ho\u1eb7c b\u1ecb thi\u1ebfu:<br \/>\nC\u00f4ng ty khuy\u1ebfn kh\u00edch qu\u00fd kh\u00e1ch h\u00e0ng ph\u1ea3i ki\u1ec3m tra t\u00ecnh tr\u1ea1ng b\u00ean ngo\u00e0i c\u1ee7a th\u00f9ng h\u00e0ng v\u00e0 s\u1ea3n ph\u1ea9m tr\u01b0\u1edbc khi thanh to\u00e1n \u0111\u1ec3 \u0111\u1ea3m b\u1ea3o r\u1eb1ng h\u00e0ng h\u00f3a \u0111\u01b0\u1ee3c giao \u0111\u00fang ch\u1ee7ng lo\u1ea1i, s\u1ed1 l\u01b0\u1ee3ng, m\u00e0u s\u1eafc theo \u0111\u01a1n \u0111\u1eb7t h\u00e0ng v\u00e0 t\u00ecnh tr\u1ea1ng b\u00ean ngo\u00e0i kh\u00f4ng b\u1ecb t\u00e1c \u0111\u1ed9ng (b\u1ec3 v\u1ee1\/ tr\u1ea7y x\u01b0\u1edbc, m\u00f3p, m\u00e9o). N\u1ebfu g\u1eb7p tr\u01b0\u1eddng h\u1ee3p n\u00e0y, Qu\u00fd kh\u00e1ch vui l\u00f2ng t\u1eeb ch\u1ed1i nh\u1eadn h\u00e0ng v\u00e0\/ho\u1eb7c b\u00e1o ngay cho b\u1ed9 ph\u1eadn h\u1ed7 tr\u1ee3 kh\u00e1ch h\u00e0ng \u0111\u1ec3 ch\u00fang t\u00f4i c\u00f3 ph\u01b0\u01a1ng \u00e1n x\u1eed l\u00ed k\u1ecbp th\u1eddi.<br \/>\n**Xin l\u01b0u \u00fd : C\u00f4ng ty ch\u1ec9 nh\u1eadn \u0111\u1ed5i tr\u1ea3 c\u00e1c S\u1ea3n ph\u1ea9m Kh\u00f4ng b\u1ecb l\u1ed7i v\u1ec1 h\u00ecnh th\u1ee9c (tr\u1ea7y x\u01b0\u1edbc, m\u00f3p m\u00e9o, \u1ed1 v\u00e0ng, v\u1ee1\u2026), c\u00e1c l\u1ed7i v\u1ec1 h\u00ecnh th\u1ee9c s\u1ebd kh\u00f4ng \u0111\u01b0\u1ee3c ch\u1ea5p nh\u1eadn v\u00ec khi giao h\u00e0ng \u0111\u00e3 c\u00f3 x\u00e1c th\u1ef1c t\u00ecnh tr\u1ea1ng h\u00e0ng h\u00f3a tr\u00ean h\u00f3a \u0111\u01a1n b\u00e1n h\u00e0ng l\u00e0 \u201d S\u1ea3n ph\u1ea9m m\u1edbi 100%, kh\u00f4ng b\u1ecb (tr\u1ea7y x\u01b0\u1edbc, m\u00f3p m\u00e9o, \u1ed1 v\u00e0ng, v\u1ee1\u2026), c\u00f3 \u0111\u1ea7y \u0111\u1ee7 ph\u1ee5 ki\u1ec7n v\u00e0 phi\u1ebfu b\u1ea3o h\u00e0nh\u201d. Qu\u00fd kh\u00e1ch vui l\u00f2ng ki\u1ec3m tra k\u1ef9 tr\u01b0\u1edbc khi k\u00fd nh\u1eadn x\u00e1c th\u1ef1c v\u00e0o h\u00f3a \u0111\u01a1n b\u00e1n h\u00e0ng c\u1ee7a ch\u00fang t\u00f4i khi giao h\u00e0ng<br \/>\nTrong tr\u01b0\u1eddng h\u1ee3p nh\u1eadn h\u00e0ng qua \u0111\u01b0\u1eddng b\u01b0u ki\u1ec7n v\u00e0 kh\u00e1ch h\u00e0ng \u0111\u00e3 thanh to\u00e1n chuy\u1ec3n kho\u1ea3n, Sau khi nh\u1eadn h\u00e0ng v\u00e0 sau \u0111\u00f3 ph\u00e1t hi\u1ec7n h\u00e0ng h\u00f3a b\u1ecb b\u1ec3 v\u1ee1, sai n\u1ed9i dung ho\u1eb7c thi\u1ebfu h\u00e0ng, xin vui l\u00f2ng ch\u1ee5p \u1ea3nh s\u1ea3n ph\u1ea9m g\u1eedi v\u1ec1 h\u1ed9p th\u01b0 c\u1ee7a ch\u00fang t\u00f4i \u0111\u1ec3 \u0111\u01b0\u1ee3c ch\u00fang t\u00f4i h\u1ed7 tr\u1ee3 c\u00e1c b\u01b0\u1edbc ti\u1ebfp theo nh\u01b0 \u0111\u1ed5i\/tr\u1ea3 h\u00e0ng ho\u1eb7c g\u1eedi s\u1ea3n ph\u1ea9m c\u00f2n thi\u1ebfu \u0111\u1ebfn qu\u00fd kh\u00e1ch\u2026<br \/>\n&nbsp;<br \/>\nKhi qu\u00fd kh\u00e1ch g\u1eb7p tr\u1ee5c tr\u1eb7c v\u1edbi s\u1ea3n ph\u1ea9m \u0111\u1eb7t mua t\u1ea1i https:\/\/banbientan.com\/ vui l\u00f2ng th\u1ef1c hi\u1ec7n c\u00e1c b\u01b0\u1edbc sau \u0111\u00e2y:<br \/>\nB\u01b0\u1edbc 1: T\u1ef1 ki\u1ec3m tra c\u00e1ch th\u1ee9c s\u1eed d\u1ee5ng s\u1ea3n ph\u1ea9m, c\u00e1c thao t\u00e1c \u0111\u01b0\u1ee3c h\u01b0\u1edbng d\u1eabn trong \u201cS\u00e1ch h\u01b0\u1edbng d\u1eabn s\u1eed d\u1ee5ng\u201d \u0111i k\u00e8m v\u1edbi m\u1ed7i s\u1ea3n ph\u1ea9m (n\u1ebfu c\u00f3).<br \/>\nB\u01b0\u1edbc 2: Qu\u00fd kh\u00e1ch li\u00ean h\u1ec7 v\u1edbi trung t\u00e2m k\u0129 thu\u1eadt\/ b\u1ea3o h\u00e0nh n\u1eb1m trong S\u00e1ch h\u01b0\u1edbng d\u1eabn s\u1eed d\u1ee5ng ho\u1eb7c phi\u1ebfu b\u1ea3o h\u00e0nh c\u1ee7a s\u1ea3n ph\u1ea9m (n\u1ebfu c\u00f3). \u0110\u1ed1i v\u1edbi m\u1ed9t v\u00e0i d\u00f2ng s\u1ea3n ph\u1ea9m ti\u00eau bi\u1ec3u, qu\u00fd kh\u00e1ch c\u00f3 th\u1ec3 t\u00ecm th\u1ea5y th\u00f4ng tin b\u1ea3o h\u00e0nh t\u1ea1i ph\u1ea7n m\u00f4 t\u1ea3 \u0111\u1ecba \u0111i\u1ec3m b\u1ea3o h\u00e0nh tr\u00ean website n\u1eb1m trong s\u1ea3n ph\u1ea9m qu\u00fd kh\u00e1ch \u0111\u1eb7t mua<br \/>\nN\u1ebfu kh\u00f4ng th\u1ec3 li\u00ean h\u1ec7 v\u1edbi trung t\u00e2m k\u0129 thu\u1eadt\/ b\u1ea3o h\u00e0nh c\u1ee7a s\u1ea3n ph\u1ea9m, h\u00e3y li\u00ean l\u1ea1c ngay v\u1edbi C\u00f4ng ty theo Hotline 0948.956.835<br \/>\n<strong>2. Ki\u1ec3m tra \u0111i\u1ec1u ki\u1ec7n \u0111\u1ed5i tr\u1ea3 \u2013 Ti\u1ebfn h\u00e0nh \u0111\u1ed5i tr\u1ea3<\/strong><br \/>\nN\u1ebfu C\u00f4ng ty nh\u1eadn \u0111\u01b0\u1ee3c s\u1ea3n ph\u1ea9m kh\u00f4ng \u0111\u00e1p \u1ee9ng \u0111i\u1ec1u ki\u1ec7n \u0111\u1ed5i \u2013 tr\u1ea3, Ch\u00fang t\u00f4i s\u1ebd t\u1ef1 \u0111\u1ed9ng g\u1eedi tr\u1ea3 l\u1ea1i s\u1ea3n ph\u1ea9m cho Qu\u00fd kh\u00e1ch.<br \/>\n\u0110\u1ed5i\/Tr\u1ea3 theo nhu c\u1ea7u kh\u00e1ch h\u00e0ng (\u0110\u1ed5i\/tr\u1ea3 h\u00e0ng v\u00ec kh\u00f4ng th\u00edch) \u0110\u1ed5i\/tr\u1ea3 t\u1ea1i v\u0103n ph\u00f2ng C\u00f4ng ty \u2013 Ph\u00ed \u0111\u1ed5i\/tr\u1ea3 l\u00e0 10%<br \/>\n&nbsp;<\/p>\n","protected":false},"excerpt":{"rendered":"<p>B\u1ea3o H\u00e0nh: T\u00f9y theo t\u1eebng h\u00e3ng m\u00e0 ch\u00fang t\u00f4i c\u00f3 ch\u00ednh s\u00e1ch b\u1ea3o h\u00e0nh kh\u00e1c nhau Ch\u00ednh s\u00e1ch \u0111\u1ed5i tr\u1ea3 h\u00e0ng Qu\u00fd kh\u00e1ch c\u00f3 th\u1ec3 th\u1ef1c hi\u1ec7n \u0111\u1ed5i tr\u1ea3 h\u00e0ng mi\u1ec5n ph\u00ed trong v\u00f2ng 03 ng\u00e0y k\u1ec3 t\u1eeb ng\u00e0y nh\u1eadn h\u00e0ng cho c\u00e1c s\u1ea3n ph\u1ea9m \u0111\u1eb7t mua t\u1ea1i https:\/\/banbientan.com\/ C\u00e1c s\u1ea3n ph\u1ea9m th\u1ef1c hi\u1ec7n \u0111\u1ed5i [&hellip;]<\/p>\n","protected":false},"author":2,"featured_media":0,"parent":0,"menu_order":0,"comment_status":"closed","ping_status":"closed","template":"","meta":{"footnotes":""},"class_list":["post-26475","page","type-page","status-publish","hentry"],"_links":{"self":[{"href":"https:\/\/hunglong.banbientan.com\/index.php?rest_route=\/wp\/v2\/pages\/26475","targetHints":{"allow":["GET"]}}],"collection":[{"href":"https:\/\/hunglong.banbientan.com\/index.php?rest_route=\/wp\/v2\/pages"}],"about":[{"href":"https:\/\/hunglong.banbientan.com\/index.php?rest_route=\/wp\/v2\/types\/page"}],"author":[{"embeddable":true,"href":"https:\/\/hunglong.banbientan.com\/index.php?rest_route=\/wp\/v2\/users\/2"}],"replies":[{"embeddable":true,"href":"https:\/\/hunglong.banbientan.com\/index.php?rest_route=%2Fwp%2Fv2%2Fcomments&post=26475"}],"version-history":[{"count":0,"href":"https:\/\/hunglong.banbientan.com\/index.php?rest_route=\/wp\/v2\/pages\/26475\/revisions"}],"wp:attachment":[{"href":"https:\/\/hunglong.banbientan.com\/index.php?rest_route=%2Fwp%2Fv2%2Fmedia&parent=26475"}],"curies":[{"name":"wp","href":"https:\/\/api.w.org\/{rel}","templated":true}]}}