{"id":5292,"date":"2012-07-09T19:36:17","date_gmt":"2012-07-09T12:36:17","guid":{"rendered":"https:\/\/banbientan.com\/?page_id=5292"},"modified":"2012-07-09T19:36:17","modified_gmt":"2012-07-09T12:36:17","slug":"unidrive-sp-free-standing","status":"publish","type":"page","link":"https:\/\/hunglong.banbientan.com\/?page_id=5292","title":{"rendered":"Unidrive SP free Standing"},"content":{"rendered":"<p><strong>Unidrive SP free Standing \u2013 d\u1ea1ng t\u1ee7 c\u00f4ng su\u1ea5t l\u1edbn l\u1eafp gh\u00e9p, s\u1eb5n s\u00e0ng ho\u1ea1t \u0111\u1ed9ng<\/strong><br \/>\n<a href=\"https:\/\/banbientan.com\/wp-content\/uploads\/2012\/07\/Unidrive-SP.jpg\"><img loading=\"lazy\" decoding=\"async\" class=\"alignnone size-full wp-image-5287\" title=\"Unidrive SP\" src=\"https:\/\/banbientan.com\/wp-content\/uploads\/2012\/07\/Unidrive-SP.jpg\" alt=\"\" width=\"170\" height=\"100\" \/><\/a>\u00a0 \u00a0 \u00a0 \u00a0 \u00a0 \u00a0 \u00a0 \u00a0 \u00a0\u00a0<a href=\"https:\/\/banbientan.com\/wp-content\/uploads\/2012\/07\/Unidrive-SP-3.jpg\"><img loading=\"lazy\" decoding=\"async\" class=\"alignnone size-full wp-image-5288\" title=\"Unidrive SP 3\" src=\"https:\/\/banbientan.com\/wp-content\/uploads\/2012\/07\/Unidrive-SP-3.jpg\" alt=\"\" width=\"170\" height=\"134\" \/><\/a><br \/>\n<strong><span style=\"font-size: medium;\"><a href=\"https:\/\/banbientan.com\/wp-content\/uploads\/2012\/07\/SPAdvancedUsersGuide.pdf\">T\u00e0i li\u1ec7u c\u00e0i \u0111\u1eb7t ti\u1ebfng anh bi\u1ebfn t\u1ea7n SP<\/a><\/span><\/strong><br \/>\n<strong><span style=\"font-size: medium;\"><a href=\"https:\/\/banbientan.com\/wp-content\/uploads\/2012\/07\/Unidrive-SP-Free-standing.pdf\">Catalog ti\u1ebfng vi\u1ec7t bi\u1ebfn t\u1ea7n Unidrive-SP-Free-standing<\/a><\/span><\/strong><br \/>\nD\u1ea3i c\u00f4ng su\u00e2t:\u00a090-1.6MW (125HP-2,000 HP)<br \/>\nD\u1ea3i \u0111i\u1ec7n \u00e1p: \u00a0400\/575\/690V<br \/>\nUnidrive SP \u201cFree Standing \u201c l\u00e0 b\u1ed9 \u0111i\u1ec1u khi\u1ec3n \u0111\u01b0\u1ee3c l\u1eafp s\u1eb5n trong t\u1ee7 \u0111\u00e3 ki\u1ec3m tra v\u1edbi c\u1ea5u h\u00ecnh \u0111\u1ea7u v\u00e0o AC v\u00e0 \u0111\u1ea7u ra AC cho \u0111\u1ed9ng c\u01a1. To\u00e0n b\u1ed9 t\u1ee7 \u0111\u00e3 \u0111\u01b0\u1ee3c ch\u1ee9ng nh\u1eadn tu\u00e2n th\u1ee7 theo ti\u00eau chu\u1ea9n qu\u1ed1c t\u1ebf nh\u01b0 CE v\u00e0 UL. Thi\u1ebft k\u1ebf v\u00e0 c\u00e1c ch\u1ee9ng nh\u1eadn qu\u1ed1c t\u1ebf gi\u00fap b\u1ea1n gi\u1ea3i ph\u00f3ng ngu\u1ed3n nh\u00e2n l\u1ef1c k\u1ef9 thu\u1eadt ch\u1ec9 chuy\u00ean t\u00e2m v\u00e0o \u1ee9ng d\u1ee5ng c\u1ee7a b\u1ea1n.<br \/>\n&nbsp;<br \/>\n<strong>\u0110i\u1ec1u khi\u1ec3n Unidrive SP s\u1eb5n s\u00e0ng s\u1eed d\u1ee5ng thu\u1eadn ti\u1ec7n<\/strong><strong><\/strong><br \/>\nUnidrive SP \u201c Free Standing\u201d c\u00f3 c\u00f9ng chung n\u1ec1n t\u1ea3ng \u0111i\u1ec1u khi\u1ec3n nh\u01b0 Unidrive SP \u201c Modular\u201d v\u00e0 Unidrive SP \u201c Panel Mount\u201d, c\u00f3 3 khe c\u1eafm d\u00e0nh cho c\u00e1c g\u1eafn th\u00eam c\u00e1c m\u00f4 \u0111un t\u00f9y ch\u1ecdn, t\u00edch h\u1ee3p \u0111i\u1ec1u khi\u1ec3n \u0111\u1ed9ng c\u01a1 hi\u1ec7u su\u1ea5t cao, t\u00ednh n\u0103ng m\u1ea1nh v\u00e0 \u0111i\u1ec1u khi\u1ec3n t\u1ef1 \u0111\u1ed9ng. Ch\u1ec9 l\u00e0 th\u00eam s\u1ef1 thu\u1eadn ti\u1ec7n cho h\u1ec7 th\u1ed1ng c\u00f4ng su\u1ea5t l\u1edbn.<br \/>\nB\u1ed9 \u0111i\u1ec1u khi\u1ec3n n\u00e0y c\u00f3 th\u1ec3 \u0111\u1eb7t h\u00e0ng v\u1edbi nh\u00e0 m\u00e1y , g\u1eafn s\u1eb5n c\u00e1c thi\u1ebft b\u1ecb c\u00e1ch ly v\u1edbi ngu\u1ed3n c\u1ea5p. Ngh\u0129a l\u00e0 b\u1ed9 \u0111i\u1ec1u khi\u1ec3n \u0111\u00e3 s\u1eb5n t\u1ea5t c\u1ea3 cho vi\u1ec7c \u0111\u1ea5u n\u1ed1i khi giao h\u00e0ng t\u1eadn n\u01a1i , gi\u1ea3m th\u1eddi gian l\u1eafp \u0111\u1eb7t c\u0169ng nh\u01b0 n\u1ed7 l\u1ef1c k\u1ef9 thu\u1eadt c\u1ee7a kh\u00e1ch h\u00e0ng.<br \/>\n<strong>T\u1ee7 \u0111i\u1ec1u khi\u1ec3n g\u1ecdn<\/strong><br \/>\nT\u1ee7 Unidrive SP \u201c Free Standing\u201d r\u1ea5t g\u1ecdn , v\u00ed d\u1ee5 b\u1ed9 \u0111i\u1ec1u khi\u1ec3n c\u00f4ng su\u1ea5t 355kW(500HP) ch\u1ec9 c\u00f3 400mm chi\u1ec1u r\u1ed9ng v\u00e0 chi\u1ec1u r\u1ed9ng 800mm \u0111\u1ed1i v\u1edbi t\u1ee7 c\u00f4ng su\u1ea5t 675kW(1000HP). \u0110i\u1ec1u n\u00e0y gi\u00fap Unidrive SP \u201c Free Standing\u201d lu\u00f4n l\u00e0 l\u1ef1a ch\u1ecdn r\u00f5 r\u00e0ng d\u00e0nh cho nh\u1eefng n\u01a1i c\u00f3 v\u1ea5n \u0111\u1ec1 v\u1ec1 kh\u00f4ng gian ch\u1eb3ng h\u1ea1n cho c\u00e1c \u1ee9ng d\u1ee5ng ti\u1ebft ki\u1ec7m n\u0103ng l\u01b0\u1ee3ng l\u1eafp m\u1edbi hay c\u1ea3i t\u1ea1o. T\u1ea5t c\u1ea3 c\u00e1c b\u1ed9 \u0111i\u1ec1u khi\u1ec3n \u0111\u01b0\u1ee3c v\u1eadn chuy\u1ec3n v\u1edbi chi\u1ec1u r\u1ed9ng 400mm r\u1ea5t d\u1ec5 d\u00e0ng gh\u00e9p n\u1ed1i. \u0111i\u1ec1u n\u00e0y c\u0169ng gi\u00fap Unidrive SP \u201cFree Standing \u201c r\u1ea5t d\u1ec5 d\u00e0ng v\u1eadn chuy\u1ec3n v\u00e0 x\u1ebfp v\u00e0o v\u1ecb tr\u00ed.<br \/>\n<strong>Kh\u1eb3ng \u0111\u1ecbnh \u0111\u1ed9 tin c\u1eady<\/strong><br \/>\nUnidrive SP \u201c Free Standing\u201d s\u1eed d\u1ee5ng c\u00e1c m\u00f4 \u0111un s\u1ea3n xu\u1ea5t s\u1ed1 l\u01b0\u1ee3ng l\u1edbn v\u1edbi thi\u1ebft k\u1ebf v\u00e0 \u0111\u1ed9 tin c\u1eady \u0111\u00e3 \u0111\u01b0\u1ee3c kh\u1eb3ng \u0111\u1ecbnh. C\u00e1c m\u00f4 \u0111un v\u00e0 t\u1ee7 \u0111\u01b0\u1ee3c l\u1eafp r\u00e1p theo quy tr\u00ecnh tu\u1ea7n t\u1ef1 h\u1ea1n ch\u1ebf s\u1ef1 bi\u1ebfn th\u1ec3 v\u00e0 cho ra ch\u1ea5t l\u01b0\u1ee3ng cao \u1ed5n \u0111\u1ecbnh.\u00a0 Thi\u1ebft k\u1ebf \u0111i\u1ec7n v\u00e0 gi\u1ea3i nhi\u1ec7t tuy\u1ec7t v\u1eddi v\u00e0 m\u00f4 ph\u1ecfng tr\u00ean m\u00e1y t\u00ednh b\u1ea3o \u0111\u1ea3m s\u1ea3n ph\u1ea9m c\u00f3 tu\u1ed5i th\u1ecd ho\u1ea1t \u0111\u1ed9ng l\u00e2u d\u00e0i m\u00e0 kh\u00f4ng c\u00f3 s\u1ef1 c\u1ed1.<br \/>\n<strong>Ratings<\/strong><strong><\/strong><br \/>\n&nbsp;<\/p>\n<table border=\"1\" cellspacing=\"0\" cellpadding=\"0\">\n<tbody>\n<tr>\n<td rowspan=\"3\" width=\"61\">\n<p align=\"center\"><span style=\"font-size: x-small;\"><strong>\u00a0<\/strong><\/span><\/p>\n<\/td>\n<td colspan=\"2\" width=\"128\">\n<p align=\"center\"><span style=\"font-size: x-small;\"><strong>\u00a0<\/strong><\/span><\/p>\n<\/td>\n<td colspan=\"4\" width=\"258\">\n<p align=\"center\"><span style=\"font-size: x-small;\"><strong>NORMAL DUTY<sup>\u00a0[3]<\/sup><\/strong><\/span><\/p>\n<\/td>\n<td colspan=\"3\" width=\"189\">\n<p align=\"center\"><span style=\"font-size: x-small;\"><strong>HEAVY DUTY<sup>\u00a0[3]<\/sup><\/strong><\/span><\/p>\n<\/td>\n<\/tr>\n<tr>\n<td colspan=\"2\" width=\"128\">\n<p align=\"center\"><span style=\"font-size: x-small;\"><strong>COMPACT WIDTH (mm)<\/strong><\/span><\/p>\n<\/td>\n<td rowspan=\"2\" width=\"75\">\n<p align=\"center\"><span style=\"font-size: x-small;\"><strong>ORDER<br \/>\nCODE<\/strong><strong><\/strong><\/span><\/p>\n<\/td>\n<td rowspan=\"2\" width=\"59\">\n<p align=\"center\"><span style=\"font-size: x-small;\"><strong>MAX<br \/>\nCONT. CURRENT (A)<\/strong><\/span><\/p>\n<\/td>\n<td rowspan=\"2\" width=\"64\">\n<p align=\"center\"><span style=\"font-size: x-small;\"><strong>TYPICAL MOTOR OUTPUT<br \/>\n@ 400V (kW)<\/strong><strong><\/strong><\/span><\/p>\n<\/td>\n<td rowspan=\"2\" width=\"61\">\n<p align=\"center\"><span style=\"font-size: x-small;\"><strong>TYPICAL MOTOR OUTPUT<br \/>\n@ 460V (HP)<\/strong><strong><\/strong><\/span><\/p>\n<\/td>\n<td rowspan=\"2\" width=\"67\">\n<p align=\"center\"><span style=\"font-size: x-small;\"><strong>MAX<br \/>\nCONT. CURRENT (A)<\/strong><strong><\/strong><\/span><\/p>\n<\/td>\n<td rowspan=\"2\" width=\"61\">\n<p align=\"center\"><span style=\"font-size: x-small;\"><strong>TYPICAL MOTOR OUTPUT<br \/>\n@ 400V (kW)<\/strong><strong><\/strong><\/span><\/p>\n<\/td>\n<td rowspan=\"2\" width=\"61\">\n<p align=\"center\"><span style=\"font-size: x-small;\"><strong>TYPICAL MOTOR OUTPUT<br \/>\n@ 460V (HP)<\/strong><strong><\/strong><\/span><\/p>\n<\/td>\n<\/tr>\n<tr>\n<td width=\"48\">\n<p align=\"center\"><span style=\"font-size: x-small;\"><strong>DRIVE ONLY<\/strong><strong><\/strong><\/span><\/p>\n<\/td>\n<td width=\"80\">\n<p align=\"center\"><span style=\"font-size: x-small;\"><strong>WITH SWITCH<br \/>\nDIS &#8211;<br \/>\nCONNECTOR<\/strong><strong><\/strong><\/span><\/p>\n<\/td>\n<\/tr>\n<tr>\n<td rowspan=\"16\" width=\"61\">\n<p align=\"center\"><span style=\"font-size: x-small;\"><strong>380-480Vac +\/-10-%<\/strong><strong><\/strong><\/span><\/p>\n<\/td>\n<td rowspan=\"8\" width=\"48\">\n<p align=\"center\"><span style=\"font-size: x-small;\">400<\/span><\/p>\n<\/td>\n<td rowspan=\"4\" width=\"80\">\n<p align=\"center\"><span style=\"font-size: x-small;\">400<\/span><\/p>\n<\/td>\n<td width=\"75\">\n<p align=\"center\"><span style=\"font-size: x-small;\">SP64x1<\/span><\/p>\n<\/td>\n<td width=\"59\">\n<p align=\"center\"><span style=\"font-size: x-small;\">205<\/span><\/p>\n<\/td>\n<td width=\"64\">\n<p align=\"center\"><span style=\"font-size: x-small;\">110<\/span><\/p>\n<\/td>\n<td width=\"61\">\n<p align=\"center\"><span style=\"font-size: x-small;\">150<\/span><\/p>\n<\/td>\n<td width=\"67\">\n<p align=\"center\"><span style=\"font-size: x-small;\">180<\/span><\/p>\n<\/td>\n<td width=\"61\">\n<p align=\"center\"><span style=\"font-size: x-small;\">90<\/span><\/p>\n<\/td>\n<td width=\"61\">\n<p align=\"center\"><span style=\"font-size: x-small;\">150<\/span><\/p>\n<\/td>\n<\/tr>\n<tr>\n<td width=\"75\">\n<p align=\"center\"><span style=\"font-size: x-small;\">SP64x2<\/span><\/p>\n<\/td>\n<td width=\"59\">\n<p align=\"center\"><span style=\"font-size: x-small;\">236<\/span><\/p>\n<\/td>\n<td width=\"64\">\n<p align=\"center\"><span style=\"font-size: x-small;\">132<\/span><\/p>\n<\/td>\n<td width=\"61\">\n<p align=\"center\"><span style=\"font-size: x-small;\">200<\/span><\/p>\n<\/td>\n<td width=\"67\">\n<p align=\"center\"><span style=\"font-size: x-small;\">210<\/span><\/p>\n<\/td>\n<td width=\"61\">\n<p align=\"center\"><span style=\"font-size: x-small;\">110<\/span><\/p>\n<\/td>\n<td width=\"61\">\n<p align=\"center\"><span style=\"font-size: x-small;\">150<\/span><\/p>\n<\/td>\n<\/tr>\n<tr>\n<td width=\"75\">\n<p align=\"center\"><span style=\"font-size: x-small;\">SP74x1<\/span><\/p>\n<\/td>\n<td width=\"59\">\n<p align=\"center\"><span style=\"font-size: x-small;\">290<\/span><\/p>\n<\/td>\n<td width=\"64\">\n<p align=\"center\"><span style=\"font-size: x-small;\">160<\/span><\/p>\n<\/td>\n<td width=\"61\">\n<p align=\"center\"><span style=\"font-size: x-small;\">250<\/span><\/p>\n<\/td>\n<td width=\"67\">\n<p align=\"center\"><span style=\"font-size: x-small;\">238<\/span><\/p>\n<\/td>\n<td width=\"61\">\n<p align=\"center\"><span style=\"font-size: x-small;\">132<\/span><\/p>\n<\/td>\n<td width=\"61\">\n<p align=\"center\"><span style=\"font-size: x-small;\">200<\/span><\/p>\n<\/td>\n<\/tr>\n<tr>\n<td width=\"75\">\n<p align=\"center\"><span style=\"font-size: x-small;\">SP74x2<sup>[4]<\/sup><\/span><\/p>\n<\/td>\n<td width=\"59\">\n<p align=\"center\"><span style=\"font-size: x-small;\">350<\/span><\/p>\n<\/td>\n<td width=\"64\">\n<p align=\"center\"><span style=\"font-size: x-small;\">200<\/span><\/p>\n<\/td>\n<td width=\"61\">\n<p align=\"center\"><span style=\"font-size: x-small;\">250<\/span><\/p>\n<\/td>\n<td width=\"67\">\n<p align=\"center\"><span style=\"font-size: x-small;\">290<\/span><\/p>\n<\/td>\n<td width=\"61\">\n<p align=\"center\"><span style=\"font-size: x-small;\">160<\/span><\/p>\n<\/td>\n<td width=\"61\">\n<p align=\"center\"><span style=\"font-size: x-small;\">250<\/span><\/p>\n<\/td>\n<\/tr>\n<tr>\n<td rowspan=\"4\" width=\"80\">\n<p align=\"center\"><span style=\"font-size: x-small;\">800<\/span><\/p>\n<\/td>\n<td width=\"75\">\n<p align=\"center\"><span style=\"font-size: x-small;\">SP84x1<\/span><\/p>\n<\/td>\n<td width=\"59\">\n<p align=\"center\"><span style=\"font-size: x-small;\">389<\/span><\/p>\n<\/td>\n<td width=\"64\">\n<p align=\"center\"><span style=\"font-size: x-small;\">225<\/span><\/p>\n<\/td>\n<td width=\"61\">\n<p align=\"center\"><span style=\"font-size: x-small;\">300<\/span><\/p>\n<\/td>\n<td width=\"67\">\n<p align=\"center\"><span style=\"font-size: x-small;\">335<\/span><\/p>\n<\/td>\n<td width=\"61\">\n<p align=\"center\"><span style=\"font-size: x-small;\">185<\/span><\/p>\n<\/td>\n<td width=\"61\">\n<p align=\"center\"><span style=\"font-size: x-small;\">250<\/span><\/p>\n<\/td>\n<\/tr>\n<tr>\n<td width=\"75\">\n<p align=\"center\"><span style=\"font-size: x-small;\">SP84x2<\/span><\/p>\n<\/td>\n<td width=\"59\">\n<p align=\"center\"><span style=\"font-size: x-small;\">450<\/span><\/p>\n<\/td>\n<td width=\"64\">\n<p align=\"center\"><span style=\"font-size: x-small;\">250<\/span><\/p>\n<\/td>\n<td width=\"61\">\n<p align=\"center\"><span style=\"font-size: x-small;\">400<\/span><\/p>\n<\/td>\n<td width=\"67\">\n<p align=\"center\"><span style=\"font-size: x-small;\">389<\/span><\/p>\n<\/td>\n<td width=\"61\">\n<p align=\"center\"><span style=\"font-size: x-small;\">225<\/span><\/p>\n<\/td>\n<td width=\"61\">\n<p align=\"center\"><span style=\"font-size: x-small;\">300<\/span><\/p>\n<\/td>\n<\/tr>\n<tr>\n<td width=\"75\">\n<p align=\"center\"><span style=\"font-size: x-small;\">SP84x3<\/span><\/p>\n<\/td>\n<td width=\"59\">\n<p align=\"center\"><span style=\"font-size: x-small;\">545<\/span><\/p>\n<\/td>\n<td width=\"64\">\n<p align=\"center\"><span style=\"font-size: x-small;\">315<\/span><\/p>\n<\/td>\n<td width=\"61\">\n<p align=\"center\"><span style=\"font-size: x-small;\">450<\/span><\/p>\n<\/td>\n<td width=\"67\">\n<p align=\"center\"><span style=\"font-size: x-small;\">450<\/span><\/p>\n<\/td>\n<td width=\"61\">\n<p align=\"center\"><span style=\"font-size: x-small;\">250<\/span><\/p>\n<\/td>\n<td width=\"61\">\n<p align=\"center\"><span style=\"font-size: x-small;\">350<\/span><\/p>\n<\/td>\n<\/tr>\n<tr>\n<td width=\"75\">\n<p align=\"center\"><span style=\"font-size: x-small;\">SP84x4<\/span><\/p>\n<\/td>\n<td width=\"59\">\n<p align=\"center\"><span style=\"font-size: x-small;\">620<\/span><\/p>\n<\/td>\n<td width=\"64\">\n<p align=\"center\"><span style=\"font-size: x-small;\">355<\/span><\/p>\n<\/td>\n<td width=\"61\">\n<p align=\"center\"><span style=\"font-size: x-small;\">500<\/span><\/p>\n<\/td>\n<td width=\"67\">\n<p align=\"center\"><span style=\"font-size: x-small;\">545<\/span><\/p>\n<\/td>\n<td width=\"61\">\n<p align=\"center\"><span style=\"font-size: x-small;\">315<\/span><\/p>\n<\/td>\n<td width=\"61\">\n<p align=\"center\"><span style=\"font-size: x-small;\">400<\/span><\/p>\n<\/td>\n<\/tr>\n<tr>\n<td rowspan=\"5\" width=\"48\">\n<p align=\"center\"><span style=\"font-size: x-small;\">800<\/span><\/p>\n<\/td>\n<td rowspan=\"5\" width=\"80\">\n<p align=\"center\"><span style=\"font-size: x-small;\">1200<\/span><\/p>\n<\/td>\n<td width=\"75\">\n<p align=\"center\"><span style=\"font-size: x-small;\">SP94x0<\/span><\/p>\n<\/td>\n<td width=\"59\">\n<p align=\"center\"><span style=\"font-size: x-small;\">690<\/span><\/p>\n<\/td>\n<td width=\"64\">\n<p align=\"center\"><span style=\"font-size: x-small;\">400<\/span><\/p>\n<\/td>\n<td width=\"61\">\n<p align=\"center\"><span style=\"font-size: x-small;\">600<\/span><\/p>\n<\/td>\n<td width=\"67\">\n<p align=\"center\"><span style=\"font-size: x-small;\">593<\/span><\/p>\n<\/td>\n<td width=\"61\">\n<p align=\"center\"><span style=\"font-size: x-small;\">315<\/span><\/p>\n<\/td>\n<td width=\"61\">\n<p align=\"center\"><span style=\"font-size: x-small;\">500<\/span><\/p>\n<\/td>\n<\/tr>\n<tr>\n<td width=\"75\">\n<p align=\"center\"><span style=\"font-size: x-small;\">SP94x1<\/span><\/p>\n<\/td>\n<td width=\"59\">\n<p align=\"center\"><span style=\"font-size: x-small;\">690<\/span><\/p>\n<\/td>\n<td width=\"64\">\n<p align=\"center\"><span style=\"font-size: x-small;\">400<\/span><\/p>\n<\/td>\n<td width=\"61\">\n<p align=\"center\"><span style=\"font-size: x-small;\">600<\/span><\/p>\n<\/td>\n<td width=\"67\">\n<p align=\"center\"><span style=\"font-size: x-small;\">620<\/span><\/p>\n<\/td>\n<td width=\"61\">\n<p align=\"center\"><span style=\"font-size: x-small;\">355<\/span><\/p>\n<\/td>\n<td width=\"61\">\n<p align=\"center\"><span style=\"font-size: x-small;\">500<\/span><\/p>\n<\/td>\n<\/tr>\n<tr>\n<td width=\"75\">\n<p align=\"center\"><span style=\"font-size: x-small;\">SP94x3<\/span><\/p>\n<\/td>\n<td width=\"59\">\n<p align=\"center\"><span style=\"font-size: x-small;\">900<\/span><\/p>\n<\/td>\n<td width=\"64\">\n<p align=\"center\"><span style=\"font-size: x-small;\">500<\/span><\/p>\n<\/td>\n<td width=\"61\">\n<p align=\"center\"><span style=\"font-size: x-small;\">800<\/span><\/p>\n<\/td>\n<td width=\"67\">\n<p align=\"center\"><span style=\"font-size: x-small;\">790<\/span><\/p>\n<\/td>\n<td width=\"61\">\n<p align=\"center\"><span style=\"font-size: x-small;\">450<\/span><\/p>\n<\/td>\n<td width=\"61\">\n<p align=\"center\"><span style=\"font-size: x-small;\">700<\/span><\/p>\n<\/td>\n<\/tr>\n<tr>\n<td width=\"75\">\n<p align=\"center\"><span style=\"font-size: x-small;\">SP94x4<\/span><\/p>\n<\/td>\n<td width=\"59\">\n<p align=\"center\"><span style=\"font-size: x-small;\">1010<\/span><\/p>\n<\/td>\n<td width=\"64\">\n<p align=\"center\"><span style=\"font-size: x-small;\">560<\/span><\/p>\n<\/td>\n<td width=\"61\">\n<p align=\"center\"><span style=\"font-size: x-small;\">900<\/span><\/p>\n<\/td>\n<td width=\"67\">\n<p align=\"center\"><span style=\"font-size: x-small;\">900<\/span><\/p>\n<\/td>\n<td width=\"61\">\n<p align=\"center\"><span style=\"font-size: x-small;\">500<\/span><\/p>\n<\/td>\n<td width=\"61\">\n<p align=\"center\"><span style=\"font-size: x-small;\">800<\/span><\/p>\n<\/td>\n<\/tr>\n<tr>\n<td width=\"75\">\n<p align=\"center\"><span style=\"font-size: x-small;\">SP94x5<\/span><\/p>\n<\/td>\n<td width=\"59\">\n<p align=\"center\"><span style=\"font-size: x-small;\">1164<\/span><\/p>\n<\/td>\n<td width=\"64\">\n<p align=\"center\"><span style=\"font-size: x-small;\">675<\/span><\/p>\n<\/td>\n<td width=\"61\">\n<p align=\"center\"><span style=\"font-size: x-small;\">1000<\/span><\/p>\n<\/td>\n<td width=\"67\">\n<p align=\"center\"><span style=\"font-size: x-small;\">1010<\/span><\/p>\n<\/td>\n<td width=\"61\">\n<p align=\"center\"><span style=\"font-size: x-small;\">560<\/span><\/p>\n<\/td>\n<td width=\"61\">\n<p align=\"center\"><span style=\"font-size: x-small;\">900<\/span><\/p>\n<\/td>\n<\/tr>\n<tr>\n<td width=\"48\">\n<p align=\"center\"><span style=\"font-size: x-small;\">1200<\/span><\/p>\n<\/td>\n<td rowspan=\"3\" width=\"80\">\n<p align=\"center\"><span style=\"font-size: x-small;\">Not Available<\/span><\/p>\n<\/td>\n<td width=\"75\">\n<p align=\"center\"><span style=\"font-size: x-small;\">SP94x5<\/span><br \/>\n<span style=\"font-size: x-small;\"> + 1 x SP94x5<\/span><br \/>\n<span style=\"font-size: x-small;\"> Ext,<\/span><\/p>\n<\/td>\n<td width=\"59\">\n<p align=\"center\"><span style=\"font-size: x-small;\">1746<\/span><\/p>\n<\/td>\n<td width=\"64\">\n<p align=\"center\"><span style=\"font-size: x-small;\">960<\/span><\/p>\n<\/td>\n<td width=\"61\">\n<p align=\"center\"><span style=\"font-size: x-small;\">1500<\/span><\/p>\n<\/td>\n<td width=\"67\">\n<p align=\"center\"><span style=\"font-size: x-small;\">1515<\/span><\/p>\n<\/td>\n<td width=\"61\">\n<p align=\"center\"><span style=\"font-size: x-small;\">830<\/span><\/p>\n<\/td>\n<td width=\"61\">\n<p align=\"center\"><span style=\"font-size: x-small;\">1250<\/span><\/p>\n<\/td>\n<\/tr>\n<tr>\n<td width=\"48\">\n<p align=\"center\"><span style=\"font-size: x-small;\">1600<\/span><\/p>\n<\/td>\n<td width=\"75\">\n<p align=\"center\"><span style=\"font-size: x-small;\">SP94x5<\/span><br \/>\n<span style=\"font-size: x-small;\"> + 2 x SP94x5<\/span><br \/>\n<span style=\"font-size: x-small;\"> Ext.<\/span><\/p>\n<\/td>\n<td width=\"59\">\n<p align=\"center\"><span style=\"font-size: x-small;\">2328<\/span><\/p>\n<\/td>\n<td width=\"64\">\n<p align=\"center\"><span style=\"font-size: x-small;\">1280<\/span><\/p>\n<\/td>\n<td width=\"61\">\n<p align=\"center\"><span style=\"font-size: x-small;\">2000<\/span><\/p>\n<\/td>\n<td width=\"67\">\n<p align=\"center\"><span style=\"font-size: x-small;\">2020<\/span><\/p>\n<\/td>\n<td width=\"61\">\n<p align=\"center\"><span style=\"font-size: x-small;\">1110<\/span><\/p>\n<\/td>\n<td width=\"61\">\n<p align=\"center\"><span style=\"font-size: x-small;\">1750<\/span><\/p>\n<\/td>\n<\/tr>\n<tr>\n<td width=\"48\">\n<p align=\"center\"><span style=\"font-size: x-small;\">2000<\/span><\/p>\n<\/td>\n<td width=\"75\">\n<p align=\"center\"><span style=\"font-size: x-small;\">SP94x5<\/span><br \/>\n<span style=\"font-size: x-small;\"> + 3 x SP94x5<\/span><br \/>\n<span style=\"font-size: x-small;\"> Ext.<\/span><\/p>\n<\/td>\n<td width=\"59\">\n<p align=\"center\"><span style=\"font-size: x-small;\">2910<\/span><\/p>\n<\/td>\n<td width=\"64\">\n<p align=\"center\"><span style=\"font-size: x-small;\">1600<\/span><\/p>\n<\/td>\n<td width=\"61\">\n<p align=\"center\"><span style=\"font-size: x-small;\">2500<\/span><\/p>\n<\/td>\n<td width=\"67\">\n<p align=\"center\"><span style=\"font-size: x-small;\">2525<\/span><\/p>\n<\/td>\n<td width=\"61\">\n<p align=\"center\"><span style=\"font-size: x-small;\">1380<\/span><\/p>\n<\/td>\n<td width=\"61\">\n<p align=\"center\"><span style=\"font-size: x-small;\">2150<\/span><\/p>\n<\/td>\n<\/tr>\n<\/tbody>\n<\/table>\n<p>Ratings shown are for IP21 at 40\u00b0C ambient or IP23 at 30\u00b0C ambient, 3kHz switching frequency and 1000m altitude.<br \/>\n&nbsp;<br \/>\nGi\u1ea3i c\u00f4ng su\u1ea5t tr\u00ean \u00e1p d\u1ee5ng cho c\u1ea5p b\u1ea3o v\u1ec7 IP21 t\u1ea1i nhi\u1ec7t \u0111\u1ed9 40<sup>o<\/sup>C hay c\u1ea5p b\u1ea3o v\u1ec7 IP23 t\u1ea1i nhi\u1ec7t \u0111\u1ed9 30<sup>o<\/sup>C, t\u1ea7n s\u1ed1 \u0111\u00f3ng ng\u1eaft 3kHz v\u00e0 \u0111\u1ed9 cao l\u00e0 1000m.<br \/>\n&nbsp;<\/p>\n<table border=\"1\" cellspacing=\"0\" cellpadding=\"0\">\n<tbody>\n<tr>\n<td width=\"168\">T\u1ea3i nh\u1eb9\u00a0 (normal duty)<\/td>\n<td width=\"502\">Ph\u00f9 h\u1ee3p cho h\u1ea7u h\u1ebft c\u00e1c \u1ee9ng d\u1ee5ng, d\u00f2ng qu\u00e1 t\u1ea3i l\u00e0 110% trong v\u00f2ng 165s. Khi d\u00f2ng \u0111\u1ecbng m\u1ee9c \u0111\u1ed9ng c\u01a1 nh\u1ecf h\u01a1n d\u00f2ng \u0111\u1ecbnh m\u1ee9c c\u1ee7a b\u1ed9 \u0111i\u1ec1u khi\u1ec3n th\u00ec kh\u1ea3 n\u0103ng qu\u00e1 t\u1ea3i cao h\u01a1n.<\/td>\n<\/tr>\n<tr>\n<td width=\"168\">T\u1ea3i n\u1eb7ng (heavy duty)<\/td>\n<td width=\"502\">Ph\u00f9 h\u1ee3p cho c\u00e1c s\u1ed1 \u1ee9ng d\u1ee5ng y\u00eau c\u1ea7u, d\u00f2ng qu\u00e1 t\u1ea3i l\u00ean \u0111\u1ebfn 150% trong v\u00f2ng 60s.<\/td>\n<\/tr>\n<\/tbody>\n<\/table>\n<p><strong>\u00a0<\/strong><strong>An to\u00e0n v\u1ec1 m\u00f4i tr\u01b0\u1eddng v\u00e0 tu\u00e2n th\u1ee7 v\u1ec3 \u0111i\u1ec7n<\/strong><strong>\u00a0<\/strong><br \/>\n\u00b7\u00a0\u00a0\u00a0\u00a0\u00a0\u00a0\u00a0\u0110\u1ed9 \u1ea9m t\u1ed1i \u0111a 95% (kh\u00f4ng ng\u01b0ng t\u1ee5) t\u1ea1i nhi\u1ec7t\u00a0 \u0111\u1ed9 40<sup>o<\/sup>C.<strong><\/strong><br \/>\n\u00b7\u00a0\u00a0\u00a0\u00a0\u00a0\u00a0\u00a0\u0110\u1ed9 cao 0-3000m. Suy gi\u1ea3m 1% cho m\u1ed7i 100m cho \u0111\u1ed9 cao n\u1eb1m gi\u1eefa 1000m-3000m.<strong><\/strong><br \/>\n\u00b7\u00a0\u00a0\u00a0\u00a0\u00a0\u00a0\u00a0Rung \u0111\u1ed9ng : ki\u1ec3m tra tu\u00e2n th\u1ee7 theo ti\u00eau chu\u1ea9n IEC 60068-2-34.<strong><\/strong><br \/>\n\u00b7\u00a0\u00a0\u00a0\u00a0\u00a0\u00a0\u00a0Ki\u1ec3m tra s\u1ed1c c\u01a1 kh\u00ed : tu\u00e2n th\u1ee7 theo ti\u00eau chu\u1ea9n IEC60068-2-27.<strong><\/strong><br \/>\n\u00b7\u00a0\u00a0\u00a0\u00a0\u00a0\u00a0\u00a0Nhi\u1ec7t \u0111\u1ed9 c\u1ea5t gi\u1eef : &#8211; 40<sup>o<\/sup>C t\u1edbi\u00a0\u00a0 50<sup>o<\/sup>C.<strong><\/strong><br \/>\n\u00b7\u00a0\u00a0\u00a0\u00a0\u00a0\u00a0\u00a0Mi\u1ec5n nhi\u1ec3m \u0111i\u1ec7n t\u1eeb : t\u01b0\u01a1ng th\u00edch theo EN61800-3 v\u00e0 EN61000-6-2.<strong><\/strong><br \/>\n\u00b7\u00a0\u00a0\u00a0\u00a0\u00a0\u00a0\u00a0V\u1edbi b\u1ed9 l\u1ecdc EMC g\u1eb5n s\u1eb5n , t\u01b0\u01a1ng th\u00edch EN61800-3 ( m\u00f4i tr\u01b0\u1eddng 2).<strong><\/strong><br \/>\n\u00b7\u00a0\u00a0\u00a0\u00a0\u00a0\u00a0\u00a0T\u01b0\u01a1ng th\u00edch chu\u1ea9n EN61000-6-4 khi g\u1eafn th\u00eam b\u1ed9 l\u1ecdc EMC ( li\u00ean h\u1ec7 v\u1edbi nh\u00e0 cung c\u1ea5p).<strong><\/strong><br \/>\n\u00b7\u00a0\u00a0\u00a0\u00a0\u00a0\u00a0\u00a0C\u00e1c y\u00eau c\u1ea7u chung tu\u00e2n th\u1ee7 theo IEC 60146-1-1.<strong><\/strong><br \/>\n\u00b7\u00a0\u00a0\u00a0\u00a0\u00a0\u00a0\u00a0An to\u00e0n cho ph\u1ea7n c\u00f4ng su\u1ea5t theo chu\u1ea9n IEC 61800-5-1.<strong><\/strong><br \/>\n\u00b7\u00a0\u00a0\u00a0\u00a0\u00a0\u00a0\u00a0\u0110\u1ea7u v\u00e0o \/ ra tu\u00e2n th\u1ee7 theo IEC 61131-2.<strong><\/strong><br \/>\n\u00b7\u00a0\u00a0\u00a0\u00a0\u00a0\u00a0\u00a0B\u1ea3o v\u1ec7 ch\u1ed1ng x\u00e2m nh\u1eadp theo chu\u1ea9n EN60529.<strong><\/strong><br \/>\n\u00b7\u00a0\u00a0\u00a0\u00a0\u00a0\u00a0\u00a0Ng\u1eaft momen an to\u00e0n th\u1ecfa m\u00e3n chu\u1ea9n EN954-1-cat3.<strong><\/strong><br \/>\n\u00b7\u00a0\u00a0\u00a0\u00a0\u00a0\u00a0\u00a0UL508C ( tr\u1eeb b\u1ed9 \u0111i\u1ec1u khi\u1ec3n v\u1edbi thi\u1ebft b\u1ecb c\u00e1ch ly v\u00e0 b\u1ed9 \u0111i\u1ec1u khi\u1ec3n c\u1ea5p b\u1ea3o v\u1ec7 IP23).<strong><\/strong><br \/>\n\u00b7\u00a0\u00a0\u00a0\u00a0\u00a0\u00a0\u00a0CSA C22.2 No 14-05.<strong><\/strong><br \/>\n\u00b7\u00a0\u00a0\u00a0\u00a0\u00a0\u00a0\u00a0Thi\u1ebft k\u1ebft t\u1ee7 c\u1ea5p b\u1ea3o v\u1ec7 IP21 (NEMA 1) , t\u00f9y ch\u1ecdn IP23 (t\u00f9y ch\u1ecdn c\u1ea5p b\u1ea3o v\u1ec7 IP23, ch\u01b0a ch\u1ee9ng nh\u1eadn b\u1edfi UL).<strong><\/strong><br \/>\n&nbsp;<\/p>\n","protected":false},"excerpt":{"rendered":"<p>Unidrive SP free Standing \u2013 d\u1ea1ng t\u1ee7 c\u00f4ng su\u1ea5t l\u1edbn l\u1eafp gh\u00e9p, s\u1eb5n s\u00e0ng ho\u1ea1t \u0111\u1ed9ng \u00a0 \u00a0 \u00a0 \u00a0 \u00a0 \u00a0 \u00a0 \u00a0 \u00a0\u00a0 T\u00e0i li\u1ec7u c\u00e0i \u0111\u1eb7t ti\u1ebfng anh bi\u1ebfn t\u1ea7n SP Catalog ti\u1ebfng vi\u1ec7t bi\u1ebfn t\u1ea7n Unidrive-SP-Free-standing D\u1ea3i c\u00f4ng su\u00e2t:\u00a090-1.6MW (125HP-2,000 HP) D\u1ea3i \u0111i\u1ec7n \u00e1p: \u00a0400\/575\/690V Unidrive SP \u201cFree Standing \u201c l\u00e0 [&hellip;]<\/p>\n","protected":false},"author":2,"featured_media":0,"parent":4431,"menu_order":4,"comment_status":"open","ping_status":"closed","template":"","meta":{"footnotes":""},"class_list":["post-5292","page","type-page","status-publish","hentry"],"_links":{"self":[{"href":"https:\/\/hunglong.banbientan.com\/index.php?rest_route=\/wp\/v2\/pages\/5292","targetHints":{"allow":["GET"]}}],"collection":[{"href":"https:\/\/hunglong.banbientan.com\/index.php?rest_route=\/wp\/v2\/pages"}],"about":[{"href":"https:\/\/hunglong.banbientan.com\/index.php?rest_route=\/wp\/v2\/types\/page"}],"author":[{"embeddable":true,"href":"https:\/\/hunglong.banbientan.com\/index.php?rest_route=\/wp\/v2\/users\/2"}],"replies":[{"embeddable":true,"href":"https:\/\/hunglong.banbientan.com\/index.php?rest_route=%2Fwp%2Fv2%2Fcomments&post=5292"}],"version-history":[{"count":0,"href":"https:\/\/hunglong.banbientan.com\/index.php?rest_route=\/wp\/v2\/pages\/5292\/revisions"}],"up":[{"embeddable":true,"href":"https:\/\/hunglong.banbientan.com\/index.php?rest_route=\/wp\/v2\/pages\/4431"}],"wp:attachment":[{"href":"https:\/\/hunglong.banbientan.com\/index.php?rest_route=%2Fwp%2Fv2%2Fmedia&parent=5292"}],"curies":[{"name":"wp","href":"https:\/\/api.w.org\/{rel}","templated":true}]}}