{"id":5362,"date":"2012-07-09T21:37:50","date_gmt":"2012-07-09T14:37:50","guid":{"rendered":"https:\/\/banbientan.com\/?page_id=5362"},"modified":"2012-07-09T21:37:50","modified_gmt":"2012-07-09T14:37:50","slug":"fxmp25","status":"publish","type":"page","link":"https:\/\/hunglong.banbientan.com\/?page_id=5362","title":{"rendered":"FXMP25"},"content":{"rendered":"<p><strong>FXMP25 \u2013 b\u1ed9 \u0111i\u1ec1u khi\u1ec3n k\u00edch t\u1eeb ngo\u00e0i d\u00e0nh cho Mentor II &amp; Mentor MP<\/strong><br \/>\n<a href=\"https:\/\/banbientan.com\/wp-content\/uploads\/2012\/07\/fxmp25-5.jpg\"><img loading=\"lazy\" decoding=\"async\" class=\"alignnone size-full wp-image-5367\" title=\"fxmp25 5\" src=\"https:\/\/banbientan.com\/wp-content\/uploads\/2012\/07\/fxmp25-5.jpg\" alt=\"\" width=\"170\" height=\"150\" \/><\/a><a href=\"https:\/\/banbientan.com\/wp-content\/uploads\/2012\/07\/fxmp25-2.jpg\"><img loading=\"lazy\" decoding=\"async\" title=\"fxmp25-2\" src=\"https:\/\/banbientan.com\/wp-content\/uploads\/2012\/07\/fxmp25-2.jpg\" alt=\"\" width=\"170\" height=\"170\" \/><\/a><a href=\"https:\/\/banbientan.com\/wp-content\/uploads\/2012\/07\/fxmp25-3.jpg\"><img loading=\"lazy\" decoding=\"async\" class=\"alignnone size-full wp-image-5365\" title=\"fxmp25-3\" src=\"https:\/\/banbientan.com\/wp-content\/uploads\/2012\/07\/fxmp25-3.jpg\" alt=\"\" width=\"170\" height=\"100\" \/><\/a><br \/>\n<a href=\"https:\/\/banbientan.com\/wp-content\/uploads\/2012\/07\/fxmp25-4.jpg\"><img loading=\"lazy\" decoding=\"async\" class=\"alignnone size-full wp-image-5366\" title=\"fxmp25-4\" src=\"https:\/\/banbientan.com\/wp-content\/uploads\/2012\/07\/fxmp25-4.jpg\" alt=\"\" width=\"170\" height=\"120\" \/><\/a><a href=\"https:\/\/banbientan.com\/wp-content\/uploads\/2012\/07\/fxmp25-1.jpg\"><img loading=\"lazy\" decoding=\"async\" class=\"alignnone size-full wp-image-5363\" title=\"fxmp25-1\" src=\"https:\/\/banbientan.com\/wp-content\/uploads\/2012\/07\/fxmp25-1.jpg\" alt=\"\" width=\"170\" height=\"100\" \/><\/a><br \/>\nFXMP25 l\u00e0 b\u1ed9 \u0111i\u1ec1u khi\u1ec3n k\u00edch t\u1eeb ngo\u00e0i \u0111\u01b0\u1ee3c n\u1ed1i theo \u0111\u01b0\u1eddng t\u00edn hi\u1ec7u s\u1ed1 v\u1edbi\u00a0\u00a0Mentor\u00a0MP s\u1eed d\u1ee5ng ki\u1ebfu n\u1ed1i RJ45 ti\u00eau chu\u1ea9n, cho ph\u00e9p c\u00e0i \u0111\u1eb7t b\u1eb1ng c\u00e1c th\u00f4ng s\u1ed1 n\u1eb1m trong b\u1ed9 \u0111i\u1ec1u khi\u1ec3n ti\u00eau chu\u1ea9n. FXMP25 c\u00f2n c\u00f3 ch\u1ea1y \u1edf ch\u1ebf \u0111\u1ed9 \u0111\u01a1n l\u1ebb s\u1eed d\u1ee5ng b\u00e0n ph\u00edm v\u00e0 m\u00e0n h\u00ecnh t\u00edch h\u1ee3p s\u1eb5n.<br \/>\n<strong>D\u1ec5 d\u00e0ng n\u00e2ng c\u1ea5p\u00a0<\/strong><strong><\/strong><br \/>\nFXMP25 c\u00f3 th\u1ec3 thay th\u1ebf b\u1ed9 k\u00edch t\u1eeb c\u0169 FXM5. N\u00f3 c\u0169ng c\u00f3 th\u1ec3 \u0111i\u1ec1u khi\u1ec3n b\u1eb1ng k\u1ebft n\u1ed1i t\u00edn hi\u1ec7u s\u1ed1 t\u1eeb Mentor II, cho ph\u00e9p c\u00e0i \u0111\u1eb7t b\u1eb1ng c\u00e1c th\u00f4ng s\u1ed1 trong b\u1ed9 \u0111i\u1ec1u khi\u1ec3n ti\u00eau chu\u1ea9n. FXMP25 c\u00f3 c\u00f9ng k\u00edch th\u01b0\u1edbc nh\u01b0 FXM5 nh\u01b0ng d\u00f2ng l\u1edbn h\u01a1n l\u00ean \u0111\u1ebfn 25A.<br \/>\n<strong>D\u00f2ng k\u00edch t\u1eeb l\u1edbn<\/strong><br \/>\nTr\u01b0\u1eddng h\u1ee3p d\u00f2ng k\u00edch t\u1eeb l\u1edbn h\u01a1n 25A th\u00ec s\u1eed d\u1ee5ng b\u1ed9 \u0111i\u1ec1u khi\u1ec3n\u00a0Mentor\u00a0MP \u0111\u01a1n l\u1ebb nh\u01b0 l\u00e0 b\u1ed9 \u0111i\u1ec1u khi\u1ec3n k\u00edch t\u1eeb.<br \/>\n<strong>\u0110\u1ecbnh m\u1ee9c<\/strong><br \/>\nD\u00f2ng \u0111\u1ea7u v\u00e0o AC li\u00ean t\u1ee5c 26A<br \/>\nD\u00f2ng \u0111\u1ea7u ra DC li\u00ean t\u1ee5c 25A.<strong>\u00a0<\/strong><br \/>\n<strong>\u0110\u1ea7u v\u00e0o \/ \u0111\u1ea7u ra<\/strong><strong>\u00a0<\/strong><\/p>\n<table style=\"width: 100%;\" border=\"1\" cellspacing=\"0\" cellpadding=\"0\">\n<tbody>\n<tr>\n<td width=\"20%\">\n<p align=\"center\"><strong>Ch\u1ee9c n\u0103ng<\/strong><\/p>\n<\/td>\n<td width=\"13%\">\n<p align=\"center\"><strong>S\u1ed1 l\u01b0\u1ee3ng<\/strong><\/p>\n<\/td>\n<td width=\"39%\">\n<p align=\"center\"><strong>Ch\u1ee9c n\u0103ng \u0111\u1ea7u v\u00e0o \/ ra m\u1eb7c \u0111\u1ecbnh<\/strong><\/p>\n<\/td>\n<td width=\"27%\">\n<p align=\"center\"><strong>\u0110\u1ecbnh m\u1ee9c<\/strong><\/p>\n<\/td>\n<\/tr>\n<tr>\n<td width=\"20%\">\u0110\u1ea7u v\u00e0o Digital<\/td>\n<td width=\"13%\">\n<p align=\"center\">1<\/p>\n<\/td>\n<td width=\"39%\">M\u1ee9c k\u00edch t\u1eeb kinh t\u1ebf<\/td>\n<td width=\"27%\">+24V<\/td>\n<\/tr>\n<tr>\n<td width=\"20%\">\u0110\u1ea7u v\u00e0o Analog<\/td>\n<td width=\"13%\">\n<p align=\"center\">1<\/p>\n<\/td>\n<td width=\"39%\">\u0110\u1ea7u v\u00e0o d\u00f2ng y\u00eau c\u1ea7u.<\/td>\n<td width=\"27%\">0 \u00f7 10V<\/td>\n<\/tr>\n<tr>\n<td width=\"20%\">\u0110\u1ea7u ra Analog<\/td>\n<td width=\"13%\">\n<p align=\"center\">2<\/p>\n<\/td>\n<td width=\"39%\">T\u00edn hi\u1ec7u \u0111\u1ea7u ra d\u00f2ng k\u00edch t\u1eeb.<br \/>\nT\u00edn hi\u1ec7u \u0111\u1ea7u ra \u00e1p ph\u1ea7n \u1ee9ng.<\/td>\n<td width=\"27%\">0 \u00f7 10V<\/td>\n<\/tr>\n<tr>\n<td width=\"20%\">Relay<\/td>\n<td width=\"13%\">\n<p align=\"center\">3<\/p>\n<\/td>\n<td width=\"39%\">Relay s\u1ef1 c\u1ed1.<\/td>\n<td width=\"27%\">Th\u1eebng h\u1edf v\u00e0 th\u01b0\u1eddng \u0111\u00f3ng<\/td>\n<\/tr>\n<\/tbody>\n<\/table>\n<p><strong>\u00a0<\/strong><br \/>\n<strong><\/strong><strong>K\u00edch th\u01b0\u1edbc to\u00e0n th\u1ec3<\/strong><strong>\u00a0<\/strong><br \/>\nChi\u1ec1u cao : 247mm (9.72 in)<br \/>\nChi\u1ec1u r\u1ed9ng : 192.38mm (7.57 in)<br \/>\nChi\u1ec1u s\u00e2u : 90.27mm ( 3.55in)<br \/>\n&nbsp;<\/p>\n","protected":false},"excerpt":{"rendered":"<p>FXMP25 \u2013 b\u1ed9 \u0111i\u1ec1u khi\u1ec3n k\u00edch t\u1eeb ngo\u00e0i d\u00e0nh cho Mentor II &amp; Mentor MP FXMP25 l\u00e0 b\u1ed9 \u0111i\u1ec1u khi\u1ec3n k\u00edch t\u1eeb ngo\u00e0i \u0111\u01b0\u1ee3c n\u1ed1i theo \u0111\u01b0\u1eddng t\u00edn hi\u1ec7u s\u1ed1 v\u1edbi\u00a0\u00a0Mentor\u00a0MP s\u1eed d\u1ee5ng ki\u1ebfu n\u1ed1i RJ45 ti\u00eau chu\u1ea9n, cho ph\u00e9p c\u00e0i \u0111\u1eb7t b\u1eb1ng c\u00e1c th\u00f4ng s\u1ed1 n\u1eb1m trong b\u1ed9 \u0111i\u1ec1u khi\u1ec3n ti\u00eau chu\u1ea9n. FXMP25 c\u00f2n [&hellip;]<\/p>\n","protected":false},"author":2,"featured_media":5363,"parent":5341,"menu_order":1,"comment_status":"open","ping_status":"closed","template":"","meta":{"footnotes":""},"class_list":["post-5362","page","type-page","status-publish","has-post-thumbnail","hentry"],"_links":{"self":[{"href":"https:\/\/hunglong.banbientan.com\/index.php?rest_route=\/wp\/v2\/pages\/5362","targetHints":{"allow":["GET"]}}],"collection":[{"href":"https:\/\/hunglong.banbientan.com\/index.php?rest_route=\/wp\/v2\/pages"}],"about":[{"href":"https:\/\/hunglong.banbientan.com\/index.php?rest_route=\/wp\/v2\/types\/page"}],"author":[{"embeddable":true,"href":"https:\/\/hunglong.banbientan.com\/index.php?rest_route=\/wp\/v2\/users\/2"}],"replies":[{"embeddable":true,"href":"https:\/\/hunglong.banbientan.com\/index.php?rest_route=%2Fwp%2Fv2%2Fcomments&post=5362"}],"version-history":[{"count":0,"href":"https:\/\/hunglong.banbientan.com\/index.php?rest_route=\/wp\/v2\/pages\/5362\/revisions"}],"up":[{"embeddable":true,"href":"https:\/\/hunglong.banbientan.com\/index.php?rest_route=\/wp\/v2\/pages\/5341"}],"wp:featuredmedia":[{"embeddable":true,"href":"https:\/\/hunglong.banbientan.com\/index.php?rest_route=\/"}],"wp:attachment":[{"href":"https:\/\/hunglong.banbientan.com\/index.php?rest_route=%2Fwp%2Fv2%2Fmedia&parent=5362"}],"curies":[{"name":"wp","href":"https:\/\/api.w.org\/{rel}","templated":true}]}}