{"id":54,"date":"2011-09-26T08:34:31","date_gmt":"2011-09-26T01:34:31","guid":{"rendered":"http:\/\/banbientan.wordpress.com\/?page_id=54"},"modified":"2011-09-26T08:34:31","modified_gmt":"2011-09-26T01:34:31","slug":"bien-tan-che10","status":"publish","type":"page","link":"https:\/\/hunglong.banbientan.com\/?page_id=54","title":{"rendered":"CHE100 Lo\u1ea1i nh\u1ecf"},"content":{"rendered":"<p><strong>CHE100 \u2013 BI<\/strong><strong>\u1ebe<\/strong><strong>N T<\/strong><strong>\u1ea6<\/strong><strong>N\u00a0<\/strong><strong>\u0110<\/strong><strong>I<\/strong><strong>\u1ec0<\/strong><strong>U KHI<\/strong><strong>\u1ec2<\/strong><strong>N VECTOR V\u00d2NG H<\/strong><strong>\u1ede<br \/>\n<a href=\"https:\/\/banbientan.com\/wp-content\/uploads\/2011\/09\/Bien-tan-CHE100.pdf\">T\u00e0i li\u1ec7u ti\u1ebfng vi\u1ec7t bi\u1ebfn t\u1ea7n CHE100<\/a><\/strong><br \/>\n<a href=\"https:\/\/banbientan.com\/wp-content\/uploads\/2011\/09\/CHE100-Sensorless-vector-mini-inverter.pdf\">T\u00e0i li\u1ec7u ti\u1ebfng anh bi\u1ebfn t\u1ea7n CHE100<\/a><br \/>\n<strong><a href=\"https:\/\/banbientan.com\/wp-content\/uploads\/2011\/09\/CHE-A1.jpg\"><img loading=\"lazy\" decoding=\"async\" class=\"size-medium wp-image-4566 alignright\" title=\"CHE-A1\" src=\"https:\/\/banbientan.com\/wp-content\/uploads\/2011\/09\/CHE-A1-238x300.jpg\" alt=\"\" width=\"238\" height=\"300\" \/><\/a><\/strong>\u00a0&#8211; C\u00f4ng su\u1ea5t\u00a00.4kW ~ 11kW<br \/>\n&#8211;\u00a0\u0110i\u1ec7n \u00e1p Ng\u00f5 v\u00e0o :\u00a0\u00a0 380\/220V\u00b115%<br \/>\n&#8211; T\u1ea7n s\u1ed1\u00a0Ng\u00f5 v\u00e0o\u00a0 :\u00a0\u00a0 47~63Hz<br \/>\n&#8211;\u00a0\u0110i\u1ec7n \u00e1p Ng\u00f5 ra\u00a0\u00a0 :\u00a0\u00a0 0 ~ m\u1ee9c\u00a0\u0111i\u1ec7n \u00e1p ng\u00f5 v\u00e0o<br \/>\n&#8211; T\u1ea7n s\u1ed1\u00a0Ng\u00f5 ra\u00a0\u00a0\u00a0 :\u00a0\u00a0\u00a0 0 ~ 400Hz<br \/>\n<strong>M\u00f4 T\u1ea3\u00a0S\u1ea3n Ph\u1ea9m:<br \/>\n<\/strong>\u00a0\u25cf\u00a0Ng\u00f5 v\u00e0o v\u00e0 ng\u00f5 ra:<br \/>\n\u2013\u00a0\u0110i\u1ec7n \u00e1p Ng\u00f5 v\u00e0o:\u00a0\u00a0 380\/220V\u00b115%<br \/>\n\u2013 T\u1ea7n s\u1ed1\u00a0Ng\u00f5 v\u00e0o:\u00a0\u00a0\u00a0\u00a0\u00a0\u00a0\u00a0\u00a0\u00a0\u00a0\u00a0 47~63Hz<br \/>\n\u2013\u00a0\u0110i\u1ec7n \u00e1p Ng\u00f5 ra:\u00a0\u00a0\u00a0 0 ~ m\u1ee9c\u00a0\u0111i\u1ec7n \u00e1p ng\u00f5 v\u00e0o<br \/>\n\u2013 T\u1ea7n s\u1ed1\u00a0Ng\u00f5 ra:\u00a0\u00a0\u00a0\u00a0\u00a0\u00a0\u00a0\u00a0\u00a0\u00a0\u00a0\u00a0\u00a0\u00a0 0 ~ 400Hz<br \/>\n\u25cf\u00a0Ch\u1ee9c n\u0103ng\u00a0\u0111i\u1ec1u khi\u1ec3n ch\u00ednh:<br \/>\n\u2013 Ch\u1ebf\u00a0\u0111\u1ed9\u00a0\u0111i\u1ec1u\u00a0khi\u1ec3n :\u00a0\u0111i\u1ec1u khi\u1ec3n v\u00e9c t\u01a1\u00a0kh\u00f4ng c\u1ea3m bi\u1ebfn (SVC Sensorless vector),\u00a0\u0111i\u1ec1u khi\u1ec3n V\/F.<br \/>\n\u2013 Kh\u1ea3\u00a0n\u0103ng qu\u00e1 t\u1ea3i: 60s v\u1edbi 150% c\u00f4ng su\u1ea5t, 10s v\u1edbi 180% c\u00f4ng su\u1ea5t.<br \/>\n\u2013 M\u00f4 men kh\u1edfi\u00a0\u0111\u1ed9ng: 150% m\u00f4 men\u00a0\u1edf\u00a0t\u1ea7n s\u1ed1\u00a00.5 Hz (SVC).<br \/>\n\u2013\u00a0\u0110\u1ed9\u00a0ph\u00e2n gi\u1ea3i\u00a0\u0111i\u1ec1u ch\u1ec9nh t\u1ed1c\u00a0\u0111\u1ed9: 1:100 (SVC).<br \/>\n\u2013\u00a0\u0110\u1ed9\u00a0ch\u00ednh x\u00e1c t\u1ed1c\u00a0\u0111\u1ed9\u00a0: \u00b1 0.5% so v\u1edbi t\u1ed1c\u00a0\u0111\u1ed9\u00a0t\u1ed1i\u00a0\u0111a.<br \/>\n\u2013 T\u1ea7n s\u1ed1\u00a0s\u00f3ng mang: 0.5kHz ~15.0kHz.<br \/>\n\u2013 T\u1ea7n s\u1ed1\u00a0\u0111\u1eb7t: B\u00e0n ph\u00edm, Ng\u00f5 v\u00e0o analog, ng\u00f5 v\u00e0o xung HDI, truy\u1ec1n th\u00f4ng,\u00a0\u0111a c\u1ea5p t\u1ed1c\u00a0\u0111\u1ed9, simple PLC v\u00e0 PID. C\u00f3 th\u1ec3\u00a0th\u1ef1c hi\u1ec7n k\u1ebft h\u1ee3p gi\u1eefa nhi\u1ec1u ng\u00f5 v\u00e0o v\u00e0 chuy\u1ec3n\u00a0\u0111\u1ed5i gi\u1eefa c\u00e1c ng\u00f5 v\u00e0o kh\u00e1c nhau.<br \/>\n\u2013 Ch\u1ee9c n\u0103ng\u00a0\u0111i\u1ec1u khi\u1ec3n torque: c\u00f3 nhi\u1ec1u ch\u1ee9c n\u0103ng c\u00e0i\u00a0\u0111\u1eb7t.<br \/>\n\u2013 Ch\u1ee9c n\u0103ng\u00a0\u0111i\u1ec1u khi\u1ec3n PID<br \/>\n\u2013 Ch\u1ee9c n\u0103ng\u00a0\u0111a c\u1ea5p t\u1ed1c\u00a0\u0111\u1ed9: c\u00f3 16 c\u1ea5p t\u1ed1c\u00a0\u0111\u1ed9\u00a0\u0111\u1eb7t tr\u01b0\u1edbc.<br \/>\n\u2013 Ch\u1ee9c n\u0103ng\u00a0\u0111i\u1ec1u khi\u1ec3n zigzag t\u1ed1c\u00a0\u0111\u1ed9<br \/>\n\u2013 Kh\u00f4ng ng\u1eebng ho\u1ea1t\u00a0\u0111\u1ed9ng khi m\u1ea5t\u00a0\u0111i\u1ec7n t\u1ea1m th\u1eddi.<br \/>\n\u2013 Ch\u1ee9c n\u0103ng d\u00f2 t\u1ed1c\u00a0\u0111\u1ed9: kh\u1edfi\u00a0\u0111\u1ed9ng \u00eam\u00a0\u0111\u1ed1i v\u1edbi\u00a0\u0111\u1ed9ng c\u01a1\u00a0\u0111ang c\u00f2n quay.<br \/>\n\u2013 Ph\u00edm QUICK\/JOG: l\u00e0 ph\u00edm t\u1eaft\u00a0\u0111\u01b0\u1ee3c\u00a0\u0111\u1ecbnh ngh\u0129a b\u1edfi ng\u01b0\u1eddi s\u1eed\u00a0d\u1ee5ng.<br \/>\n\u2013 Ch\u1ee9c n\u0103ng t\u1ef1\u00a0\u1ed5n \u00e1p \u2013 Automatic Voltage Regulation (AVR):<br \/>\n\u2013 T\u1ef1\u00a0\u0111\u1ed9ng\u00a0\u1ed5n\u00a0\u0111\u1ecbnh\u00a0\u0111i\u1ec7n \u00e1p ng\u00f5 ra khi\u00a0\u0111i\u1ec7n \u00e1p ngu\u1ed3n c\u1ea5p dao\u00a0\u0111\u1ed9ng b\u1ea5t th\u01b0\u1eddng.<br \/>\n\u2013 Ch\u1ee9c n\u0103ng b\u1ea3o v\u1ec7\u00a0l\u1ed7i:<br \/>\n\u2013 B\u1ea3o v\u1ec7\u00a0khi x\u1ea3y ra c\u00e1c s\u1ef1\u00a0c\u1ed1\u00a0nh\u01b0\u00a0l\u00e0 qu\u00e1 d\u00f2ng, \u00e1p cao, d\u01b0\u1edbi \u00e1p, qu\u00e1 nhi\u1ec7t, m\u1ea5t pha, l\u1ec7ch pha,\u00a0\u0111\u1ee9t d\u00e2y ng\u00f5 ra, qu\u00e1 t\u1ea3i v.v\u2026<br \/>\n\u25cf\u00a0\u0110\u1eb7c\u00a0\u0111i\u1ec3m I\/O (t\u1ea5t c\u1ea3\u00a0c\u00e1c ng\u00f5 v\u00e0o\/ra\u00a0\u0111\u1ec1u c\u00f3 th\u1ec3\u00a0l\u1eadp tr\u00ecnh\u00a0\u0111\u01b0\u1ee3c):<br \/>\n\u2013 Ng\u00f5 v\u00e0o Digital: C\u00f3 4 ng\u00f5 v\u00e0o s\u1ed1\u00a0nh\u1eadn gi\u00e1 tr\u1ecb\u00a0ON \u2013 OFF.<br \/>\n\u2013 Ng\u00f5 v\u00e0o Analog: C\u1ed5ng AI1 c\u00f3 th\u1ec3\u00a0nh\u1eadn t\u00edn hi\u1ec7u v\u00e0o t\u1eeb\u00a00 ~10V, ng\u00f5 AI2 c\u00f3 th\u1ec3\u00a0nh\u1eadn t\u00edn hi\u1ec7u v\u00e0o t\u1eeb\u00a00 ~10V ho\u1eb7c 0~20mA.<br \/>\n&#8211; Ng\u00f5 ra colector h\u1edf: 1 ng\u00f5 (ng\u00f5 ra ON \u2013 OFF ho\u1eb7c ng\u00f5 ra xung vu\u00f4ng c\u00f3 t\u1ea7n s\u1ed1\u00a0cao 0~50.00 kHz).<br \/>\n\u2013 Ng\u00f5 ra Relay: c\u00f3 2 ng\u00f5 (1 ng\u00f5\u00a0\u0111\u1ed1i v\u1edbi Bi\u1ebfn t\u1ea7n t\u1eeb\u00a02.2kW tr\u1edf\u00a0xu\u1ed1ng)<br \/>\n\u2013 Ng\u00f5 raAnalog: cung c\u1ea5p 1 ng\u00f5 ra, c\u00f3 t\u00edn hi\u1ec7u t\u1eeb\u00a00\/4~20 mA ho\u1eb7c 0~10 V, t\u00f9y ch\u1ecdn.<br \/>\n<strong>Model:<\/strong><\/p>\n<table border=\"0\" cellspacing=\"0\" cellpadding=\"0\">\n<tbody>\n<tr>\n<td width=\"221\" height=\"68\">Model No.<\/td>\n<td width=\"46\">Rated<br \/>\nOutput<br \/>\nPower<br \/>\n(kW)<\/td>\n<td width=\"47\">Rated<br \/>\nInput<br \/>\ncurrent<br \/>\n(A)<\/td>\n<td width=\"66\">Rated<br \/>\nOutpu<br \/>\ncurren<br \/>\n(A)<\/td>\n<td width=\"43\">Size<\/td>\n<\/tr>\n<tr>\n<td colspan=\"5\" height=\"17\">1AC 220V -15%~15%<\/td>\n<\/tr>\n<tr>\n<td height=\"17\">CHE100-0R4G-S2<\/td>\n<td align=\"right\">0.4<\/td>\n<td align=\"right\">5.4<\/td>\n<td align=\"right\">2.3<\/td>\n<td>\u00a0A<\/td>\n<\/tr>\n<tr>\n<td height=\"17\">CHE100-0R7G-S2<\/td>\n<td align=\"right\">0.75<\/td>\n<td align=\"right\">8.2<\/td>\n<td align=\"right\">4.5<\/td>\n<td>\u00a0A<\/td>\n<\/tr>\n<tr>\n<td height=\"17\">CHE100-1R5G-S2<\/td>\n<td align=\"right\">1.5<\/td>\n<td align=\"right\">14.2<\/td>\n<td align=\"right\">7<\/td>\n<td>\u00a0B<\/td>\n<\/tr>\n<tr>\n<td height=\"17\">CHE100-2R2G-S2<\/td>\n<td align=\"right\">2.2<\/td>\n<td align=\"right\">23<\/td>\n<td align=\"right\">10<\/td>\n<td>\u00a0B<\/td>\n<\/tr>\n<tr>\n<td colspan=\"5\" height=\"17\">3AC 220V -15%~15%<\/td>\n<\/tr>\n<tr>\n<td height=\"17\">CHE100-0R7G-2<\/td>\n<td align=\"right\">0.75<\/td>\n<td align=\"right\">5<\/td>\n<td align=\"right\">4.5<\/td>\n<td>\u00a0A<\/td>\n<\/tr>\n<tr>\n<td height=\"17\">CHE100-1R5G-2<\/td>\n<td align=\"right\">1.5<\/td>\n<td align=\"right\">7.7<\/td>\n<td align=\"right\">7<\/td>\n<td>\u00a0B<\/td>\n<\/tr>\n<tr>\n<td height=\"17\">CHE100-2R2G-2<\/td>\n<td align=\"right\">2.2<\/td>\n<td align=\"right\">11<\/td>\n<td align=\"right\">10<\/td>\n<td>\u00a0B<\/td>\n<\/tr>\n<tr>\n<td height=\"17\">CHE100-004G-2<\/td>\n<td align=\"right\">4<\/td>\n<td align=\"right\">17<\/td>\n<td align=\"right\">16<\/td>\n<td>\u00a0C<\/td>\n<\/tr>\n<tr>\n<td height=\"17\">CHE100-5R5G-2<\/td>\n<td align=\"right\">5.5<\/td>\n<td align=\"right\">21<\/td>\n<td align=\"right\">20<\/td>\n<td>\u00a0C<\/td>\n<\/tr>\n<tr>\n<td height=\"17\">CHE100-7R5G-2<\/td>\n<td align=\"right\">7.5<\/td>\n<td align=\"right\">31<\/td>\n<td align=\"right\">30<\/td>\n<td>\u00a0D<\/td>\n<\/tr>\n<tr>\n<td height=\"17\">CHE100-011G-2<\/td>\n<td align=\"right\">11<\/td>\n<td align=\"right\">43<\/td>\n<td align=\"right\">42<\/td>\n<td>\u00a0E<\/td>\n<\/tr>\n<tr>\n<td colspan=\"5\" height=\"17\">3AC 380V -15%~15%<\/td>\n<\/tr>\n<tr>\n<td height=\"17\">CHE100-0R7G-4<\/td>\n<td>0.75<\/td>\n<td>\u00a03.4<\/td>\n<td>2.5<\/td>\n<td>B<\/td>\n<\/tr>\n<tr>\n<td height=\"17\">CHE100-1R5G-4<\/td>\n<td>1.5<\/td>\n<td>\u00a05.0<\/td>\n<td>3.7<\/td>\n<td>B<\/td>\n<\/tr>\n<tr>\n<td height=\"17\">CHE100-2R2G-4<\/td>\n<td>2.2<\/td>\n<td>\u00a05.8<\/td>\n<td>5<\/td>\n<td>B<\/td>\n<\/tr>\n<tr>\n<td height=\"17\">CHE100-004G\/5R5P-4<\/td>\n<td>4.0\/5.5<\/td>\n<td>10\/15<\/td>\n<td>\u00a09\/13<\/td>\n<td>C<\/td>\n<\/tr>\n<tr>\n<td height=\"17\">CHE100-5R5G\/7R5P-4<\/td>\n<td>5.5\/7.5<\/td>\n<td>15\/20<\/td>\n<td>\u00a013\/17<\/td>\n<td>C<\/td>\n<\/tr>\n<tr>\n<td height=\"17\">CHE100-7R5G\/011P-4<\/td>\n<td>7.5\/11<\/td>\n<td>20\/26<\/td>\n<td>\u00a017\/25<\/td>\n<td>D<\/td>\n<\/tr>\n<\/tbody>\n<\/table>\n","protected":false},"excerpt":{"rendered":"<p>CHE100 \u2013 BI\u1ebeN T\u1ea6N\u00a0\u0110I\u1ec0U KHI\u1ec2N VECTOR V\u00d2NG H\u1ede T\u00e0i li\u1ec7u ti\u1ebfng vi\u1ec7t bi\u1ebfn t\u1ea7n CHE100 T\u00e0i li\u1ec7u ti\u1ebfng anh bi\u1ebfn t\u1ea7n CHE100 \u00a0&#8211; C\u00f4ng su\u1ea5t\u00a00.4kW ~ 11kW &#8211;\u00a0\u0110i\u1ec7n \u00e1p Ng\u00f5 v\u00e0o :\u00a0\u00a0 380\/220V\u00b115% &#8211; T\u1ea7n s\u1ed1\u00a0Ng\u00f5 v\u00e0o\u00a0 :\u00a0\u00a0 47~63Hz &#8211;\u00a0\u0110i\u1ec7n \u00e1p Ng\u00f5 ra\u00a0\u00a0 :\u00a0\u00a0 0 ~ m\u1ee9c\u00a0\u0111i\u1ec7n \u00e1p ng\u00f5 v\u00e0o &#8211; T\u1ea7n s\u1ed1\u00a0Ng\u00f5 ra\u00a0\u00a0\u00a0 :\u00a0\u00a0\u00a0 [&hellip;]<\/p>\n","protected":false},"author":2,"featured_media":16423,"parent":527,"menu_order":3,"comment_status":"open","ping_status":"closed","template":"","meta":{"footnotes":""},"class_list":["post-54","page","type-page","status-publish","has-post-thumbnail","hentry"],"_links":{"self":[{"href":"https:\/\/hunglong.banbientan.com\/index.php?rest_route=\/wp\/v2\/pages\/54","targetHints":{"allow":["GET"]}}],"collection":[{"href":"https:\/\/hunglong.banbientan.com\/index.php?rest_route=\/wp\/v2\/pages"}],"about":[{"href":"https:\/\/hunglong.banbientan.com\/index.php?rest_route=\/wp\/v2\/types\/page"}],"author":[{"embeddable":true,"href":"https:\/\/hunglong.banbientan.com\/index.php?rest_route=\/wp\/v2\/users\/2"}],"replies":[{"embeddable":true,"href":"https:\/\/hunglong.banbientan.com\/index.php?rest_route=%2Fwp%2Fv2%2Fcomments&post=54"}],"version-history":[{"count":0,"href":"https:\/\/hunglong.banbientan.com\/index.php?rest_route=\/wp\/v2\/pages\/54\/revisions"}],"up":[{"embeddable":true,"href":"https:\/\/hunglong.banbientan.com\/index.php?rest_route=\/wp\/v2\/pages\/527"}],"wp:featuredmedia":[{"embeddable":true,"href":"https:\/\/hunglong.banbientan.com\/index.php?rest_route=\/"}],"wp:attachment":[{"href":"https:\/\/hunglong.banbientan.com\/index.php?rest_route=%2Fwp%2Fv2%2Fmedia&parent=54"}],"curies":[{"name":"wp","href":"https:\/\/api.w.org\/{rel}","templated":true}]}}