{"id":5657,"date":"2012-07-13T00:12:15","date_gmt":"2012-07-12T17:12:15","guid":{"rendered":"https:\/\/banbientan.com\/?page_id=5657"},"modified":"2012-07-13T00:12:15","modified_gmt":"2012-07-12T17:12:15","slug":"nt11-loai-phim-co-va-so","status":"publish","type":"page","link":"https:\/\/hunglong.banbientan.com\/?page_id=5657","title":{"rendered":"NT11 Lo\u1ea1i Ph\u00edm C\u01a1 V\u00e0 S\u1ed1"},"content":{"rendered":"<p><a href=\"https:\/\/banbientan.com\/wp-content\/uploads\/2012\/07\/man-hinh-nt.jpg\"><img loading=\"lazy\" decoding=\"async\" class=\"alignnone size-medium wp-image-5658\" title=\"man hinh nt\" src=\"https:\/\/banbientan.com\/wp-content\/uploads\/2012\/07\/man-hinh-nt-300x237.jpg\" alt=\"\" width=\"300\" height=\"237\" \/><\/a><br \/>\n&nbsp;<\/p>\n<ul>\n<li>M\u00e0n h\u00ecnh hi\u1ec3n th\u1ecb LCD 100x40mm, t\u00e1c \u0111\u1ed9ng b\u1eb1ng ph\u00edm c\u01a1.<\/li>\n<li>4 ph\u00edm ch\u1ee9c n\u0103ng, c\u00e1c ph\u00edm di chuy\u1ec3n v\u00e0 t\u1ed5 h\u1ee3p ph\u00edm s\u1ed1.<\/li>\n<li>\u0110\u1ed9 ph\u00e2n gi\u1ea3i 160&#215;64 dot, 4 h\u00e0ng x 20 k\u00fd t\u1ef1 tr\u00ean h\u00e0ng<\/li>\n<li>Ngu\u1ed3n c\u1ea5p 24VDC \u00b110%.<\/li>\n<li>Giao ti\u1ebfp c\u1ed5ng RS233, RS422, LPT<\/li>\n<li>G\u00f3c nh\u00ecnh \u00b1200 theo 2 h\u01b0\u1edbng tr\u1ef1c di\u1ec7n<\/li>\n<li>C\u00e1c ph\u00edm c\u01a1 c\u00f3 tu\u1ed5i th\u1ecd t\u00e1c \u0111\u1ed9ng t\u1ed1i thi\u1ec3u 1.000.000 l\u1ea7n<\/li>\n<li>Tu\u1ed5i th\u1ecd \u0111\u00e8n n\u1ec1n h\u00ecnh t\u1ed1i thi\u1ec3u 50.000h<\/li>\n<li>Nhi\u1ec7t \u0111\u1ed9 ho\u1ea1t \u0111\u1ed9ng 0~500C, \u0111\u1ea1t \u0111\u1ed9 k\u00edn b\u1ec1 m\u1eb7t IP65<\/li>\n<li>T\u1ed5ng s\u1ed1 l\u01b0\u1ee3ng m\u00e0n h\u00ecnh l\u01b0u tr\u1eed t\u1ed1i \u0111a 250 trang<\/li>\n<li>PLC giao ti\u1ebfp: omron<\/li>\n<\/ul>\n<ul>\n<li>M\u1ed9t s\u1ed1 model th\u00f4ng d\u1ee5ng:\n<ul>\n<li><strong>NT11-SF121B-EV1<\/strong>: V\u1ecf \u0111en<\/li>\n<li><strong>NT11-SF121-EV1<\/strong>: V\u1ecf tr\u1eafng<\/li>\n<\/ul>\n<\/li>\n<\/ul>\n","protected":false},"excerpt":{"rendered":"<p>&nbsp; M\u00e0n h\u00ecnh hi\u1ec3n th\u1ecb LCD 100x40mm, t\u00e1c \u0111\u1ed9ng b\u1eb1ng ph\u00edm c\u01a1. 4 ph\u00edm ch\u1ee9c n\u0103ng, c\u00e1c ph\u00edm di chuy\u1ec3n v\u00e0 t\u1ed5 h\u1ee3p ph\u00edm s\u1ed1. \u0110\u1ed9 ph\u00e2n gi\u1ea3i 160&#215;64 dot, 4 h\u00e0ng x 20 k\u00fd t\u1ef1 tr\u00ean h\u00e0ng Ngu\u1ed3n c\u1ea5p 24VDC \u00b110%. Giao ti\u1ebfp c\u1ed5ng RS233, RS422, LPT G\u00f3c nh\u00ecnh \u00b1200 theo 2 h\u01b0\u1edbng tr\u1ef1c [&hellip;]<\/p>\n","protected":false},"author":2,"featured_media":5658,"parent":5640,"menu_order":4,"comment_status":"open","ping_status":"closed","template":"","meta":{"footnotes":""},"class_list":["post-5657","page","type-page","status-publish","has-post-thumbnail","hentry"],"_links":{"self":[{"href":"https:\/\/hunglong.banbientan.com\/index.php?rest_route=\/wp\/v2\/pages\/5657","targetHints":{"allow":["GET"]}}],"collection":[{"href":"https:\/\/hunglong.banbientan.com\/index.php?rest_route=\/wp\/v2\/pages"}],"about":[{"href":"https:\/\/hunglong.banbientan.com\/index.php?rest_route=\/wp\/v2\/types\/page"}],"author":[{"embeddable":true,"href":"https:\/\/hunglong.banbientan.com\/index.php?rest_route=\/wp\/v2\/users\/2"}],"replies":[{"embeddable":true,"href":"https:\/\/hunglong.banbientan.com\/index.php?rest_route=%2Fwp%2Fv2%2Fcomments&post=5657"}],"version-history":[{"count":0,"href":"https:\/\/hunglong.banbientan.com\/index.php?rest_route=\/wp\/v2\/pages\/5657\/revisions"}],"up":[{"embeddable":true,"href":"https:\/\/hunglong.banbientan.com\/index.php?rest_route=\/wp\/v2\/pages\/5640"}],"wp:featuredmedia":[{"embeddable":true,"href":"https:\/\/hunglong.banbientan.com\/index.php?rest_route=\/"}],"wp:attachment":[{"href":"https:\/\/hunglong.banbientan.com\/index.php?rest_route=%2Fwp%2Fv2%2Fmedia&parent=5657"}],"curies":[{"name":"wp","href":"https:\/\/api.w.org\/{rel}","templated":true}]}}