{"id":5727,"date":"2012-07-13T01:27:23","date_gmt":"2012-07-12T18:27:23","guid":{"rendered":"https:\/\/banbientan.com\/?page_id=5727"},"modified":"2012-07-13T01:27:23","modified_gmt":"2012-07-12T18:27:23","slug":"cong-tac-hanh-trinh-d4a","status":"publish","type":"page","link":"https:\/\/hunglong.banbientan.com\/?page_id=5727","title":{"rendered":"Lo\u1ea1i D4A"},"content":{"rendered":"<p><strong><a href=\"https:\/\/banbientan.com\/wp-content\/uploads\/2012\/07\/D4A.jpg\"><img loading=\"lazy\" decoding=\"async\" class=\"alignnone size-medium wp-image-5731\" title=\"D4A\" src=\"https:\/\/banbientan.com\/wp-content\/uploads\/2012\/07\/D4A-300x237.jpg\" alt=\"\" width=\"300\" height=\"237\" \/><\/a><\/strong><br \/>\n<a href=\"https:\/\/banbientan.com\/wp-content\/uploads\/2012\/07\/Catalog-D4A.pdf\">Catalog D4A<\/a><\/p>\n<ul>\n<li>C\u00f4ng t\u1eafc h\u00e0nh tr\u00ecnh lo\u1ea1i th\u00f4ng d\u1ee5ng, 2 ti\u1ebfp \u0111i\u1ec3m 2 tr\u1ea1ng th\u00e1i NO\/NC.<\/li>\n<li>\u0110\u1ea1t \u0111\u1ed9 k\u00edn IP67, nhi\u1ec7t \u0111\u1ed9 ho\u1ea1t \u0111\u1ed9ng cao -40~1000C.<\/li>\n<li>Ch\u1ee5i \u0111\u1ef1ng t\u1ea7n s\u1ed1 ho\u1ea1t \u0111\u1ed9ng cao 300 l\u1ea7n\/ph\u00fat (t\u00e1c \u0111\u1ed9ng c\u01a1), 30 l\u1ea7n\/ph\u00fat (t\u00e1c \u0111\u1ed9ng \u0111i\u1ec7n)<\/li>\n<li>Tu\u1ed5i th\u1ecd ho\u1ea1t \u0111\u1ed9ng 50.000.000 (t\u00e1c \u0111\u1ed9ng c\u01a1), 750.000 l\u1ea7n (t\u00e1c \u0111\u1ed9ng \u0111i\u1ec7n)<\/li>\n<li>Nhi\u1ec1u ki\u1ec3u d\u00e1ng t\u00e1c \u0111\u1ed9ng, cho c\u00e1c \u1ee9ng d\u1ee5ng kh\u00e1c nhau.<\/li>\n<li>T\u1ed1c \u0111\u1ed9 t\u00e1c \u0111\u1ed9ng 1 mm\/s ~ 2 mm\/s<\/li>\n<li>C\u00f3 \u0111\u00e8n LED ch\u1ec9 th\u1ecb tr\u1ea1ng th\u00e1i ho\u1ea1t \u0111\u1ed9ng c\u1ee7a c\u00f4ng t\u1eafc (ch\u1ec9 \u0111\u1ed1i v\u1edbi t\u1ea3i DC)<\/li>\n<li>Jack n\u1ed1i d\u00e2y ng\u1ecf ra chu\u1ea9n G1\/2, \u0111\u1ea5u n\u1ed1i ki\u1ec3u terminal<\/li>\n<li>\u0110\u1ea1t ti\u00eau chu\u1ea9n UL\/CSA and CCC.<\/li>\n<li>Ki\u1ec3u d\u00e1ng l\u1eafp \u0111\u1eb7t \u0111\u01a1n gi\u1ea3n, gi\u1ea3m th\u1eddi gian b\u1ea3o tr\u00ec, thay th\u1ebf.<\/li>\n<\/ul>\n<ul>\n<li>M\u1ed9t s\u1ed1 model th\u00f4ng d\u1ee5ng:\n<ul>\n<li><strong>D4A-D4510N<\/strong>: lo\u1ea1i b\u00e1nh xe t\u00e1c \u0111\u1ed9ng l\u00ean\/xu\u1ed1ng<\/li>\n<li><strong>D4A-D4515N<\/strong>: lo\u1ea1i c\u1ea7n l\u00f2 xo D=1.4mm d\u00e0i 125mm<\/li>\n<li><strong>D4A-D4516N<\/strong>: lo\u1ea1i c\u1ea7n l\u00f2 xo D=6mm d\u00e0i 106mm<\/li>\n<li><strong>D4A-4501N + D4A-A00<\/strong>: lo\u1ea1i b\u00e1nh xe c\u1ea7n ng\u1eafn 38mm, kh\u00f4ng t\u0103ng \u0111\u01b0a (adjustable)<\/li>\n<li><strong>D4A-4501N + D4A-C00<\/strong>: lo\u1ea1i b\u00e1nh xe c\u1ea7n d\u00e0i 113mm, t\u0103ng \u0111\u01b0a (adjustable)<\/li>\n<li><strong>D4A-4501N + D4A-D00<\/strong>: lo\u1ea1i thanh D=3mm, d\u00e0i 160mm,t\u0103ng \u0111\u01b0a (adjustable)<\/li>\n<\/ul>\n<\/li>\n<\/ul>\n","protected":false},"excerpt":{"rendered":"<p>Catalog D4A C\u00f4ng t\u1eafc h\u00e0nh tr\u00ecnh lo\u1ea1i th\u00f4ng d\u1ee5ng, 2 ti\u1ebfp \u0111i\u1ec3m 2 tr\u1ea1ng th\u00e1i NO\/NC. \u0110\u1ea1t \u0111\u1ed9 k\u00edn IP67, nhi\u1ec7t \u0111\u1ed9 ho\u1ea1t \u0111\u1ed9ng cao -40~1000C. Ch\u1ee5i \u0111\u1ef1ng t\u1ea7n s\u1ed1 ho\u1ea1t \u0111\u1ed9ng cao 300 l\u1ea7n\/ph\u00fat (t\u00e1c \u0111\u1ed9ng c\u01a1), 30 l\u1ea7n\/ph\u00fat (t\u00e1c \u0111\u1ed9ng \u0111i\u1ec7n) Tu\u1ed5i th\u1ecd ho\u1ea1t \u0111\u1ed9ng 50.000.000 (t\u00e1c \u0111\u1ed9ng c\u01a1), 750.000 l\u1ea7n (t\u00e1c \u0111\u1ed9ng [&hellip;]<\/p>\n","protected":false},"author":2,"featured_media":0,"parent":5698,"menu_order":5,"comment_status":"open","ping_status":"closed","template":"","meta":{"footnotes":""},"class_list":["post-5727","page","type-page","status-publish","hentry"],"_links":{"self":[{"href":"https:\/\/hunglong.banbientan.com\/index.php?rest_route=\/wp\/v2\/pages\/5727","targetHints":{"allow":["GET"]}}],"collection":[{"href":"https:\/\/hunglong.banbientan.com\/index.php?rest_route=\/wp\/v2\/pages"}],"about":[{"href":"https:\/\/hunglong.banbientan.com\/index.php?rest_route=\/wp\/v2\/types\/page"}],"author":[{"embeddable":true,"href":"https:\/\/hunglong.banbientan.com\/index.php?rest_route=\/wp\/v2\/users\/2"}],"replies":[{"embeddable":true,"href":"https:\/\/hunglong.banbientan.com\/index.php?rest_route=%2Fwp%2Fv2%2Fcomments&post=5727"}],"version-history":[{"count":0,"href":"https:\/\/hunglong.banbientan.com\/index.php?rest_route=\/wp\/v2\/pages\/5727\/revisions"}],"up":[{"embeddable":true,"href":"https:\/\/hunglong.banbientan.com\/index.php?rest_route=\/wp\/v2\/pages\/5698"}],"wp:attachment":[{"href":"https:\/\/hunglong.banbientan.com\/index.php?rest_route=%2Fwp%2Fv2%2Fmedia&parent=5727"}],"curies":[{"name":"wp","href":"https:\/\/api.w.org\/{rel}","templated":true}]}}