{"id":728,"date":"2011-10-02T00:56:21","date_gmt":"2011-10-01T17:56:21","guid":{"rendered":"http:\/\/banbientan.wordpress.com\/?page_id=728"},"modified":"2011-10-02T00:56:21","modified_gmt":"2011-10-01T17:56:21","slug":"dong-ho-do","status":"publish","type":"page","link":"https:\/\/hunglong.banbientan.com\/?page_id=728","title":{"rendered":"\u0110\u1ed3ng h\u1ed3 \u0111o \u0111\u0103 n\u0103ng"},"content":{"rendered":"<ul>\n<li><a href=\"https:\/\/banbientan.com\/dai-ly-omron\/dong-ho-do\/k3ma-j\/\">\u0110\u1ed3ng h\u1ed3 \u0111o d\u00f2ng, \u00e1p DC \u00a0\u00a0K3MA-J<\/a><\/li>\n<li><a href=\"https:\/\/banbientan.com\/dai-ly-omron\/dong-ho-do\/k3ma-l\/\">\u0110\u1ed3ng h\u1ed3 \u0111o nhi\u1ec7t \u0111\u1ed9 \u00a0\u00a0K3MA-L<\/a><\/li>\n<li><a href=\"https:\/\/banbientan.com\/dai-ly-omron\/dong-ho-do\/k3ma-f\/\"><strong>\u0110\u1ed3ng h\u1ed3 \u0111o t\u1ea7n s\u1ed1 \/ t\u1ed1c \u0111\u1ed9\u00a0K3MA-F \u00a0<\/strong><\/a><\/li>\n<li><strong><a href=\"https:\/\/banbientan.com\/dai-ly-omron\/dong-ho-do\/k3hb-x\/\">\u0110a n\u0103ng cao c\u1ea5p: K3HB-X<\/a><\/strong><\/li>\n<\/ul>\n","protected":false},"excerpt":{"rendered":"<p>\u0110\u1ed3ng h\u1ed3 \u0111o d\u00f2ng, \u00e1p DC \u00a0\u00a0K3MA-J \u0110\u1ed3ng h\u1ed3 \u0111o nhi\u1ec7t \u0111\u1ed9 \u00a0\u00a0K3MA-L \u0110\u1ed3ng h\u1ed3 \u0111o t\u1ea7n s\u1ed1 \/ t\u1ed1c \u0111\u1ed9\u00a0K3MA-F \u00a0 \u0110a n\u0103ng cao c\u1ea5p: K3HB-X<\/p>\n","protected":false},"author":2,"featured_media":14179,"parent":17,"menu_order":16,"comment_status":"open","ping_status":"closed","template":"","meta":{"footnotes":""},"class_list":["post-728","page","type-page","status-publish","has-post-thumbnail","hentry"],"_links":{"self":[{"href":"https:\/\/hunglong.banbientan.com\/index.php?rest_route=\/wp\/v2\/pages\/728","targetHints":{"allow":["GET"]}}],"collection":[{"href":"https:\/\/hunglong.banbientan.com\/index.php?rest_route=\/wp\/v2\/pages"}],"about":[{"href":"https:\/\/hunglong.banbientan.com\/index.php?rest_route=\/wp\/v2\/types\/page"}],"author":[{"embeddable":true,"href":"https:\/\/hunglong.banbientan.com\/index.php?rest_route=\/wp\/v2\/users\/2"}],"replies":[{"embeddable":true,"href":"https:\/\/hunglong.banbientan.com\/index.php?rest_route=%2Fwp%2Fv2%2Fcomments&post=728"}],"version-history":[{"count":0,"href":"https:\/\/hunglong.banbientan.com\/index.php?rest_route=\/wp\/v2\/pages\/728\/revisions"}],"up":[{"embeddable":true,"href":"https:\/\/hunglong.banbientan.com\/index.php?rest_route=\/wp\/v2\/pages\/17"}],"wp:featuredmedia":[{"embeddable":true,"href":"https:\/\/hunglong.banbientan.com\/index.php?rest_route=\/"}],"wp:attachment":[{"href":"https:\/\/hunglong.banbientan.com\/index.php?rest_route=%2Fwp%2Fv2%2Fmedia&parent=728"}],"curies":[{"name":"wp","href":"https:\/\/api.w.org\/{rel}","templated":true}]}}