{"id":730,"date":"2011-10-02T00:57:30","date_gmt":"2011-10-02T00:57:30","guid":{"rendered":"http:\/\/banbientan.wordpress.com\/?page_id=730"},"modified":"2011-10-02T00:57:30","modified_gmt":"2011-10-02T00:57:30","slug":"k3ma-j","status":"publish","type":"page","link":"https:\/\/hunglong.banbientan.com\/?page_id=730","title":{"rendered":"K3MA-J \u0111o d\u00f2ng\/\u00e1p DC"},"content":{"rendered":"<p>\u0110\u1ed3ng h\u1ed3 \u0111o d\u00f2ng, \u00e1p DC \u00a0\u00a0K3MA-J<br \/>\n<a href=\"https:\/\/banbientan.com\/wp-content\/uploads\/2011\/10\/K3MA-j.jpg\"><img loading=\"lazy\" decoding=\"async\" class=\"alignnone size-full wp-image-4986\" title=\"K3MA-j\" src=\"https:\/\/banbientan.com\/wp-content\/uploads\/2011\/10\/K3MA-j.jpg\" alt=\"\" width=\"231\" height=\"164\" \/><\/a><br \/>\n<strong><a href=\"https:\/\/banbientan.com\/wp-content\/uploads\/2011\/10\/huong-dan-cai-dat-k3ma-j-tieng-viet.pdf\">H\u01b0\u1edbng d\u1eabn c\u00e0i \u0111\u1eb7t k3ma-j<\/a><\/strong><br \/>\n<strong><a href=\"https:\/\/banbientan.com\/wp-content\/uploads\/2011\/10\/tai-lieu-tieng-viet-K3MA-J.pdf\">T\u00e0i li\u1ec7u ti\u1ebfng vi\u1ec7t K3MA-J<\/a><\/strong><br \/>\n<strong><a href=\"https:\/\/banbientan.com\/wp-content\/uploads\/2011\/10\/Catalog-tieng-anh-K3MA-J.pdf\">Catalog ti\u1ebfng anh K3MA-J<\/a><\/strong><br \/>\nM\u00e0n h\u00ecnh LCD c\u00f3 \u0111\u1ed9 hi\u1ec3n th\u1ecb cao v\u1edbi 2 m\u00e0u LED (\u0111\u1ecf v\u00e0 xanh).<br \/>\n\u0083\u00a0 \u0110\u1ea7u v\u00e0o d\u00f2ng \/ \u00e1p DC nhi\u1ec1u d\u1ea3i.<br \/>\n\u0083\u00a0 C\u00e0i \u0111\u1eb7t d\u1ec5 d\u00e0ng b\u1eb1ng ph\u00edm ph\u00eda tr\u01b0\u1edbc<br \/>\n\u0083\u00a0 Ch\u1ee9c n\u0103ng \u0111o trung b\u00ecnh tri\u1ec7t ti\u00eau s\u1ef1 nh\u1ea5p nh\u00e1y m\u00e0n h\u00ecnh<br \/>\n\u0083\u00a0 C\u00e1c ch\u1ee9c n\u0103ng bi\u1ebfn \u0111\u1ed5i t\u1ef7 l\u1ec7, \u0111\u1eb7t l\u1ea1i v\u1ec1 0 b\u1eb1ng\u00a0 ph\u00edm, gi\u1edbi h\u1ea1n 0<br \/>\n\u0083\u00a0 D\u1ec5 theo d\u00f5i gi\u00e1 tr\u1ecb t\u1ed1i \u0111a \/ t\u1ed1i thi\u1ec3u.<br \/>\n\u0083\u00a0 \u0110\u1ed9 s\u00e2u ch\u1ec9 80 mm (\u0111o t\u1eeb m\u00e9p m\u1eb7t tr\u01b0\u1edbc).<br \/>\n\u0083\u00a0 B\u1ecdc an to\u00e0n b\u1ea3o v\u1ec7 ch\u1ed1ng \u0111i\u1ec7n gi\u1eadt.<br \/>\n\u0083\u00a0 M\u1eb7t tr\u01b0\u1edbc kh\u00f4ng th\u1ea5m n\u01b0\u1edbc v\u00e0 b\u1ee5i ti\u00eau chu\u1ea9n\u0083\u00a0 NEMA4X (IP66).<br \/>\n<strong>Th\u00f4ng tin \u0111\u1eb7t h\u00e0ng:<\/strong><\/p>\n<table style=\"width: 720px;\" border=\"0\" cellspacing=\"0\" cellpadding=\"0\">\n<tbody>\n<tr>\n<td valign=\"bottom\" nowrap=\"nowrap\" width=\"103\">Lo\u1ea1i \u0111\u1ea7u v\u00e0o<\/td>\n<td valign=\"bottom\" nowrap=\"nowrap\" width=\"132\">\u0110i\u1ec7n \u00e1p ngu\u1ed3n<\/td>\n<td valign=\"bottom\" nowrap=\"nowrap\" width=\"251\">\u0110\u1ea7u ra<\/td>\n<td valign=\"bottom\" nowrap=\"nowrap\" width=\"234\">Model<\/td>\n<\/tr>\n<tr>\n<td rowspan=\"4\" valign=\"bottom\" nowrap=\"nowrap\" width=\"103\">\u00a0D\u00f2ng \/ \u00e1p DC<\/td>\n<td rowspan=\"2\" valign=\"bottom\" nowrap=\"nowrap\" width=\"132\">100 &#8211; 240 VAC<\/td>\n<td valign=\"bottom\" nowrap=\"nowrap\" width=\"251\">Kh\u00f4ng<\/td>\n<td valign=\"bottom\" nowrap=\"nowrap\" width=\"234\">K3MA-J 100-240VAC<\/td>\n<\/tr>\n<tr>\n<td valign=\"bottom\" nowrap=\"nowrap\" width=\"251\">2 \u0111\u1ea7u ra ti\u1ebfp \u0111i\u1ec3m r\u01a1 le (SPST-NO<\/td>\n<td valign=\"bottom\" nowrap=\"nowrap\" width=\"234\">K3MA-J-A2 100-240VAC<\/td>\n<\/tr>\n<tr>\n<td rowspan=\"2\" valign=\"bottom\" nowrap=\"nowrap\" width=\"132\">24 VAC\/VDC<\/td>\n<td valign=\"bottom\" nowrap=\"nowrap\" width=\"251\">Kh\u00f4ng<\/td>\n<td valign=\"bottom\" nowrap=\"nowrap\" width=\"234\">K3MA-J 24VAC\/VDC<\/td>\n<\/tr>\n<tr>\n<td valign=\"bottom\" nowrap=\"nowrap\" width=\"251\">2 \u0111\u1ea7u ra ti\u1ebfp \u0111i\u1ec3m r\u01a1 le (SPST-NO<\/td>\n<td valign=\"bottom\" nowrap=\"nowrap\" width=\"234\">K3MA-J-A2 24VAC\/VDC.<\/td>\n<\/tr>\n<\/tbody>\n<\/table>\n<p><strong>C\u00e1c v\u00ed d\u1ee5 \u1ee9ng d\u1ee5ng<\/strong><br \/>\n<span style=\"font-size: large;\">Theo d\u00f5i \u00e1p su\u1ea5t b\u00ean trong b\u1ed3n ch\u1ee9a<\/span><br \/>\n* Theo d\u00f5i \u00e1p su\u1ea5t kh\u00ed trong c\u00f4ng nghi\u1ec7p th\u1ef1c ph\u1ea9m ho\u1eb7c d\u01b0\u1ee3c ph\u1ea9m, v.v&#8230;<br \/>\n<a href=\"https:\/\/banbientan.com\/wp-content\/uploads\/2011\/10\/K3MA_App04_tank_pressure.jpg\"><img loading=\"lazy\" decoding=\"async\" class=\"alignnone size-full wp-image-4990\" title=\"K3MA_App04_tank_pressure\" src=\"https:\/\/banbientan.com\/wp-content\/uploads\/2011\/10\/K3MA_App04_tank_pressure.jpg\" alt=\"\" width=\"250\" height=\"193\" \/><\/a><br \/>\nHi\u1ec3n th\u1ecb b\u00e1o m\u1ee9c ch\u1ea5t l\u1ecfng<br \/>\n* Theo d\u00f5i m\u1ee9c ch\u1ea5t l\u1ecfng trong c\u00e1c b\u1ed3n ch\u1ee9a n\u01b0\u1edbc, ho\u00e1 ch\u1ea5t, v.v,\u2026<br \/>\n<a href=\"https:\/\/banbientan.com\/wp-content\/uploads\/2011\/10\/K3MA_App05_liquid_level.jpg\"><img loading=\"lazy\" decoding=\"async\" class=\"alignnone size-full wp-image-4991\" title=\"K3MA_App05_liquid_level\" src=\"https:\/\/banbientan.com\/wp-content\/uploads\/2011\/10\/K3MA_App05_liquid_level.jpg\" alt=\"\" width=\"250\" height=\"194\" \/><\/a><br \/>\n\u0110o l\u01b0u l\u01b0\u1ee3ng<br \/>\n* Theo d\u00f5i l\u01b0u l\u01b0\u1ee3ng d\u00f2ng ch\u1ea3y t\u1ea1i thi\u1ebft b\u1ecb x\u1eed l\u00fd n\u01b0\u1edbc, v.v,\u2026<br \/>\n<a href=\"https:\/\/banbientan.com\/wp-content\/uploads\/2011\/10\/K3MA_App06_flowrate.jpg\"><img loading=\"lazy\" decoding=\"async\" class=\"alignnone size-full wp-image-4992\" title=\"K3MA_App06_flowrate\" src=\"https:\/\/banbientan.com\/wp-content\/uploads\/2011\/10\/K3MA_App06_flowrate.jpg\" alt=\"\" width=\"249\" height=\"193\" \/><\/a><\/p>\n","protected":false},"excerpt":{"rendered":"<p>\u0110\u1ed3ng h\u1ed3 \u0111o d\u00f2ng, \u00e1p DC \u00a0\u00a0K3MA-J H\u01b0\u1edbng d\u1eabn c\u00e0i \u0111\u1eb7t k3ma-j T\u00e0i li\u1ec7u ti\u1ebfng vi\u1ec7t K3MA-J Catalog ti\u1ebfng anh K3MA-J M\u00e0n h\u00ecnh LCD c\u00f3 \u0111\u1ed9 hi\u1ec3n th\u1ecb cao v\u1edbi 2 m\u00e0u LED (\u0111\u1ecf v\u00e0 xanh). \u0083\u00a0 \u0110\u1ea7u v\u00e0o d\u00f2ng \/ \u00e1p DC nhi\u1ec1u d\u1ea3i. \u0083\u00a0 C\u00e0i \u0111\u1eb7t d\u1ec5 d\u00e0ng b\u1eb1ng ph\u00edm ph\u00eda tr\u01b0\u1edbc \u0083\u00a0 [&hellip;]<\/p>\n","protected":false},"author":2,"featured_media":4986,"parent":728,"menu_order":1,"comment_status":"open","ping_status":"open","template":"","meta":{"footnotes":""},"class_list":["post-730","page","type-page","status-publish","has-post-thumbnail","hentry"],"_links":{"self":[{"href":"https:\/\/hunglong.banbientan.com\/index.php?rest_route=\/wp\/v2\/pages\/730","targetHints":{"allow":["GET"]}}],"collection":[{"href":"https:\/\/hunglong.banbientan.com\/index.php?rest_route=\/wp\/v2\/pages"}],"about":[{"href":"https:\/\/hunglong.banbientan.com\/index.php?rest_route=\/wp\/v2\/types\/page"}],"author":[{"embeddable":true,"href":"https:\/\/hunglong.banbientan.com\/index.php?rest_route=\/wp\/v2\/users\/2"}],"replies":[{"embeddable":true,"href":"https:\/\/hunglong.banbientan.com\/index.php?rest_route=%2Fwp%2Fv2%2Fcomments&post=730"}],"version-history":[{"count":0,"href":"https:\/\/hunglong.banbientan.com\/index.php?rest_route=\/wp\/v2\/pages\/730\/revisions"}],"up":[{"embeddable":true,"href":"https:\/\/hunglong.banbientan.com\/index.php?rest_route=\/wp\/v2\/pages\/728"}],"wp:featuredmedia":[{"embeddable":true,"href":"https:\/\/hunglong.banbientan.com\/index.php?rest_route=\/"}],"wp:attachment":[{"href":"https:\/\/hunglong.banbientan.com\/index.php?rest_route=%2Fwp%2Fv2%2Fmedia&parent=730"}],"curies":[{"name":"wp","href":"https:\/\/api.w.org\/{rel}","templated":true}]}}