{"id":747,"date":"2011-10-02T01:08:01","date_gmt":"2011-10-01T18:08:01","guid":{"rendered":"http:\/\/banbientan.wordpress.com\/?page_id=747"},"modified":"2011-10-02T01:08:01","modified_gmt":"2011-10-01T18:08:01","slug":"s8jx","status":"publish","type":"page","link":"https:\/\/hunglong.banbientan.com\/?page_id=747","title":{"rendered":"S8JX lo\u1ea1i ti\u00eau chu\u1ea9n"},"content":{"rendered":"<h3>B\u1ed9 ngu\u1ed3n xung \u1ed5n \u00e1p S8JX<\/h3>\n<p><a href=\"https:\/\/banbientan.com\/wp-content\/uploads\/2011\/10\/bo-nguon-xung-S8Jx.jpg\"><img loading=\"lazy\" decoding=\"async\" class=\"alignnone size-medium wp-image-4822\" title=\"bo nguon xung S8Jx\" src=\"https:\/\/banbientan.com\/wp-content\/uploads\/2011\/10\/bo-nguon-xung-S8Jx-300x165.jpg\" alt=\"\" width=\"300\" height=\"165\" \/><\/a><br \/>\n<strong><a href=\"https:\/\/banbientan.com\/wp-content\/uploads\/2011\/10\/S8JX_9-06_vn.pdf\">T\u00e0i li\u1ec7u ti\u1ebfng vi\u1ec7t b\u1ed9 ngu\u1ed3n S8JX<\/a><\/strong><br \/>\n<strong><a href=\"https:\/\/banbientan.com\/wp-content\/uploads\/2011\/10\/s8jx.pdf\">Catalog ti\u1ebfng anh ngu\u1ed3n S8JX omron<\/a><\/strong><br \/>\nKinh t\u1ebf, nh\u1ecf g\u1ecdn, ti\u00eau chu\u1ea9n to\u00e0n c\u1ea7u<br \/>\nK\u00edch th\u01b0\u1edbc g\u1ecdn; gi\u00e1 th\u1ea5p; c\u00f3 g\u00e1 DIN rail<br \/>\nC\u00f3 b\u1ea3o v\u1ec7 ch\u1ed1ng qu\u00e1 t\u1ea3i, ti\u00eau chu\u1ea9n CE<br \/>\n\u00d0i\u1ec7n \u00e1p v\u00e0o: 100-264 VAC<br \/>\n\u00d0i \u1ec7n \u00e1p ra: 5, 12, 24 VDC<br \/>\nLo\u1ea1i th\u00f4ng d\u1ee5ng: \u00d0i\u1ec7n \u00e1p ra : 24VDC<\/p>\n<h4>S8JX-03524CD: 1,5A; 35W<\/h4>\n<p>S8JX-05024CD: 2,1A; 50W<br \/>\nS8JX-10024CD: 4,2A; 100W<br \/>\nS8JX-15024CD: 6,5A; 150W<br \/>\n&nbsp;<\/p>\n<table style=\"width: 647px;\" border=\"0\" cellspacing=\"0\" cellpadding=\"0\">\n<tbody>\n<tr>\n<td rowspan=\"2\" valign=\"bottom\" nowrap=\"nowrap\" width=\"97\"><span style=\"font-size: small;\">C\u00f4ng su\u1ea5t<\/span><\/td>\n<td rowspan=\"2\" valign=\"bottom\" width=\"180\"><span style=\"font-size: small;\">\u0110i\u1ec7n \u00e1p \u0111\u1ea7u v\u00e0o<\/span><\/td>\n<td rowspan=\"2\" valign=\"bottom\" width=\"108\"><span style=\"font-size: small;\">\u0110i\u1ec7n \u00e1p \u0111\u1ea7u ra<\/span><\/td>\n<td rowspan=\"2\" valign=\"bottom\" nowrap=\"nowrap\" width=\"84\"><span style=\"font-size: small;\">D\u00f2ng \u0111\u1ea7u ra<\/span><\/td>\n<td rowspan=\"2\" valign=\"bottom\" width=\"178\"><span style=\"font-size: small;\">Ki\u1ec3u g\u00e1 tr\u00ean thanh Din<\/span><\/td>\n<td width=\"0\" height=\"15\"><span style=\"font-size: small;\">\u00a0<\/span><\/td>\n<\/tr>\n<tr>\n<td width=\"0\" height=\"15\"><span style=\"font-size: small;\">\u00a0<\/span><\/td>\n<\/tr>\n<tr>\n<td valign=\"bottom\" nowrap=\"nowrap\" width=\"97\"><span style=\"font-size: small;\">35 W<\/span><\/td>\n<td valign=\"bottom\" nowrap=\"nowrap\" width=\"180\"><span style=\"font-size: small;\">200 \u0111\u1ebfn 240 VAC<\/span><\/td>\n<td valign=\"bottom\" nowrap=\"nowrap\" width=\"108\"><span style=\"font-size: small;\">24VDC<\/span><\/td>\n<td valign=\"bottom\" nowrap=\"nowrap\" width=\"84\"><span style=\"font-size: small;\">1.5 A<\/span><\/td>\n<td valign=\"bottom\" nowrap=\"nowrap\" width=\"178\"><span style=\"font-size: small;\">\u00a0<a href=\"https:\/\/banbientan.com\/s8jx-g03024cd\"><strong>S8JX-G03524CD<\/strong><\/a><\/span><\/td>\n<td width=\"0\" height=\"1\"><span style=\"font-size: small;\">\u00a0<\/span><\/td>\n<\/tr>\n<tr>\n<td valign=\"bottom\" nowrap=\"nowrap\" width=\"97\"><span style=\"font-size: small;\">50 W<\/span><\/td>\n<td valign=\"bottom\" nowrap=\"nowrap\" width=\"180\"><span style=\"font-size: small;\">200 \u0111\u1ebfn 240 VAC<\/span><\/td>\n<td valign=\"bottom\" nowrap=\"nowrap\" width=\"108\"><span style=\"font-size: small;\">24VDC<\/span><\/td>\n<td valign=\"bottom\" nowrap=\"nowrap\" width=\"84\"><span style=\"font-size: small;\">2.1 A<\/span><\/td>\n<td valign=\"bottom\" nowrap=\"nowrap\" width=\"178\"><span style=\"font-size: small;\">\u00a0\u00a0<a href=\"https:\/\/banbientan.com\/s8jx-g05024cd\/\"><strong>S8JX-G05024CD<\/strong><\/a><\/span><\/td>\n<td width=\"0\" height=\"1\"><span style=\"font-size: small;\">\u00a0<\/span><\/td>\n<\/tr>\n<tr>\n<td valign=\"bottom\" nowrap=\"nowrap\" width=\"97\"><span style=\"font-size: small;\">100 W<\/span><\/td>\n<td valign=\"bottom\" nowrap=\"nowrap\" width=\"180\"><span style=\"font-size: small;\">200 \u0111\u1ebfn 240 VAC<\/span><\/td>\n<td valign=\"bottom\" nowrap=\"nowrap\" width=\"108\"><span style=\"font-size: small;\">24VDC<\/span><\/td>\n<td valign=\"bottom\" nowrap=\"nowrap\" width=\"84\"><span style=\"font-size: small;\">4.2 A<\/span><\/td>\n<td valign=\"bottom\" nowrap=\"nowrap\" width=\"178\"><span style=\"font-size: small;\">\u00a0<a href=\"https:\/\/banbientan.com\/s8jx-g10024cd\/\"><strong>S8JX-G10024CD<\/strong><\/a><\/span><\/td>\n<td width=\"0\" height=\"1\"><span style=\"font-size: small;\">\u00a0<\/span><\/td>\n<\/tr>\n<tr>\n<td valign=\"bottom\" nowrap=\"nowrap\" width=\"97\"><span style=\"font-size: small;\">150W<\/span><\/td>\n<td valign=\"bottom\" nowrap=\"nowrap\" width=\"180\"><span style=\"font-size: small;\">200 \u0111\u1ebfn 240 VAC<\/span><\/td>\n<td valign=\"bottom\" nowrap=\"nowrap\" width=\"108\"><span style=\"font-size: small;\">24VDC<\/span><\/td>\n<td valign=\"bottom\" nowrap=\"nowrap\" width=\"84\"><span style=\"font-size: small;\">6.5 A<\/span><\/td>\n<td valign=\"bottom\" nowrap=\"nowrap\" width=\"178\"><span style=\"font-size: small;\">\u00a0<a href=\"https:\/\/banbientan.com\/s8jx-g15024cd\/\"><strong>S8JX-G15024CD<\/strong><\/a><\/span><\/td>\n<td width=\"0\" height=\"1\"><span style=\"font-size: small;\">\u00a0<\/span><\/td>\n<\/tr>\n<tr>\n<td valign=\"bottom\" nowrap=\"nowrap\" width=\"97\"><span style=\"font-size: small;\">300 W<\/span><\/td>\n<td valign=\"bottom\" nowrap=\"nowrap\" width=\"180\"><span style=\"font-size: small;\">200 \u0111\u1ebfn 240 VAC<\/span><\/td>\n<td valign=\"bottom\" nowrap=\"nowrap\" width=\"108\"><span style=\"font-size: small;\">24VDC<\/span><\/td>\n<td valign=\"bottom\" nowrap=\"nowrap\" width=\"84\"><span style=\"font-size: small;\">14 A<\/span><\/td>\n<td valign=\"bottom\" nowrap=\"nowrap\" width=\"178\"><span style=\"font-size: small;\">\u00a0<a href=\"https:\/\/banbientan.com\/s8jx-g30024cd\/\"><strong>S8JX-G30024CD<\/strong><\/a><\/span><\/td>\n<td width=\"0\" height=\"1\"><span style=\"font-size: small;\">\u00a0<\/span><\/td>\n<\/tr>\n<tr>\n<td valign=\"bottom\" nowrap=\"nowrap\" width=\"97\"><span style=\"font-size: small;\">600 W<\/span><\/td>\n<td valign=\"bottom\" nowrap=\"nowrap\" width=\"180\"><span style=\"font-size: small;\">200 \u0111\u1ebfn 240 VAC<\/span><\/td>\n<td valign=\"bottom\" nowrap=\"nowrap\" width=\"108\"><span style=\"font-size: small;\">24VDC<\/span><\/td>\n<td valign=\"bottom\" nowrap=\"nowrap\" width=\"84\"><span style=\"font-size: small;\">27 A<\/span><\/td>\n<td valign=\"bottom\" nowrap=\"nowrap\" width=\"178\"><span style=\"font-size: small;\">\u00a0<a href=\"https:\/\/banbientan.com\/s8jx-g60024c\/\"><strong>S8JX-G60024C<\/strong><\/a><\/span><\/td>\n<td width=\"0\" height=\"1\"><\/td>\n<\/tr>\n<\/tbody>\n<\/table>\n","protected":false},"excerpt":{"rendered":"<p>B\u1ed9 ngu\u1ed3n xung \u1ed5n \u00e1p S8JX T\u00e0i li\u1ec7u ti\u1ebfng vi\u1ec7t b\u1ed9 ngu\u1ed3n S8JX Catalog ti\u1ebfng anh ngu\u1ed3n S8JX omron Kinh t\u1ebf, nh\u1ecf g\u1ecdn, ti\u00eau chu\u1ea9n to\u00e0n c\u1ea7u K\u00edch th\u01b0\u1edbc g\u1ecdn; gi\u00e1 th\u1ea5p; c\u00f3 g\u00e1 DIN rail C\u00f3 b\u1ea3o v\u1ec7 ch\u1ed1ng qu\u00e1 t\u1ea3i, ti\u00eau chu\u1ea9n CE \u00d0i\u1ec7n \u00e1p v\u00e0o: 100-264 VAC \u00d0i \u1ec7n \u00e1p ra: 5, [&hellip;]<\/p>\n","protected":false},"author":2,"featured_media":4822,"parent":107,"menu_order":2,"comment_status":"open","ping_status":"closed","template":"","meta":{"footnotes":""},"class_list":["post-747","page","type-page","status-publish","has-post-thumbnail","hentry"],"_links":{"self":[{"href":"https:\/\/hunglong.banbientan.com\/index.php?rest_route=\/wp\/v2\/pages\/747","targetHints":{"allow":["GET"]}}],"collection":[{"href":"https:\/\/hunglong.banbientan.com\/index.php?rest_route=\/wp\/v2\/pages"}],"about":[{"href":"https:\/\/hunglong.banbientan.com\/index.php?rest_route=\/wp\/v2\/types\/page"}],"author":[{"embeddable":true,"href":"https:\/\/hunglong.banbientan.com\/index.php?rest_route=\/wp\/v2\/users\/2"}],"replies":[{"embeddable":true,"href":"https:\/\/hunglong.banbientan.com\/index.php?rest_route=%2Fwp%2Fv2%2Fcomments&post=747"}],"version-history":[{"count":0,"href":"https:\/\/hunglong.banbientan.com\/index.php?rest_route=\/wp\/v2\/pages\/747\/revisions"}],"up":[{"embeddable":true,"href":"https:\/\/hunglong.banbientan.com\/index.php?rest_route=\/wp\/v2\/pages\/107"}],"wp:featuredmedia":[{"embeddable":true,"href":"https:\/\/hunglong.banbientan.com\/index.php?rest_route=\/"}],"wp:attachment":[{"href":"https:\/\/hunglong.banbientan.com\/index.php?rest_route=%2Fwp%2Fv2%2Fmedia&parent=747"}],"curies":[{"name":"wp","href":"https:\/\/api.w.org\/{rel}","templated":true}]}}