{"id":753,"date":"2013-05-21T00:00:28","date_gmt":"2013-05-20T17:00:28","guid":{"rendered":"http:\/\/banbientan.wordpress.com\/?page_id=753"},"modified":"2013-05-21T00:00:28","modified_gmt":"2013-05-20T17:00:28","slug":"s8vm","status":"publish","type":"page","link":"https:\/\/hunglong.banbientan.com\/?page_id=753","title":{"rendered":"S8VM cao c\u1ea5p"},"content":{"rendered":"<p>B\u1ed9 ngu\u1ed3n xung \u1ed5n \u00e1p S8VM<br \/>\n<a href=\"https:\/\/banbientan.com\/wp-content\/uploads\/2011\/10\/S8VM.jpg\"><img loading=\"lazy\" decoding=\"async\" class=\"alignnone size-medium wp-image-4834\" title=\"S8VM\" src=\"https:\/\/banbientan.com\/wp-content\/uploads\/2011\/10\/S8VM-208x300.jpg\" alt=\"\" width=\"208\" height=\"300\" \/><\/a>\u00a0 \u00a0\u00a0<a href=\"https:\/\/banbientan.com\/wp-content\/uploads\/2011\/10\/s8vm_02.jpg\"><img loading=\"lazy\" decoding=\"async\" class=\"alignnone size-full wp-image-4835\" title=\"s8vm_02\" src=\"https:\/\/banbientan.com\/wp-content\/uploads\/2011\/10\/s8vm_02.jpg\" alt=\"\" width=\"268\" height=\"273\" \/><\/a><br \/>\n<strong><a href=\"https:\/\/banbientan.com\/wp-content\/uploads\/2013\/05\/S8VM.pdf\">T\u00e0i li\u1ec7u ti\u1ebfng vi\u1ec7t S8VM<\/a><\/strong><br \/>\n<strong><a href=\"https:\/\/banbientan.com\/wp-content\/uploads\/2011\/10\/S8VM-vn.pdf\" target=\"_blank\" rel=\"noopener\">T\u00e0i li\u1ec7u ti\u1ebfng anh<\/a><\/strong><br \/>\n\u2022\u00a0K\u00edch th\u01b0\u1edbc g\u1ecdn nh\u1ea5t cho t\u1edbi nay,<br \/>\n\u2022\u00a0B\u1ea3o v\u1ec7 qu\u00e1 t\u1ea3i, qu\u00e1 \u00e1p<br \/>\n\u2022\u00a0Ch\u1ee9c n\u0103ng c\u1ea3nh b\u00e1o th\u1ea5p \u00e1p m\u1edbi c\u00f9ng v\u1edbi \u0111\u00e8n LED ch\u1ec9 th\u1ecb 2 m\u00e0u (v\u00e0ng, \u0111\u1ecf) cho ph\u00e9p x\u00e1c \u0111\u1ecbnh nguy\u00ean nh\u00e2n g\u00e2y l\u1ed7i: s\u1ee5t \u00e1p nh\u1ea5t th\u1eddi, s\u1ee5t \u00e1p k\u00e9o d\u00e0i k\u00e8m theo 2 \u0111\u1ea7u ra c\u1ea3nh b\u00e1o (model 50,100,150 W).<br \/>\nThi\u1ebft k\u1ebf m\u1edbi \u0111\u1ea3m b\u1ea3o v\u00edt v\u1eb7n kh\u00f4ng b\u1ecb r\u01a1i ra ngo\u00e0i, b\u1ea3o v\u1ec7 ng\u01b0\u1eddi v\u1eadn h\u00e0nh kh\u1ecfi ch\u1ea1m tay v\u00e0o \u0111\u1ea7u n\u1ed1i<br \/>\n&#8211; 29 model v\u1edbi 8 c\u1ea5p c\u00f4ng su\u1ea5t t\u1eeb 15 \u0111\u1ebfn 1.500W<br \/>\n&#8211; \u0110i\u1ec7n \u00e1p v\u00e0o: 100-240 VAC, \u0111\u1ea7u ra: 5, 12, 15, 24 VDC<br \/>\nLo\u1ea1i th\u00f4ng d\u1ee5ng:\u00a0\u0110i\u1ec7n \u00e1p ra 24VDC<br \/>\n<a href=\"https:\/\/banbientan.com\/s8vm-03024cd\"><strong>S8VM-03024CD<\/strong><\/a>: 1,3A<br \/>\n<a href=\"https:\/\/banbientan.com\/s8vm-05024cd\"><strong>S8VM-05024CD<\/strong><\/a>: 2,2A<br \/>\n<a href=\"https:\/\/banbientan.com\/s8vm-10024cd\"><strong>S8VM-10024CD<\/strong><\/a>: 4,5A<br \/>\n<a href=\"https:\/\/banbientan.com\/s8vm-15024cd\"><strong>S8VM-15024CD<\/strong><\/a>: 6,5A<br \/>\n<a href=\"https:\/\/banbientan.com\/s8vm-30024cd\"><strong>S8VM-30024CD<\/strong><\/a>: 14 A D\u00f2ng \u0111\u1ec9nh:16.5A<br \/>\n<a href=\"https:\/\/banbientan.com\/s8vm-60024cd\"><strong>S8VM-60024CD<\/strong><\/a>: 27 A\u00a0 D\u00f2ng \u0111\u1ec9nh: 31A (200VAC)<br \/>\n<a href=\"https:\/\/banbientan.com\/s8vm-15224cd\"><strong>S8VM-15224CD<\/strong><\/a>\u00a0: 65A (100VAC) 70A (200VAC) D\u00f2ng \u0111\u1ec9nh: 105A<\/p>\n","protected":false},"excerpt":{"rendered":"<p>B\u1ed9 ngu\u1ed3n xung \u1ed5n \u00e1p S8VM \u00a0 \u00a0\u00a0 T\u00e0i li\u1ec7u ti\u1ebfng vi\u1ec7t S8VM T\u00e0i li\u1ec7u ti\u1ebfng anh \u2022\u00a0K\u00edch th\u01b0\u1edbc g\u1ecdn nh\u1ea5t cho t\u1edbi nay, \u2022\u00a0B\u1ea3o v\u1ec7 qu\u00e1 t\u1ea3i, qu\u00e1 \u00e1p \u2022\u00a0Ch\u1ee9c n\u0103ng c\u1ea3nh b\u00e1o th\u1ea5p \u00e1p m\u1edbi c\u00f9ng v\u1edbi \u0111\u00e8n LED ch\u1ec9 th\u1ecb 2 m\u00e0u (v\u00e0ng, \u0111\u1ecf) cho ph\u00e9p x\u00e1c \u0111\u1ecbnh nguy\u00ean nh\u00e2n g\u00e2y l\u1ed7i: [&hellip;]<\/p>\n","protected":false},"author":2,"featured_media":4834,"parent":107,"menu_order":4,"comment_status":"open","ping_status":"closed","template":"","meta":{"footnotes":""},"class_list":["post-753","page","type-page","status-publish","has-post-thumbnail","hentry"],"_links":{"self":[{"href":"https:\/\/hunglong.banbientan.com\/index.php?rest_route=\/wp\/v2\/pages\/753","targetHints":{"allow":["GET"]}}],"collection":[{"href":"https:\/\/hunglong.banbientan.com\/index.php?rest_route=\/wp\/v2\/pages"}],"about":[{"href":"https:\/\/hunglong.banbientan.com\/index.php?rest_route=\/wp\/v2\/types\/page"}],"author":[{"embeddable":true,"href":"https:\/\/hunglong.banbientan.com\/index.php?rest_route=\/wp\/v2\/users\/2"}],"replies":[{"embeddable":true,"href":"https:\/\/hunglong.banbientan.com\/index.php?rest_route=%2Fwp%2Fv2%2Fcomments&post=753"}],"version-history":[{"count":0,"href":"https:\/\/hunglong.banbientan.com\/index.php?rest_route=\/wp\/v2\/pages\/753\/revisions"}],"up":[{"embeddable":true,"href":"https:\/\/hunglong.banbientan.com\/index.php?rest_route=\/wp\/v2\/pages\/107"}],"wp:featuredmedia":[{"embeddable":true,"href":"https:\/\/hunglong.banbientan.com\/index.php?rest_route=\/"}],"wp:attachment":[{"href":"https:\/\/hunglong.banbientan.com\/index.php?rest_route=%2Fwp%2Fv2%2Fmedia&parent=753"}],"curies":[{"name":"wp","href":"https:\/\/api.w.org\/{rel}","templated":true}]}}