{"id":8487,"date":"2013-07-09T00:00:08","date_gmt":"2013-07-08T17:00:08","guid":{"rendered":"http:\/\/omron247-vietnam.com\/?page_id=8487"},"modified":"2013-07-09T00:00:08","modified_gmt":"2013-07-08T17:00:08","slug":"bao-ve-giam-sat-nguon","status":"publish","type":"page","link":"https:\/\/hunglong.banbientan.com\/?page_id=8487","title":{"rendered":"B\u1ea3o v\u1ec7, gi\u00e1m s\u00e1t ngu\u1ed3n"},"content":{"rendered":"<table border=\"0\" cellspacing=\"0\" cellpadding=\"0\">\n<colgroup>\n<col width=\"239\" \/>\n<col width=\"236\" \/>\n<col width=\"230\" \/><\/colgroup>\n<tbody>\n<tr>\n<td width=\"239\" height=\"17\"><strong><a href=\"https:\/\/banbientan.com\/k8ds-ph1\/\" target=\"_blank\" rel=\"noopener\">K8DS-PH1<\/a> <span style=\"color: #ff0000;\">(New)<\/span><\/strong><\/td>\n<td width=\"236\"><strong><a href=\"https:\/\/banbientan.com\/k8ak-pm2\/\" target=\"_blank\" rel=\"noopener\">K8AK-PM2<\/a>\u00a0<span style=\"color: #ff0000;\">(New)<\/span><\/strong><\/td>\n<td width=\"230\"><strong><a href=\"https:\/\/banbientan.com\/k8ak-aw\/\" target=\"_blank\" rel=\"noopener\">K8AK-AW<\/a><\/strong><\/td>\n<\/tr>\n<tr>\n<td height=\"17\">\u00a0<a href=\"https:\/\/banbientan.com\/wp-content\/uploads\/2014\/03\/k8as-ph1.jpg\"><img loading=\"lazy\" decoding=\"async\" alt=\"k8as-ph1\" src=\"https:\/\/banbientan.com\/wp-content\/uploads\/2014\/03\/k8as-ph1.jpg\" width=\"194\" height=\"253\" \/><\/a><\/td>\n<td>\u00a0<a href=\"https:\/\/banbientan.com\/wp-content\/uploads\/2014\/03\/k8ak-pm2.jpg\"><img loading=\"lazy\" decoding=\"async\" alt=\"k8ak-pm2\" src=\"https:\/\/banbientan.com\/wp-content\/uploads\/2014\/03\/k8ak-pm2.jpg\" width=\"207\" height=\"224\" \/><\/a><\/td>\n<td>\u00a0<a href=\"https:\/\/banbientan.com\/wp-content\/uploads\/2014\/03\/K8AK-AW-.jpg\"><img loading=\"lazy\" decoding=\"async\" alt=\"K8AK-AW\" src=\"https:\/\/banbientan.com\/wp-content\/uploads\/2014\/03\/K8AK-AW-.jpg\" width=\"176\" height=\"185\" \/><\/a><\/td>\n<\/tr>\n<tr>\n<td height=\"17\">R\u01a1 le b\u1ea3o v\u1ec7 m\u1ea5t pha, th\u1ee9 t\u1ef1 pha, ch\u1ed1ng nhi\u1ec5u bi\u1ebfn t\u1ea7n t\u1ed1t.<\/td>\n<td>R\u01a1 le b\u1ea3o v\u1ec7 m\u1ea5t pha, th\u1ee9 t\u1ef1 pha, qu\u00e1 \u00e1p th\u1ea5p \u00e1p, ch\u1ed1ng nhi\u1ec5u bi\u1ebfn t\u1ea7n t\u1ed1t<\/td>\n<td>R\u01a1 le b\u1ea3o v\u1ec7 qu\u00e1 d\u00f2ng \/ th\u1ea5p d\u00f2ng m\u1ed9t pha<\/td>\n<\/tr>\n<\/tbody>\n<\/table>\n<table style=\"width: 705px;\" border=\"0\" cellspacing=\"0\" cellpadding=\"0\">\n<colgroup>\n<col width=\"239\" \/>\n<col width=\"236\" \/>\n<col width=\"230\" \/> <\/colgroup>\n<tbody>\n<tr>\n<td width=\"239\" height=\"17\"><a href=\"https:\/\/banbientan.com\/k8ab-ph1-l\/\"><strong>K8AB-PH1-L<\/strong><\/a><\/td>\n<td width=\"236\"><a href=\"https:\/\/banbientan.com\/k8ab-pw2-380480vac\/\"><strong>K8AB-PW2 380\/480VAC<\/strong><\/a><\/td>\n<td width=\"230\"><a href=\"https:\/\/banbientan.com\/k8ab-pm2-380480vac\/\"><strong>K8AB-PM2 380\/480VAC<\/strong><\/a><\/td>\n<\/tr>\n<tr>\n<td height=\"17\">\u00a0<a href=\"https:\/\/banbientan.com\/wp-content\/uploads\/2012\/12\/K8AB-PH1-L.jpg\"><img loading=\"lazy\" decoding=\"async\" title=\"K8AB-PH1-L\" alt=\"\" src=\"https:\/\/banbientan.com\/wp-content\/uploads\/2012\/12\/K8AB-PH1-L-217x300.jpg\" width=\"156\" height=\"216\" \/><\/a><\/td>\n<td><a href=\"https:\/\/banbientan.com\/wp-content\/uploads\/2012\/12\/K8AB-PW2-380-480VAC.jpg\"><img loading=\"lazy\" decoding=\"async\" title=\"K8AB-PW2 380-480VAC\" alt=\"K8AB PW2 380 480VAC K8AB PW2 380\/480VAC\" src=\"https:\/\/banbientan.com\/wp-content\/uploads\/2012\/12\/K8AB-PW2-380-480VAC.jpg\" width=\"180\" height=\"180\" \/><\/a><\/td>\n<td>\u00a0<a href=\"https:\/\/banbientan.com\/wp-content\/uploads\/2012\/12\/K8AB-PM2-380-480VAC.jpg\"><img loading=\"lazy\" decoding=\"async\" title=\"K8AB-PM2 380-480VAC\" alt=\"\" src=\"https:\/\/banbientan.com\/wp-content\/uploads\/2012\/12\/K8AB-PM2-380-480VAC-248x300.jpg\" width=\"158\" height=\"192\" \/><\/a><\/td>\n<\/tr>\n<tr>\n<td height=\"17\">R\u01a1 le b\u1ea3o v\u1ec7 m\u1ea5t pha, th\u1ee9 t\u1ef1 pha<\/td>\n<td>R\u01a1 le b\u1ea3o v\u1ec7 th\u1ea5p \u00e1p, qu\u00e1 \u00e1p<\/td>\n<td>R\u01a1 le b\u1ea3o v\u1ec7 m\u1ea5t pha, th\u1ee9 t\u1ef1 pha, qu\u00e1 \u00e1p th\u1ea5p \u00e1p<\/td>\n<\/tr>\n<\/tbody>\n<\/table>\n","protected":false},"excerpt":{"rendered":"<p>K8DS-PH1 (New) K8AK-PM2\u00a0(New) K8AK-AW \u00a0 \u00a0 \u00a0 R\u01a1 le b\u1ea3o v\u1ec7 m\u1ea5t pha, th\u1ee9 t\u1ef1 pha, ch\u1ed1ng nhi\u1ec5u bi\u1ebfn t\u1ea7n t\u1ed1t. R\u01a1 le b\u1ea3o v\u1ec7 m\u1ea5t pha, th\u1ee9 t\u1ef1 pha, qu\u00e1 \u00e1p th\u1ea5p \u00e1p, ch\u1ed1ng nhi\u1ec5u bi\u1ebfn t\u1ea7n t\u1ed1t R\u01a1 le b\u1ea3o v\u1ec7 qu\u00e1 d\u00f2ng \/ th\u1ea5p d\u00f2ng m\u1ed9t pha K8AB-PH1-L K8AB-PW2 380\/480VAC K8AB-PM2 380\/480VAC [&hellip;]<\/p>\n","protected":false},"author":2,"featured_media":0,"parent":8439,"menu_order":19,"comment_status":"open","ping_status":"open","template":"","meta":{"footnotes":""},"class_list":["post-8487","page","type-page","status-publish","hentry"],"_links":{"self":[{"href":"https:\/\/hunglong.banbientan.com\/index.php?rest_route=\/wp\/v2\/pages\/8487","targetHints":{"allow":["GET"]}}],"collection":[{"href":"https:\/\/hunglong.banbientan.com\/index.php?rest_route=\/wp\/v2\/pages"}],"about":[{"href":"https:\/\/hunglong.banbientan.com\/index.php?rest_route=\/wp\/v2\/types\/page"}],"author":[{"embeddable":true,"href":"https:\/\/hunglong.banbientan.com\/index.php?rest_route=\/wp\/v2\/users\/2"}],"replies":[{"embeddable":true,"href":"https:\/\/hunglong.banbientan.com\/index.php?rest_route=%2Fwp%2Fv2%2Fcomments&post=8487"}],"version-history":[{"count":0,"href":"https:\/\/hunglong.banbientan.com\/index.php?rest_route=\/wp\/v2\/pages\/8487\/revisions"}],"up":[{"embeddable":true,"href":"https:\/\/hunglong.banbientan.com\/index.php?rest_route=\/wp\/v2\/pages\/8439"}],"wp:attachment":[{"href":"https:\/\/hunglong.banbientan.com\/index.php?rest_route=%2Fwp%2Fv2%2Fmedia&parent=8487"}],"curies":[{"name":"wp","href":"https:\/\/api.w.org\/{rel}","templated":true}]}}