{"id":8780,"date":"2013-06-09T00:00:27","date_gmt":"2013-06-08T17:00:27","guid":{"rendered":"https:\/\/banbientan.com\/?page_id=8780"},"modified":"2013-06-09T00:00:27","modified_gmt":"2013-06-08T17:00:27","slug":"g2rs","status":"publish","type":"page","link":"https:\/\/hunglong.banbientan.com\/?page_id=8780","title":{"rendered":"G2RS"},"content":{"rendered":"<table style=\"width: 674px;\" border=\"0\" cellspacing=\"0\" cellpadding=\"0\">\n<colgroup>\n<col span=\"2\" width=\"225\" \/>\n<col width=\"224\" \/> <\/colgroup>\n<tbody>\n<tr>\n<td width=\"225\" height=\"17\">\u00a0<a href=\"https:\/\/banbientan.com\/g2r-1-s-dc24\">G2R-1-S DC24\u00a0<\/a><\/td>\n<td width=\"225\"><a href=\"https:\/\/banbientan.com\/g2r-1-s-dc24\">\u00a0<\/a><a href=\"https:\/\/banbientan.com\/g2r-1-sn-ac200-220\">G2R-1-SN AC200\/(220)<\/a><\/td>\n<td width=\"224\">\u00a0<a href=\"https:\/\/banbientan.com\/g2r-1-sn-ac24s\/\">G2R-1-SN AC24(S)<\/a><\/td>\n<\/tr>\n<tr>\n<td height=\"17\">\u00a0<a href=\"https:\/\/banbientan.com\/wp-content\/uploads\/2012\/09\/G2R-1-S-DC24.jpg\"><img loading=\"lazy\" decoding=\"async\" title=\"G2R-1-S DC24\" src=\"https:\/\/banbientan.com\/wp-content\/uploads\/2012\/09\/G2R-1-S-DC24.jpg\" alt=\"\" width=\"225\" height=\"225\" \/><\/a><\/td>\n<td>\u00a0<img loading=\"lazy\" decoding=\"async\" src=\"https:\/\/banbientan.com\/wp-content\/uploads\/2012\/09\/G2R-1-SN-AC200-220-300x300.jpg\" alt=\"\" width=\"208\" height=\"208\" \/><\/td>\n<td>\u00a0<a href=\"https:\/\/banbientan.com\/wp-content\/uploads\/2012\/09\/G2R-1-SN-AC24S.jpg\"><img loading=\"lazy\" decoding=\"async\" title=\"G2R-1-SN AC24(S)\" src=\"https:\/\/banbientan.com\/wp-content\/uploads\/2012\/09\/G2R-1-SN-AC24S-300x300.jpg\" alt=\"\" width=\"216\" height=\"216\" \/><\/a><\/td>\n<\/tr>\n<tr>\n<td height=\"17\">\u00a0Ti\u1ebfp \u0111i\u1ec3m SPDT-10A, kh\u00f4ng \u0111\u00e8n, coil 24VDC<\/td>\n<td>Ti\u1ebfp \u0111i\u1ec3m SPDT-10A, c\u00f3 \u0111\u00e8n, Coil 220AC<\/td>\n<td>\u00a0Ti\u1ebfp \u0111i\u1ec3m SPDT-10A, c\u00f3 \u0111\u00e8n, coil 24AC<\/td>\n<\/tr>\n<tr>\n<td height=\"17\">\u00a0<a href=\"https:\/\/banbientan.com\/g2r-1-sn-dc24\">G2R-1-SN DC24<\/a><\/td>\n<td>\u00a0<a href=\"https:\/\/banbientan.com\/g2r-2-s-dc24\/\">G2R-2-S DC24<\/a><\/td>\n<td>\u00a0<a href=\"https:\/\/banbientan.com\/g2r-2-sn-dc24\">G2R-2-SN DC24<\/a><\/td>\n<\/tr>\n<tr>\n<td height=\"17\">\u00a0<a href=\"https:\/\/banbientan.com\/wp-content\/uploads\/2012\/09\/G2R-1-SN-DC24.jpg\"><img loading=\"lazy\" decoding=\"async\" title=\"G2R-1-SN DC24\" src=\"https:\/\/banbientan.com\/wp-content\/uploads\/2012\/09\/G2R-1-SN-DC24.jpg\" alt=\"\" width=\"225\" height=\"225\" \/><\/a><\/td>\n<td>\u00a0<a href=\"https:\/\/banbientan.com\/wp-content\/uploads\/2012\/09\/G2R-2-SN-DC24.jpg\"><img loading=\"lazy\" decoding=\"async\" title=\"G2R-2-SN DC24\" src=\"https:\/\/banbientan.com\/wp-content\/uploads\/2012\/09\/G2R-2-SN-DC24-300x300.jpg\" alt=\"\" width=\"240\" height=\"240\" \/><\/a><\/td>\n<td>\u00a0<a href=\"https:\/\/banbientan.com\/wp-content\/uploads\/2012\/09\/G2R-2-SN-DC24.jpg\"><img loading=\"lazy\" decoding=\"async\" title=\"G2R-2-SN DC24\" src=\"https:\/\/banbientan.com\/wp-content\/uploads\/2012\/09\/G2R-2-SN-DC24-300x300.jpg\" alt=\"\" width=\"240\" height=\"240\" \/><\/a><\/td>\n<\/tr>\n<tr>\n<td height=\"17\">\u00a0Ti\u1ebfp \u0111i\u1ec3m SPDT-10A, c\u00f3 \u0111\u00e8n, Coil DC24<\/td>\n<td><strong>\u00a0<\/strong>Ti\u1ebfp \u0111i\u1ec3m DPDT-5A, kh\u00f4ng \u0111\u00e8n, Coil DC24<\/td>\n<td>\u00a0Ti\u1ebfp \u0111i\u1ec3m DPDT-5A, c\u00f3 \u0111\u00e8n, Coil\u00a024DC<\/td>\n<\/tr>\n<tr>\n<td height=\"17\">\u00a0<a href=\"https:\/\/banbientan.com\/g2r-2-snd-dc24\/\">G2R-2-SND DC24<\/a><\/td>\n<td>\u00a0<a href=\"https:\/\/banbientan.com\/p2rf-05-e\/\">P2RF-05-E<\/a><\/td>\n<td><a href=\"https:\/\/banbientan.com\/p2rf-08-e\">\u00a0P2RF-08-E<\/a><\/td>\n<\/tr>\n<tr>\n<td height=\"17\">\u00a0<a href=\"https:\/\/banbientan.com\/wp-content\/uploads\/2012\/09\/G2R-2-SND-DC24.jpg\"><img loading=\"lazy\" decoding=\"async\" title=\"G2R-2-SND DC24\" src=\"https:\/\/banbientan.com\/wp-content\/uploads\/2012\/09\/G2R-2-SND-DC24-300x300.jpg\" alt=\"\" width=\"240\" height=\"240\" \/><\/a><\/td>\n<td>\u00a0<a href=\"https:\/\/banbientan.com\/wp-content\/uploads\/2012\/09\/P2RF-05-E.jpg\"><img loading=\"lazy\" decoding=\"async\" title=\"P2RF-05-E\" src=\"https:\/\/banbientan.com\/wp-content\/uploads\/2012\/09\/P2RF-05-E-300x267.jpg\" alt=\"\" width=\"210\" height=\"187\" \/><\/a><\/td>\n<td>\u00a0<a href=\"https:\/\/banbientan.com\/wp-content\/uploads\/2012\/09\/P2RF-08-E.jpg\"><img loading=\"lazy\" decoding=\"async\" title=\"P2RF-08-E\" src=\"https:\/\/banbientan.com\/wp-content\/uploads\/2012\/09\/P2RF-08-E-300x253.jpg\" alt=\"\" width=\"240\" height=\"202\" \/><\/a><\/td>\n<\/tr>\n<tr>\n<td height=\"17\">\u00a0Ti\u1ebfp \u0111i\u1ec3m\u00a0DPDT-5A. C\u00f3 \u0111\u00e8n, diode, Coil 24DC<\/td>\n<td>\u00a0\u0110\u1ebf c\u1eafm 5 ch\u00e2n 10A cho G2R-1<\/td>\n<td>\u00a0\u0110\u1ebf c\u1eafm 8 ch\u00e2n cho G2R-2<\/td>\n<\/tr>\n<\/tbody>\n<\/table>\n","protected":false},"excerpt":{"rendered":"<p>\u00a0G2R-1-S DC24\u00a0 \u00a0G2R-1-SN AC200\/(220) \u00a0G2R-1-SN AC24(S) \u00a0 \u00a0 \u00a0 \u00a0Ti\u1ebfp \u0111i\u1ec3m SPDT-10A, kh\u00f4ng \u0111\u00e8n, coil 24VDC Ti\u1ebfp \u0111i\u1ec3m SPDT-10A, c\u00f3 \u0111\u00e8n, Coil 220AC \u00a0Ti\u1ebfp \u0111i\u1ec3m SPDT-10A, c\u00f3 \u0111\u00e8n, coil 24AC \u00a0G2R-1-SN DC24 \u00a0G2R-2-S DC24 \u00a0G2R-2-SN DC24 \u00a0 \u00a0 \u00a0 \u00a0Ti\u1ebfp \u0111i\u1ec3m SPDT-10A, c\u00f3 \u0111\u00e8n, Coil DC24 \u00a0Ti\u1ebfp \u0111i\u1ec3m DPDT-5A, kh\u00f4ng \u0111\u00e8n, Coil DC24 \u00a0Ti\u1ebfp \u0111i\u1ec3m [&hellip;]<\/p>\n","protected":false},"author":2,"featured_media":0,"parent":8777,"menu_order":0,"comment_status":"open","ping_status":"closed","template":"","meta":{"footnotes":""},"class_list":["post-8780","page","type-page","status-publish","hentry"],"_links":{"self":[{"href":"https:\/\/hunglong.banbientan.com\/index.php?rest_route=\/wp\/v2\/pages\/8780","targetHints":{"allow":["GET"]}}],"collection":[{"href":"https:\/\/hunglong.banbientan.com\/index.php?rest_route=\/wp\/v2\/pages"}],"about":[{"href":"https:\/\/hunglong.banbientan.com\/index.php?rest_route=\/wp\/v2\/types\/page"}],"author":[{"embeddable":true,"href":"https:\/\/hunglong.banbientan.com\/index.php?rest_route=\/wp\/v2\/users\/2"}],"replies":[{"embeddable":true,"href":"https:\/\/hunglong.banbientan.com\/index.php?rest_route=%2Fwp%2Fv2%2Fcomments&post=8780"}],"version-history":[{"count":0,"href":"https:\/\/hunglong.banbientan.com\/index.php?rest_route=\/wp\/v2\/pages\/8780\/revisions"}],"up":[{"embeddable":true,"href":"https:\/\/hunglong.banbientan.com\/index.php?rest_route=\/wp\/v2\/pages\/8777"}],"wp:attachment":[{"href":"https:\/\/hunglong.banbientan.com\/index.php?rest_route=%2Fwp%2Fv2%2Fmedia&parent=8780"}],"curies":[{"name":"wp","href":"https:\/\/api.w.org\/{rel}","templated":true}]}}